{"id":369,"date":"2025-07-17T11:22:51","date_gmt":"2025-07-17T09:22:51","guid":{"rendered":"https:\/\/semmelweis.hu\/kfipalyazat\/?page_id=369"},"modified":"2025-08-14T10:07:57","modified_gmt":"2025-08-14T08:07:57","slug":"2019-1-2-1-egyetemi-oko-2019-00013","status":"publish","type":"page","link":"https:\/\/semmelweis.hu\/kfipalyazat\/palyazatok\/hazai-palyazatok\/nkfih\/egyetemi-innovacios-okoszisztema-palyazat\/2019-1-2-1-egyetemi-oko-2019-00013\/","title":{"rendered":"2019-1.2.1-EGYETEMI-\u00d6KO-2019-00013"},"content":{"rendered":"<p style=\"text-align: justify\"><strong>Projekt azonos\u00edt\u00f3sz\u00e1ma:\u00a02019-1.2.1-EGYETEMI-\u00d6KO-2019-00013<\/strong><\/p>\n<p style=\"text-align: justify\"><strong>Projekt c\u00edme: <\/strong>\u00daton a nemzetk\u00f6zi elitbe \u2013 Szintl\u00e9p\u00e9s a Semmelweis Egyetem innov\u00e1ci\u00f3s \u00f6kosziszt\u00e9ma rendszer\u00e9ben<\/p>\n<p style=\"text-align: justify\">\u00a0<\/p>\n<p style=\"text-align: justify\"><strong>Kedvezm\u00e9nyezett:<\/strong>\u00a0Semmelweis Egyetem<\/p>\n<p style=\"text-align: justify\"><strong>Meg\u00edt\u00e9lt t\u00e1mogat\u00e1si \u00f6sszeg \u2013 els\u0151 szakasz:<\/strong>\u00a0112 501 530 Ft<\/p>\n<p style=\"text-align: justify\"><strong>Meg\u00edt\u00e9lt t\u00e1mogat\u00e1si \u00f6sszeg \u2013 m\u00e1sodik szakasz:<\/strong>\u00a0120 000 000 Ft<\/p>\n<p style=\"text-align: justify\"><strong>T\u00e1mogat\u00e1s intenzit\u00e1sa:<\/strong>\u00a0100%<\/p>\n<p style=\"text-align: justify\">\u00a0<\/p>\n<p style=\"text-align: justify\"><strong>Megval\u00f3s\u00edt\u00e1s id\u0151tartama:<\/strong> 2020.02.01.- 2023.12.31.<\/p>\n<p style=\"text-align: justify\">\u00a0<\/p>\n<p style=\"text-align: justify\"><strong>A projektr\u0151l:<\/strong><\/p>\n<p style=\"text-align: justify\">Az innov\u00e1ci\u00f3s \u00f6kosziszt\u00e9ma fontos eleme lesz a budapesti Egy\u00e9szs\u00e9gipari-Biotechnol\u00f3giai Science Park koncepci\u00f3 megval\u00f3s\u00edt\u00e1sa, hiszen ez k\u00e9pezheti a korm\u00e1nyzati KFI Strat\u00e9gi\u00e1ban megfogalmazott elveknek egy m\u0171k\u00f6d\u0151k\u00e9pes innov\u00e1ci\u00f3s \u00f6kosziszt\u00e9ma modellj\u00e9t.\u00a0A megteremteni k\u00edv\u00e1nt innov\u00e1ci\u00f3s \u00f6kosziszt\u00e9ma tud\u00e1s- \u00e9s innov\u00e1ci\u00f3menedzsmenttel, elemz\u00e9si, oktat\u00e1si \u00e9s innovat\u00edv szakmai programokkal eg\u00e9sz\u00edti ki a m\u00e1r megl\u00e9v\u0151 rendszert. Jelen p\u00e1ly\u00e1zat val\u00f3j\u00e1ban egy kiv\u00e1l\u00f3 lehet\u0151s\u00e9get teremt arra, hogy kialak\u00edtsuk azt az ide\u00e1lis munkat\u00e1rsi \u00e1llom\u00e1nyt, amely rendelkezik azzal a menedzsmentkompetenci\u00e1val, ami majd k\u00e9pes lesz a Science Park Innov\u00e1ci\u00f3s K\u00f6zpontj\u00e1t \u00e9s Inkub\u00e1torh\u00e1z\u00e1t vezetni \u00e9s m\u0171k\u00f6dtetni, valamint kidolgozzuk az ehhez sz\u00fcks\u00e9ges szab\u00e1lyoz\u00f3 eszk\u00f6z\u00f6kkel \u00e9s alapinfrastrukt\u00far\u00e1t.<\/p>\n<p style=\"text-align: justify\">Az \u00d6kosziszt\u00e9ma p\u00e1ly\u00e1zat kiv\u00e9teles lehet\u0151s\u00e9get jelent a Semmelweis Egyetem sz\u00e1m\u00e1ra, hogy megteremthesse mind a piaci tev\u00e9kenys\u00e9get megalapoz\u00f3 k\u00f6zponti szolg\u00e1ltat\u00f3 egys\u00e9gek, mind a KFI ter\u00fclethez sz\u00fcks\u00e9ges szakmai menedzsmentfolyamatok hat\u00e9kony rendszer\u00e9t, a jelenlegi munkat\u00e1rsak k\u00e9pz\u00e9s\u00e9t, \u00e9s a rendszer m\u0171k\u00f6dtet\u00e9s\u00e9hez sz\u00fcks\u00e9ges professzion\u00e1lis munkat\u00e1rsak felv\u00e9tel\u00e9t. \u00cdgy adott lesz a lehet\u0151s\u00e9g a versenyk\u00e9pes m\u0171k\u00f6dtet\u00e9shez sz\u00fcks\u00e9ges eszk\u00f6zrendszerek kidolgoz\u00e1s\u00e1ra \u00e9s alkalmaz\u00e1s\u00e1ra is.<\/p>\n<p style=\"text-align: justify\"><strong>F\u0151 c\u00e9lkit\u0171z\u00e9sek:<\/strong><\/p>\n<ul style=\"text-align: justify\">\n<li>A technol\u00f3gia- \u00e9s tud\u00e1s\u00e1raml\u00e1st el\u0151seg\u00edt\u0151 szervezetrendszer biztos\u00edt\u00e1sa.<\/li>\n<li>Versenyk\u00e9pes hazai \u00e9s nemzetk\u00f6zi innov\u00e1ci\u00f3s tud\u00e1sk\u00f6zponti poz\u00edci\u00f3 megtart\u00e1sa, fejleszt\u00e9se.<\/li>\n<li>Innovat\u00edv, motiv\u00e1l\u00f3 egyetemi l\u00e9gk\u00f6r kialak\u00edt\u00e1sa, hiteless\u00e9g, bizalom megteremt\u00e9se, innov\u00e1ci\u00f3s k\u00e9pz\u00e9sek biztos\u00edt\u00e1sa.<\/li>\n<li>Az innovat\u00edv \u00f6tletek gener\u00e1l\u00e1s\u00e1nak, a kutat\u00e1si eredm\u00e9nyek gazdas\u00e1gi hasznosul\u00e1s\u00e1nak el\u0151seg\u00edt\u00e9se, innovat\u00edv \u00e9s v\u00e1llalkoz\u00f3i szeml\u00e9let tudatos\u00edt\u00e1sa.<\/li>\n<li>Strat\u00e9giai partnerkapcsolatokat \u00e9p\u00edt\u00e9se \u00e9s \u00e1pol\u00e1sa hazai \u00e9s nemzetk\u00f6zi nagyv\u00e1llalatokkal, kis v\u00e1llalkoz\u00e1sokkal, valamint akad\u00e9miai \u00e9s egy\u00e9b nem profitorient\u00e1lt szervezetekkel.<\/li>\n<li>Az egyetem KFI hasznos\u00edt\u00f3 szerep\u00e9nek fejleszt\u00e9se.<\/li>\n<li>A nemzetk\u00f6zi KFI projektekben t\u00f6rt\u00e9n\u0151 r\u00e9szv\u00e9tel biztos\u00edt\u00e1s\u00e1hoz sz\u00fcks\u00e9ges tud\u00e1stranszfer szervezet, h\u00e1l\u00f3zat \u00e9s infrastrukt\u00fara biztos\u00edt\u00e1sa.<\/li>\n<\/ul>\n<p style=\"text-align: justify\"><a href=\"https:\/\/semmelweis.hu\/kfipalyazat\/files\/2025\/07\/2019-1.2.1-EGYETEMI-OKO-2019-00013_sajtokozlemeny.pdf\" target=\"_blank\" rel=\"noopener\">Sajt\u00f3k\u00f6zlem\u00e9ny<\/a><\/p>\n<p><img loading=\"lazy\" decoding=\"async\" class=\"alignright\" src=\"https:\/\/semmelweis.hu\/kfipalyazat\/files\/2025\/07\/NKFIA_infoblokk_kerettel_program_fekvo_2019_HU.jpg\" width=\"550\" height=\"233\" \/><\/p>\n","protected":false},"excerpt":{"rendered":"<p>Projekt azonos\u00edt\u00f3sz\u00e1ma:\u00a02019-1.2.1-EGYETEMI-\u00d6KO-2019-00013 Projekt c\u00edme: \u00daton a nemzetk\u00f6zi elitbe \u2013 Szintl\u00e9p\u00e9s a Semmelweis Egyetem innov\u00e1ci\u00f3s \u00f6kosziszt\u00e9ma rendszer\u00e9ben \u00a0 Kedvezm\u00e9nyezett:\u00a0Semmelweis Egyetem Meg\u00edt\u00e9lt t\u00e1mogat\u00e1si \u00f6sszeg \u2013 els\u0151 szakasz:\u00a0112 501 530 Ft Meg\u00edt\u00e9lt t\u00e1mogat\u00e1si \u00f6sszeg \u2013 m\u00e1sodik szakasz:\u00a0120 000 000 Ft T\u00e1mogat\u00e1s intenzit\u00e1sa:\u00a0100% \u00a0 Megval\u00f3s\u00edt\u00e1s id\u0151tartama: 2020.02.01.- 2023.12.31. \u00a0 A projektr\u0151l: Az innov\u00e1ci\u00f3s \u00f6kosziszt\u00e9ma fontos eleme lesz a budapesti &hellip;<\/p>\n","protected":false},"author":102410,"featured_media":0,"parent":366,"menu_order":1,"comment_status":"closed","ping_status":"closed","template":"","meta":{"_acf_changed":false,"footnotes":""},"categories":[],"tags":[],"class_list":["post-369","page","type-page","status-publish","hentry"],"acf":[],"_links":{"self":[{"href":"https:\/\/semmelweis.hu\/kfipalyazat\/wp-json\/wp\/v2\/pages\/369","targetHints":{"allow":["GET"]}}],"collection":[{"href":"https:\/\/semmelweis.hu\/kfipalyazat\/wp-json\/wp\/v2\/pages"}],"about":[{"href":"https:\/\/semmelweis.hu\/kfipalyazat\/wp-json\/wp\/v2\/types\/page"}],"author":[{"embeddable":true,"href":"https:\/\/semmelweis.hu\/kfipalyazat\/wp-json\/wp\/v2\/users\/102410"}],"replies":[{"embeddable":true,"href":"https:\/\/semmelweis.hu\/kfipalyazat\/wp-json\/wp\/v2\/comments?post=369"}],"version-history":[{"count":9,"href":"https:\/\/semmelweis.hu\/kfipalyazat\/wp-json\/wp\/v2\/pages\/369\/revisions"}],"predecessor-version":[{"id":665,"href":"https:\/\/semmelweis.hu\/kfipalyazat\/wp-json\/wp\/v2\/pages\/369\/revisions\/665"}],"up":[{"embeddable":true,"href":"https:\/\/semmelweis.hu\/kfipalyazat\/wp-json\/wp\/v2\/pages\/366"}],"wp:attachment":[{"href":"https:\/\/semmelweis.hu\/kfipalyazat\/wp-json\/wp\/v2\/media?parent=369"}],"wp:term":[{"taxonomy":"category","embeddable":true,"href":"https:\/\/semmelweis.hu\/kfipalyazat\/wp-json\/wp\/v2\/categories?post=369"},{"taxonomy":"post_tag","embeddable":true,"href":"https:\/\/semmelweis.hu\/kfipalyazat\/wp-json\/wp\/v2\/tags?post=369"}],"curies":[{"name":"wp","href":"https:\/\/api.w.org\/{rel}","templated":true}]}}