{"id":351,"date":"2025-07-04T12:22:14","date_gmt":"2025-07-04T10:22:14","guid":{"rendered":"https:\/\/semmelweis.hu\/kfipalyazat\/?page_id=351"},"modified":"2025-08-14T10:04:06","modified_gmt":"2025-08-14T08:04:06","slug":"2020-1-1-2-piaci-kfi-2021-00298","status":"publish","type":"page","link":"https:\/\/semmelweis.hu\/kfipalyazat\/palyazatok\/hazai-palyazatok\/nkfih\/piaci\/2020-1-1-2-piaci-kfi-2021-00298\/","title":{"rendered":"2020-1.1.2-PIACI-KFI-2021-00298"},"content":{"rendered":"<p><strong>Projekt azonos\u00edt\u00f3sz\u00e1ma:<\/strong>\u00a02020-1.1.2-PIACI-KFI-2021-00298<\/p>\n<p style=\"text-align: justify\"><strong>A projekt c\u00edme:<\/strong>\u00a0Digit\u00e1lis mikroszk\u00f3p \u00e9s onkopatol\u00f3giai esetkezel\u0151 rendszer fejleszt\u00e9se a szem\u00e9lyre szabott, prec\u00edzi\u00f3s diagnosztik\u00e1n alapul\u00f3 ter\u00e1pi\u00e1s d\u00f6nt\u00e9s t\u00e1mogat\u00e1shoz<\/p>\n<p style=\"text-align: justify\"><strong>Konzorciumvezet\u0151:\u00a0<\/strong>3DHISTECH\u00a0Fejleszt\u0151 Korl\u00e1tolt Felel\u0151ss\u00e9g\u0171 T\u00e1rsas\u00e1g<\/p>\n<p style=\"text-align: justify\"><strong>Konzorciumi partnerek:<\/strong>\u00a0<\/p>\n<ul style=\"text-align: justify\">\n<li>Semmelweis Egyetem,<\/li>\n<li>E\u00f6tv\u00f6s Lor\u00e1nd Tudom\u00e1nyegyetem<\/li>\n<\/ul>\n<p style=\"text-align: justify\"><strong>Meg\u00edt\u00e9lt t\u00e1mogat\u00e1s:<\/strong>\u00a0693 505\u00a0040 Ft<br \/>\n<strong>\u00d6sszk\u00f6lts\u00e9g:\u00a0<\/strong>1 175 617\u00a0840 Ft<\/p>\n<p style=\"text-align: justify\"><strong>Semmelweis Egyetem t\u00e1mogat\u00e1si \u00f6sszege:<\/strong> 131\u00a0395\u00a0440 Ft<\/p>\n<p style=\"text-align: justify\"><strong>T\u00e1mogat\u00e1s intenzit\u00e1sa:<\/strong>\u00a0100%<\/p>\n<p style=\"text-align: justify\"><strong>Megval\u00f3s\u00edt\u00e1s id\u0151tartama:<\/strong>\u00a02021.06.01-2025.05.31<\/p>\n<p style=\"text-align: justify\">\u00a0<\/p>\n<p style=\"text-align: justify\"><strong>A projekt c\u00e9lja:<\/strong><\/p>\n<p style=\"text-align: justify\"><strong>\u00a0<\/strong>A projekt keret\u00e9ben a Semmelweis Egyetem I. sz. Patol\u00f3giai \u00e9s K\u00eds\u00e9rleti R\u00e1kkutat\u00f3 Int\u00e9zete betegadat-kezel\u0151 \u00e9s diagnosztikai folyamatir\u00e1nyit\u00f3 szakmai protokoll-alap\u00fa keret programot fejleszt, az E\u00f6tv\u00f6s Lor\u00e1nd Tudom\u00e1nyegyetem Term\u00e9szettudom\u00e1ny Kar\u00e1n a tumor diagosztikus \u00e9s ter\u00e1pi\u00e1s c\u00e9lpont klasszifik\u00e1l\u00f3 mesters\u00e9ges intelligencia algoritmust \u00e9s elj\u00e1r\u00e1st alak\u00edtanak ki, m\u00edg a 3DHISTECH Kft. digit\u00e1lis mikroszk\u00f3pot fejleszt onkodiagnosztikai \u00e9s c\u00e9lzott, szem\u00e9lyre szabott ter\u00e1pia meghat\u00e1roz\u00e1s\u00e1ra, valamint nagyfelbont\u00e1s\u00fa, real-time digit\u00e1lis t\u00e1rgylemez-szkennert k\u00e9sz\u00edt.<\/p>\n<p style=\"text-align: justify\">A projekt lehet\u0151v\u00e9 teszi majd digit\u00e1lis mikroszk\u00f3pia, digit\u00e1lis t\u00e1rgylemezek alkalmaz\u00e1s\u00e1val, digit\u00e1lis betegadat-k\u00f6rnyezetben, munkafolyamat-optimaliz\u00e1ci\u00f3 \u00e9s esetk\u00f6vet\u00e9s alapj\u00e1n kvantitat\u00edv, teljest\u00e1rgylemez-k\u00e9pfeldolgoz\u00f3 algoritmusok seg\u00edts\u00e9g\u00e9vel az onkopatol\u00f3giai esetek diagn\u00f3zis\u00e1t, diszkusszi\u00f3j\u00e1t \u00e9s ezek seg\u00edts\u00e9g\u00e9vel a legfrissebb orvosi aj\u00e1nl\u00e1sok alapj\u00e1n a ter\u00e1pi\u00e1r\u00f3l d\u00f6nt\u0151 oncoteam \u00fcl\u00e9sen a szem\u00e9lyre szabott ter\u00e1pia kialak\u00edt\u00e1s\u00e1t.<\/p>\n<p style=\"text-align: justify\"><a href=\"https:\/\/semmelweis.hu\/kfipalyazat\/files\/2025\/07\/2020-1.1.2-PIACI-KFI-2021-00298_sajtokozlemeny.pdf\" target=\"_blank\" rel=\"noopener\">Sajt\u00f3k\u00f6zlem\u00e9ny<\/a><\/p>\n<p><img loading=\"lazy\" decoding=\"async\" class=\"alignright\" src=\"https:\/\/semmelweis.hu\/kfipalyazat\/files\/2025\/07\/NKFIA_infoblokk_kerettel_program_fekvo_2019_HU.jpg\" width=\"549\" height=\"233\" \/><\/p>\n","protected":false},"excerpt":{"rendered":"<p>Projekt azonos\u00edt\u00f3sz\u00e1ma:\u00a02020-1.1.2-PIACI-KFI-2021-00298 A projekt c\u00edme:\u00a0Digit\u00e1lis mikroszk\u00f3p \u00e9s onkopatol\u00f3giai esetkezel\u0151 rendszer fejleszt\u00e9se a szem\u00e9lyre szabott, prec\u00edzi\u00f3s diagnosztik\u00e1n alapul\u00f3 ter\u00e1pi\u00e1s d\u00f6nt\u00e9s t\u00e1mogat\u00e1shoz Konzorciumvezet\u0151:\u00a03DHISTECH\u00a0Fejleszt\u0151 Korl\u00e1tolt Felel\u0151ss\u00e9g\u0171 T\u00e1rsas\u00e1g Konzorciumi partnerek:\u00a0 Semmelweis Egyetem, E\u00f6tv\u00f6s Lor\u00e1nd Tudom\u00e1nyegyetem Meg\u00edt\u00e9lt t\u00e1mogat\u00e1s:\u00a0693 505\u00a0040 Ft \u00d6sszk\u00f6lts\u00e9g:\u00a01 175 617\u00a0840 Ft Semmelweis Egyetem t\u00e1mogat\u00e1si \u00f6sszege: 131\u00a0395\u00a0440 Ft T\u00e1mogat\u00e1s intenzit\u00e1sa:\u00a0100% Megval\u00f3s\u00edt\u00e1s id\u0151tartama:\u00a02021.06.01-2025.05.31 \u00a0 A projekt c\u00e9lja: \u00a0A projekt &hellip;<\/p>\n","protected":false},"author":102410,"featured_media":0,"parent":346,"menu_order":2,"comment_status":"closed","ping_status":"closed","template":"","meta":{"_acf_changed":false,"footnotes":""},"categories":[],"tags":[],"class_list":["post-351","page","type-page","status-publish","hentry"],"acf":[],"_links":{"self":[{"href":"https:\/\/semmelweis.hu\/kfipalyazat\/wp-json\/wp\/v2\/pages\/351","targetHints":{"allow":["GET"]}}],"collection":[{"href":"https:\/\/semmelweis.hu\/kfipalyazat\/wp-json\/wp\/v2\/pages"}],"about":[{"href":"https:\/\/semmelweis.hu\/kfipalyazat\/wp-json\/wp\/v2\/types\/page"}],"author":[{"embeddable":true,"href":"https:\/\/semmelweis.hu\/kfipalyazat\/wp-json\/wp\/v2\/users\/102410"}],"replies":[{"embeddable":true,"href":"https:\/\/semmelweis.hu\/kfipalyazat\/wp-json\/wp\/v2\/comments?post=351"}],"version-history":[{"count":5,"href":"https:\/\/semmelweis.hu\/kfipalyazat\/wp-json\/wp\/v2\/pages\/351\/revisions"}],"predecessor-version":[{"id":659,"href":"https:\/\/semmelweis.hu\/kfipalyazat\/wp-json\/wp\/v2\/pages\/351\/revisions\/659"}],"up":[{"embeddable":true,"href":"https:\/\/semmelweis.hu\/kfipalyazat\/wp-json\/wp\/v2\/pages\/346"}],"wp:attachment":[{"href":"https:\/\/semmelweis.hu\/kfipalyazat\/wp-json\/wp\/v2\/media?parent=351"}],"wp:term":[{"taxonomy":"category","embeddable":true,"href":"https:\/\/semmelweis.hu\/kfipalyazat\/wp-json\/wp\/v2\/categories?post=351"},{"taxonomy":"post_tag","embeddable":true,"href":"https:\/\/semmelweis.hu\/kfipalyazat\/wp-json\/wp\/v2\/tags?post=351"}],"curies":[{"name":"wp","href":"https:\/\/api.w.org\/{rel}","templated":true}]}}