{"id":288,"date":"2025-07-03T14:15:08","date_gmt":"2025-07-03T12:15:08","guid":{"rendered":"https:\/\/semmelweis.hu\/kfipalyazat\/?page_id=288"},"modified":"2025-08-14T10:14:01","modified_gmt":"2025-08-14T08:14:01","slug":"nemzeti-kardiovaszkularis-laboratorium-nkl","status":"publish","type":"page","link":"https:\/\/semmelweis.hu\/kfipalyazat\/palyazatok\/tarsfinanszirozott-palyazatok\/rrf\/nemzeti-laboratoriumok\/nemzeti-kardiovaszkularis-laboratorium-nkl\/","title":{"rendered":"Nemzeti Kardiovaszkul\u00e1ris Laborat\u00f3rium (NKL)"},"content":{"rendered":"<p style=\"text-align: justify\"><strong>Nemzeti Kardiovaszkul\u00e1ris Laborat\u00f3rium (NKL)<\/strong><\/p>\n<p style=\"text-align: justify\"><strong>Projekt k\u00f3dsz\u00e1ma:<\/strong>\u00a0RRF-2.3.1-21- 2022-00003\u00a0<\/p>\n<p style=\"text-align: justify\"><strong>Projekt c\u00e9lja r\u00f6viden:<\/strong> \u00daj prevenci\u00f3s, diagnosztikai, ter\u00e1pi\u00e1s elj\u00e1r\u00e1sok fejleszt\u00e9se<\/p>\n<p style=\"text-align: justify\"><strong>Konzorciumvezet\u0151:<\/strong>\u00a0Semmelweis Egyetem<\/p>\n<p style=\"text-align: justify\"><strong>Konzorciumi tagok:<\/strong><\/p>\n<ul style=\"text-align: justify\">\n<li>InterSynk Solutions Korl\u00e1tolt Felel\u0151ss\u00e9g\u0171 T\u00e1rsas\u00e1g<\/li>\n<li>3DHISTECH Fejleszt\u0151 Korl\u00e1tolt Felel\u0151ss\u00e9g\u0171 T\u00e1rsas\u00e1g<\/li>\n<li>PHARMAHUNGARY 2000 K\u00eds\u00e9rletes \u00e9s Klinikai Kutat\u00e1sfejleszt\u00e9si Korl\u00e1tolt Felel\u0151ss\u00e9g\u0171 T\u00e1rsas\u00e1g<\/li>\n<li>Szegedi Tudom\u00e1nyegyetem<\/li>\n<\/ul>\n<p style=\"text-align: justify\">\u00a0<\/p>\n<p style=\"text-align: justify\"><strong>Projekt megval\u00f3s\u00edt\u00e1s\u00e1nak kezdete:<\/strong>\u00a02022.03.01.<\/p>\n<p style=\"text-align: justify\"><strong>Projekt fizikai befejez\u00e9s\u00e9nek hat\u00e1rideje:<\/strong>\u00a02026.02.28.<\/p>\n<p style=\"text-align: justify\">\u00a0<\/p>\n<p style=\"text-align: justify\"><strong>T\u00e1mogat\u00e1s \u00f6sszege:<\/strong>\u00a05.449.999.999 Ft<\/p>\n<p style=\"text-align: justify\"><strong>T\u00e1mogat\u00e1s intenzit\u00e1sa:<\/strong> 96,12 %41<\/p>\n<table style=\"width: 0%;height: 634px\">\n<tbody>\n<tr style=\"height: 112px\">\n<td style=\"width: 186.625px;height: 112px\">\n<p style=\"text-align: center\">Konzorciumi tag neve<\/p>\n<\/td>\n<td style=\"width: 117.889px;text-align: center;height: 112px\">\n<p>Meg\u00edt\u00e9lt t\u00e1mogat\u00e1s (Ft)<\/p>\n<\/td>\n<td style=\"width: 102.889px;text-align: center;height: 112px\">\n<p>\u00d6ner\u0151 (Ft)<\/p>\n<\/td>\n<td style=\"width: 117.889px;text-align: center;height: 112px\">\n<p>\u00d6sszesen (Ft)<\/p>\n<\/td>\n<\/tr>\n<tr style=\"height: 82px\">\n<td style=\"width: 186.625px;height: 82px\">\n<p>Semmelweis Egyetem<\/p>\n<\/td>\n<td style=\"width: 117.889px;text-align: center;height: 82px\">\n<p>4\u00a0950\u00a0000\u00a0000 Ft<\/p>\n<\/td>\n<td style=\"width: 102.889px;text-align: center;height: 82px\">\n<p>0 Ft<\/p>\n<\/td>\n<td style=\"width: 117.889px;text-align: center;height: 82px\">\n<p>4\u00a0950\u00a0000\u00a0000 Ft<\/p>\n<\/td>\n<\/tr>\n<tr style=\"height: 82px\">\n<td style=\"width: 186.625px;height: 82px\">\n<p>InterSynk Solutions Korl\u00e1tolt Felel\u0151ss\u00e9g\u0171 T\u00e1rsas\u00e1g<\/p>\n<\/td>\n<td style=\"width: 117.889px;text-align: center;height: 82px\">\n<p>\u00a0\u00a0 150\u00a0000\u00a0000 Ft<\/p>\n<\/td>\n<td style=\"width: 102.889px;text-align: center;height: 82px\">\n<p>\u00a037\u00a0500\u00a0000 Ft<\/p>\n<\/td>\n<td style=\"width: 117.889px;text-align: center;height: 82px\">\n<p>\u00a0\u00a0 187\u00a0500\u00a0000 Ft<\/p>\n<\/td>\n<\/tr>\n<tr style=\"height: 142px\">\n<td style=\"width: 186.625px;height: 142px\">\n<p>PHARMAHUNGARY 2000 K\u00eds\u00e9rletes \u00e9s Klinikai Kutat\u00e1sfejleszt\u00e9si Kft.<\/p>\n<\/td>\n<td style=\"width: 117.889px;text-align: center;height: 142px\">\n<p>\u00a0\u00a0 149\u00a0999\u00a0999 Ft<\/p>\n<\/td>\n<td style=\"width: 102.889px;text-align: center;height: 142px\">\n<p>\u00a032\u00a0676\u00a0721 Ft<\/p>\n<\/td>\n<td style=\"width: 117.889px;text-align: center;height: 142px\">\n<p>\u00a0\u00a0 182\u00a0676\u00a0720 Ft<\/p>\n<\/td>\n<\/tr>\n<tr style=\"height: 82px\">\n<td style=\"width: 186.625px;height: 82px\">\n<p>Szegedi Tudom\u00e1nyegyetem<\/p>\n<\/td>\n<td style=\"width: 117.889px;text-align: center;height: 82px\">\n<p>\u00a0\u00a0\u00a0\u00a0 50\u00a0000\u00a0000 Ft<\/p>\n<\/td>\n<td style=\"width: 102.889px;text-align: center;height: 82px\">\n<p>0 Ft<\/p>\n<\/td>\n<td style=\"width: 117.889px;text-align: center;height: 82px\">\n<p>50\u00a0000\u00a0000 Ft<\/p>\n<\/td>\n<\/tr>\n<tr style=\"height: 100px\">\n<td style=\"width: 186.625px;height: 100px\">\n<p>3DHISTECH Fejleszt\u0151 Kft.<\/p>\n<\/td>\n<td style=\"width: 117.889px;text-align: center;height: 100px\">\n<p>150\u00a0000\u00a0000 Ft<\/p>\n<\/td>\n<td style=\"width: 102.889px;text-align: center;height: 100px\">\n<p>150\u00a0000\u00a0000 Ft<\/p>\n<\/td>\n<td style=\"width: 117.889px;text-align: center;height: 100px\">\n<p>300\u00a0000\u00a0000 Ft<\/p>\n<\/td>\n<\/tr>\n<\/tbody>\n<\/table>\n<p style=\"text-align: justify\"><strong>Projektr\u0151l:<br \/>\n<\/strong>A Nemzeti Sz\u00edvprogram (<a href=\"https:\/\/semmelweis.hu\/kfipalyazat\/palyazatok\/hazai-palyazatok\/fenntartas\/nemzeti-szivprogram\/\" target=\"_blank\" rel=\"noopener\">https:\/\/semmelweis.hu\/kfipalyazat\/palyazatok\/hazai-palyazatok\/fenntartas\/nemzeti-szivprogram\/<\/a>\u00a0 k\u00f6zvetlen folytat\u00e1sak\u00e9nt megval\u00f3sul\u00f3 <em>Nemzeti Kardiovaszkul\u00e1ris Laborat\u00f3rium<\/em>\u00a0projekt 3 kutat\u00e1si pill\u00e9rre \u00e9p\u00fcl, melyek mindegyike ahhoz j\u00e1rul hozz\u00e1, hogy haz\u00e1nk lakoss\u00e1ga a sz\u00edv \u00e9s \u00e9rrendszeri megbeteged\u00e9sek sz\u00e1m\u00e1nak cs\u00f6kkent\u00e9s\u00e9n kereszt\u00fcl hosszabb, id\u0151s korban is eg\u00e9szs\u00e9ges \u2013min\u0151s\u00e9gi-\u00a0 \u00e9letet \u00e9lhessen. A projekt v\u00e1rhat\u00f3 eredm\u00e9nyek\u00e9nt \u00faj kardiovaszkul\u00e1ris eg\u00e9szs\u00e9gfejleszt\u00e9si- \u00e9s betegs\u00e9gmegel\u0151z\u00e9si programok ker\u00fcljenek majd kidolgoz\u00e1sra.<\/p>\n<p style=\"text-align: justify\">Az NKL Projekt saj\u00e1t weboldal\u00e1nak el\u00e9rhet\u0151s\u00e9ge: <a href=\"https:\/\/semmelweis.hu\/nkl\/\" target=\"_blank\" rel=\"noopener\">www.semmelweis.hu\/nkl\/<\/a><\/p>\n<p><img loading=\"lazy\" decoding=\"async\" class=\"alignright\" src=\"https:\/\/semmelweis.hu\/kfipalyazat\/files\/2025\/07\/cropped-rrf_infoblokk.jpg\" width=\"551\" height=\"167\" \/><\/p>\n","protected":false},"excerpt":{"rendered":"<p>Nemzeti Kardiovaszkul\u00e1ris Laborat\u00f3rium (NKL) Projekt k\u00f3dsz\u00e1ma:\u00a0RRF-2.3.1-21- 2022-00003\u00a0 Projekt c\u00e9lja r\u00f6viden: \u00daj prevenci\u00f3s, diagnosztikai, ter\u00e1pi\u00e1s elj\u00e1r\u00e1sok fejleszt\u00e9se Konzorciumvezet\u0151:\u00a0Semmelweis Egyetem Konzorciumi tagok: InterSynk Solutions Korl\u00e1tolt Felel\u0151ss\u00e9g\u0171 T\u00e1rsas\u00e1g 3DHISTECH Fejleszt\u0151 Korl\u00e1tolt Felel\u0151ss\u00e9g\u0171 T\u00e1rsas\u00e1g PHARMAHUNGARY 2000 K\u00eds\u00e9rletes \u00e9s Klinikai Kutat\u00e1sfejleszt\u00e9si Korl\u00e1tolt Felel\u0151ss\u00e9g\u0171 T\u00e1rsas\u00e1g Szegedi Tudom\u00e1nyegyetem \u00a0 Projekt megval\u00f3s\u00edt\u00e1s\u00e1nak kezdete:\u00a02022.03.01. Projekt fizikai befejez\u00e9s\u00e9nek hat\u00e1rideje:\u00a02026.02.28. \u00a0 T\u00e1mogat\u00e1s \u00f6sszege:\u00a05.449.999.999 Ft T\u00e1mogat\u00e1s intenzit\u00e1sa: &hellip;<\/p>\n","protected":false},"author":102410,"featured_media":0,"parent":426,"menu_order":1,"comment_status":"closed","ping_status":"closed","template":"","meta":{"_acf_changed":false,"footnotes":""},"categories":[],"tags":[],"class_list":["post-288","page","type-page","status-publish","hentry"],"acf":[],"_links":{"self":[{"href":"https:\/\/semmelweis.hu\/kfipalyazat\/wp-json\/wp\/v2\/pages\/288","targetHints":{"allow":["GET"]}}],"collection":[{"href":"https:\/\/semmelweis.hu\/kfipalyazat\/wp-json\/wp\/v2\/pages"}],"about":[{"href":"https:\/\/semmelweis.hu\/kfipalyazat\/wp-json\/wp\/v2\/types\/page"}],"author":[{"embeddable":true,"href":"https:\/\/semmelweis.hu\/kfipalyazat\/wp-json\/wp\/v2\/users\/102410"}],"replies":[{"embeddable":true,"href":"https:\/\/semmelweis.hu\/kfipalyazat\/wp-json\/wp\/v2\/comments?post=288"}],"version-history":[{"count":10,"href":"https:\/\/semmelweis.hu\/kfipalyazat\/wp-json\/wp\/v2\/pages\/288\/revisions"}],"predecessor-version":[{"id":671,"href":"https:\/\/semmelweis.hu\/kfipalyazat\/wp-json\/wp\/v2\/pages\/288\/revisions\/671"}],"up":[{"embeddable":true,"href":"https:\/\/semmelweis.hu\/kfipalyazat\/wp-json\/wp\/v2\/pages\/426"}],"wp:attachment":[{"href":"https:\/\/semmelweis.hu\/kfipalyazat\/wp-json\/wp\/v2\/media?parent=288"}],"wp:term":[{"taxonomy":"category","embeddable":true,"href":"https:\/\/semmelweis.hu\/kfipalyazat\/wp-json\/wp\/v2\/categories?post=288"},{"taxonomy":"post_tag","embeddable":true,"href":"https:\/\/semmelweis.hu\/kfipalyazat\/wp-json\/wp\/v2\/tags?post=288"}],"curies":[{"name":"wp","href":"https:\/\/api.w.org\/{rel}","templated":true}]}}