{"id":273,"date":"2025-07-03T14:05:45","date_gmt":"2025-07-03T12:05:45","guid":{"rendered":"https:\/\/semmelweis.hu\/kfipalyazat\/?page_id=273"},"modified":"2025-08-14T09:56:05","modified_gmt":"2025-08-14T07:56:05","slug":"2024-1-2-3-hu-rizont-2024-00056","status":"publish","type":"page","link":"https:\/\/semmelweis.hu\/kfipalyazat\/palyazatok\/hazai-palyazatok\/nkfih\/hu-rizont\/2024-1-2-3-hu-rizont-2024-00056\/","title":{"rendered":"2024-1.2.3-HU-RIZONT-2024-00056"},"content":{"rendered":"<p style=\"text-align: justify\"><strong>Projekt azonos\u00edt\u00f3 sz\u00e1ma:<\/strong>\u00a02024-1.2.3-HU-RIZONT-2024-00056<\/p>\n<p style=\"text-align: justify\"><strong>Projekt c\u00edme:<\/strong>\u00a0STAGE \u2013 A Sigma-1 receptort c\u00e9lz\u00f3, \u00faj hat\u00e1smechanizmus\u00fa glauk\u00f3ma ellenes szemcsepp hazai fejleszt\u00e9se \u00e9s protot\u00edpus l\u00e9trehoz\u00e1sa<\/p>\n<p style=\"text-align: justify\"><strong>Projekt megval\u00f3s\u00edt\u00e1s\u00e1nak kezdete:<\/strong>\u00a02024.11.01.<\/p>\n<p style=\"text-align: justify\"><strong>Projekt fizikai befejez\u00e9s\u00e9nek hat\u00e1rideje:<\/strong>\u00a02027.10.31<\/p>\n<p style=\"text-align: justify\"><strong>T\u00e1mogat\u00e1s \u00f6sszege:<\/strong>\u00a0397.919.421 Ft<\/p>\n<p style=\"text-align: justify\"><strong>T\u00e1mogat\u00e1s intenzit\u00e1sa:<\/strong>\u00a0100%<\/p>\n<p style=\"text-align: justify\">\u00a0<\/p>\n<p style=\"text-align: justify\"><strong>Projektr\u0151l:\u00a0<\/strong><\/p>\n<p style=\"text-align: justify\">A glauk\u00f3ma a vaks\u00e1g m\u00e1sodik leggyakoribb oka, k\u00f6zel 80 milli\u00f3 embert \u00e9rint vil\u00e1gszerte, melyet a szem el\u00fcls\u0151 szegmens\u00e9nek (trabekul\u00e1ris sejtek TM) fibr\u00f3zisa k\u00f6vetkezt\u00e9ben megemelkedett szemnyom\u00e1s (IOP) \u00e9s a l\u00e1t\u00f3dideg neuronjainak pusztul\u00e1sa jellemez. A betegek \u00e9lethosszig tart\u00f3 kezel\u00e9st ig\u00e9nyelnek, de sajnos a sokszor kombin\u00e1ci\u00f3ban alkalmazott gy\u00f3gyszerek ellen\u00e9re is a l\u00e1t\u00e1sroml\u00e1s sokszor meg\u00e1ll\u00edthatatlan, ez\u00e9rt mindenk\u00e9ppen \u00faj ter\u00e1pi\u00e1s c\u00e9lpontokra \u00e9s kezel\u00e9si lehet\u0151s\u00e9gekre van sz\u00fcks\u00e9g. A k\u00f6zelm\u00faltban egy \u00faj molekula, a Sigma-1 receptor (S1R) v\u00e9d\u0151 hat\u00e1s\u00e1t \u00edrtuk le \u00e9s vil\u00e1gszerte szabadalmi v\u00e9detts\u00e9get kaptunk a S1R agonista fluvoxamin (FLU) antifibrotikus hat\u00e1s\u00e1ra vese \u00e9s t\u00fcd\u0151 fibr\u00f3zisan, Egy f\u00e1zis II klinikai vizsg\u00e1latban igazoltuk, hogy a fluvoxamin kezel\u00e9s a COVID-19 okozta t\u00fcd\u0151k\u00e1rosod\u00e1s ellen is v\u00e9d.<br \/>\nA S1R jelent\u0151s\u00e9g\u00e9t a retina egyes neurodegenerat\u00edv k\u00f3rk\u00e9peiben m\u00e1r kimutatt\u00e1k, de az IOP szab\u00e1lyoz\u00e1s\u00e1ban, illetve a TM m\u0171k\u00f6d\u00e9s\u00e9ben bet\u00f6l\u00f6tt szerepe ismeretlen. A k\u00f6zelm\u00faltban le\u00edrtuk hogy a S1R aktiv\u00e1l\u00e1sa v\u00e9d\u0151 hat\u00e1s\u00fa a TM fibrotikus \u00e1talakul\u00e1sval szemben, illetve, hogy FLU-tartalm\u00fa szemcsepp adagol\u00e1sa cs\u00f6kkenti a szemnyom\u00e1s n\u00f6vekeds\u00e9s\u00e9t eg\u00e9r glauk\u00f3ma modellben.<br \/>\nJelen p\u00e1ly\u00e1zat c\u00e9lja az \u00e1ltalunk kor\u00e1bban kidolgozott FLU tartalm\u00fa szemcsepp tov\u00e1bbi fejleszt\u00e9se, preklinikai valid\u00e1ci\u00f3ja, az \u00f6sszet\u00e9tel szabadalmaztat\u00e1sa \u00e9s egy protot\u00edpus elk\u00e9sz\u00edt\u00e9se. A vizsg\u00e1latok nemzetk\u00f6zi kollabor\u00e1ci\u00f3 keret\u00e9ben val\u00f3sulnak meg, a farmakokinetikai m\u00e9r\u00e9seket \u00e9s tolerabilit\u00e1si vizsg\u00e1latokat az USA-ban, az okul\u00e1ris szezitivit\u00e1s m\u00e9r\u00e9s\u00e9t Spanyolorsz\u00e1gban v\u00e9gzik, magyar r\u00e9szr\u0151l a szemcsepp formul\u00e1l\u00e1sa,a hat\u00e9konys\u00e1gi \u00e9s no-inferiority \u00e1llatk\u00eds\u00e9rletek ker\u00fclnek v\u00e9grehajt\u00e1sra. A p\u00e1ly\u00e1zat v\u00e9geredm\u00e9nyek\u00e9nt elk\u00e9sz\u00edtj\u00fck a FLU-tartalm\u00fa szemcsepp protot\u00edpus\u00e1t \u00e9s Preklinikai bross\u00far\u00e1j\u00e1t, melyekkel megkezd\u0151dhet a hat\u00f3s\u00e1gi enged\u00e9lyeztet\u00e9s a klinikai vizsg\u00e1latokhoz. B\u00edzunk benne, hogy az \u00e1ltalunk fejlesztett \u00faj k\u00e9sz\u00edtm\u00e9ny jelent\u0151sen jav\u00edtja a glauk\u00f3m\u00e1s betegek kezel\u00e9s\u00e9t \u00e9s \u00e9letmin\u0151s\u00e9g\u00e9t vil\u00e1gszerte.<\/p>\n<p><img loading=\"lazy\" decoding=\"async\" class=\"alignright\" src=\"https:\/\/semmelweis.hu\/kfipalyazat\/files\/2025\/07\/NKFIA_infoblokk_kerettel_program_fekvo_2019_HU.jpg\" width=\"550\" height=\"233\" \/><\/p>\n","protected":false},"excerpt":{"rendered":"<p>Projekt azonos\u00edt\u00f3 sz\u00e1ma:\u00a02024-1.2.3-HU-RIZONT-2024-00056 Projekt c\u00edme:\u00a0STAGE \u2013 A Sigma-1 receptort c\u00e9lz\u00f3, \u00faj hat\u00e1smechanizmus\u00fa glauk\u00f3ma ellenes szemcsepp hazai fejleszt\u00e9se \u00e9s protot\u00edpus l\u00e9trehoz\u00e1sa Projekt megval\u00f3s\u00edt\u00e1s\u00e1nak kezdete:\u00a02024.11.01. Projekt fizikai befejez\u00e9s\u00e9nek hat\u00e1rideje:\u00a02027.10.31 T\u00e1mogat\u00e1s \u00f6sszege:\u00a0397.919.421 Ft T\u00e1mogat\u00e1s intenzit\u00e1sa:\u00a0100% \u00a0 Projektr\u0151l:\u00a0 A glauk\u00f3ma a vaks\u00e1g m\u00e1sodik leggyakoribb oka, k\u00f6zel 80 milli\u00f3 embert \u00e9rint vil\u00e1gszerte, melyet a szem el\u00fcls\u0151 szegmens\u00e9nek (trabekul\u00e1ris sejtek TM) &hellip;<\/p>\n","protected":false},"author":102410,"featured_media":0,"parent":264,"menu_order":4,"comment_status":"closed","ping_status":"closed","template":"","meta":{"_acf_changed":false,"footnotes":""},"categories":[],"tags":[],"class_list":["post-273","page","type-page","status-publish","hentry"],"acf":[],"_links":{"self":[{"href":"https:\/\/semmelweis.hu\/kfipalyazat\/wp-json\/wp\/v2\/pages\/273","targetHints":{"allow":["GET"]}}],"collection":[{"href":"https:\/\/semmelweis.hu\/kfipalyazat\/wp-json\/wp\/v2\/pages"}],"about":[{"href":"https:\/\/semmelweis.hu\/kfipalyazat\/wp-json\/wp\/v2\/types\/page"}],"author":[{"embeddable":true,"href":"https:\/\/semmelweis.hu\/kfipalyazat\/wp-json\/wp\/v2\/users\/102410"}],"replies":[{"embeddable":true,"href":"https:\/\/semmelweis.hu\/kfipalyazat\/wp-json\/wp\/v2\/comments?post=273"}],"version-history":[{"count":2,"href":"https:\/\/semmelweis.hu\/kfipalyazat\/wp-json\/wp\/v2\/pages\/273\/revisions"}],"predecessor-version":[{"id":642,"href":"https:\/\/semmelweis.hu\/kfipalyazat\/wp-json\/wp\/v2\/pages\/273\/revisions\/642"}],"up":[{"embeddable":true,"href":"https:\/\/semmelweis.hu\/kfipalyazat\/wp-json\/wp\/v2\/pages\/264"}],"wp:attachment":[{"href":"https:\/\/semmelweis.hu\/kfipalyazat\/wp-json\/wp\/v2\/media?parent=273"}],"wp:term":[{"taxonomy":"category","embeddable":true,"href":"https:\/\/semmelweis.hu\/kfipalyazat\/wp-json\/wp\/v2\/categories?post=273"},{"taxonomy":"post_tag","embeddable":true,"href":"https:\/\/semmelweis.hu\/kfipalyazat\/wp-json\/wp\/v2\/tags?post=273"}],"curies":[{"name":"wp","href":"https:\/\/api.w.org\/{rel}","templated":true}]}}