{"id":243,"date":"2025-07-03T13:37:03","date_gmt":"2025-07-03T11:37:03","guid":{"rendered":"https:\/\/semmelweis.hu\/kfipalyazat\/?page_id=243"},"modified":"2025-08-14T09:52:39","modified_gmt":"2025-08-14T07:52:39","slug":"2020-2-1-1-ed-2023-00274","status":"publish","type":"page","link":"https:\/\/semmelweis.hu\/kfipalyazat\/palyazatok\/hazai-palyazatok\/nkfih\/kormanyzati-onero-alap\/2020-2-1-1-ed-2023-00274\/","title":{"rendered":"2020-2.1.1-ED-2023-00274"},"content":{"rendered":"<p style=\"text-align: justify\"><strong>Projekt azonos\u00edt\u00f3 sz\u00e1ma:<\/strong>\u00a02020-2.1.1-ED-2023-00274<\/p>\n<p style=\"text-align: justify\"><strong>Projekt c\u00edme:<\/strong>\u00a0Kib\u0151v\u00edtett elektronikus eg\u00e9szs\u00e9g\u00fcgyi nyilv\u00e1ntart\u00e1s@EU adatt\u00e9r els\u0151dleges haszn\u00e1latra<\/p>\n<p style=\"text-align: justify\"><strong>Projekt megval\u00f3s\u00edt\u00e1s\u00e1nak kezdete:<\/strong>\u00a02023.11.01.<\/p>\n<p style=\"text-align: justify\"><strong>Projekt fizikai befejez\u00e9s\u00e9nek hat\u00e1rideje:<\/strong>\u00a02026.04.30.<\/p>\n<p style=\"text-align: justify\"><strong>T\u00e1mogat\u00e1s \u00f6sszege:<\/strong>\u00a02.354.794 Ft<\/p>\n<p style=\"text-align: justify\"><strong>T\u00e1mogat\u00e1s intenzit\u00e1sa:<\/strong>\u00a0100%<\/p>\n<p style=\"text-align: justify\">\u00a0<\/p>\n<p style=\"text-align: justify\"><strong>Projektr\u0151l:\u00a0<\/strong><\/p>\n<p style=\"text-align: justify\">A kib\u0151v\u00edtett elektronikus eg\u00e9szs\u00e9g\u00fcgyi nyilv\u00e1ntart\u00e1s (Xt-EHR) egy\u00fcttes fell\u00e9p\u00e9s t\u00e1mogatja a Bizotts\u00e1g \u201eA digit\u00e1lis korszakra alkalmas Eur\u00f3pa\u201d c\u00edm\u0171 szakpolitikai priorit\u00e1s\u00e1t az EU4Health program \u201eeg\u00e9szs\u00e9g\u00fcgyi rendszerek meger\u0151s\u00edt\u00e9se\u201d \u00e1ltal\u00e1nos c\u00e9lkit\u0171z\u00e9s\u00e9nek megval\u00f3s\u00edt\u00e1s\u00e1val. A projekt fokozza a tag\u00e1llamok k\u00f6z\u00f6tti egy\u00fcttm\u0171k\u00f6d\u00e9st az eg\u00e9szs\u00e9g\u00fcgyi adatok interoperabilit\u00e1sa \u00e9s cser\u00e9je ter\u00e9n, hozz\u00e1j\u00e1rul az elektronikus eg\u00e9szs\u00e9g\u00fcgyi adatok jobb els\u0151dleges felhaszn\u00e1l\u00e1sa alapjainak el\u0151k\u00e9sz\u00edt\u00e9s\u00e9hez, az eur\u00f3pai eg\u00e9szs\u00e9g\u00fcgyi adatt\u00e9rre (EHDS) vonatkoz\u00f3, hamarosan megjelen\u0151 \u00faj rendelet el\u0151k\u00e9sz\u00edt\u00e9s\u00e9hez, \u00e9s lehet\u0151v\u00e9 teszi az egy\u00e9nek sz\u00e1m\u00e1ra, hogy eg\u00e9szs\u00e9g\u00fcgyi adataik felett rendelkezzenek.<\/p>\n<p><img loading=\"lazy\" decoding=\"async\" class=\"alignright\" src=\"https:\/\/semmelweis.hu\/kfipalyazat\/files\/2025\/07\/NKFIA_infoblokk_kerettel_program_fekvo_2019_HU.jpg\" width=\"550\" height=\"233\" \/><\/p>\n","protected":false},"excerpt":{"rendered":"<p>Projekt azonos\u00edt\u00f3 sz\u00e1ma:\u00a02020-2.1.1-ED-2023-00274 Projekt c\u00edme:\u00a0Kib\u0151v\u00edtett elektronikus eg\u00e9szs\u00e9g\u00fcgyi nyilv\u00e1ntart\u00e1s@EU adatt\u00e9r els\u0151dleges haszn\u00e1latra Projekt megval\u00f3s\u00edt\u00e1s\u00e1nak kezdete:\u00a02023.11.01. Projekt fizikai befejez\u00e9s\u00e9nek hat\u00e1rideje:\u00a02026.04.30. T\u00e1mogat\u00e1s \u00f6sszege:\u00a02.354.794 Ft T\u00e1mogat\u00e1s intenzit\u00e1sa:\u00a0100% \u00a0 Projektr\u0151l:\u00a0 A kib\u0151v\u00edtett elektronikus eg\u00e9szs\u00e9g\u00fcgyi nyilv\u00e1ntart\u00e1s (Xt-EHR) egy\u00fcttes fell\u00e9p\u00e9s t\u00e1mogatja a Bizotts\u00e1g \u201eA digit\u00e1lis korszakra alkalmas Eur\u00f3pa\u201d c\u00edm\u0171 szakpolitikai priorit\u00e1s\u00e1t az EU4Health program \u201eeg\u00e9szs\u00e9g\u00fcgyi rendszerek meger\u0151s\u00edt\u00e9se\u201d \u00e1ltal\u00e1nos c\u00e9lkit\u0171z\u00e9s\u00e9nek megval\u00f3s\u00edt\u00e1s\u00e1val. A projekt &hellip;<\/p>\n","protected":false},"author":102410,"featured_media":0,"parent":229,"menu_order":7,"comment_status":"closed","ping_status":"closed","template":"","meta":{"_acf_changed":false,"footnotes":""},"categories":[],"tags":[],"class_list":["post-243","page","type-page","status-publish","hentry"],"acf":[],"_links":{"self":[{"href":"https:\/\/semmelweis.hu\/kfipalyazat\/wp-json\/wp\/v2\/pages\/243","targetHints":{"allow":["GET"]}}],"collection":[{"href":"https:\/\/semmelweis.hu\/kfipalyazat\/wp-json\/wp\/v2\/pages"}],"about":[{"href":"https:\/\/semmelweis.hu\/kfipalyazat\/wp-json\/wp\/v2\/types\/page"}],"author":[{"embeddable":true,"href":"https:\/\/semmelweis.hu\/kfipalyazat\/wp-json\/wp\/v2\/users\/102410"}],"replies":[{"embeddable":true,"href":"https:\/\/semmelweis.hu\/kfipalyazat\/wp-json\/wp\/v2\/comments?post=243"}],"version-history":[{"count":3,"href":"https:\/\/semmelweis.hu\/kfipalyazat\/wp-json\/wp\/v2\/pages\/243\/revisions"}],"predecessor-version":[{"id":631,"href":"https:\/\/semmelweis.hu\/kfipalyazat\/wp-json\/wp\/v2\/pages\/243\/revisions\/631"}],"up":[{"embeddable":true,"href":"https:\/\/semmelweis.hu\/kfipalyazat\/wp-json\/wp\/v2\/pages\/229"}],"wp:attachment":[{"href":"https:\/\/semmelweis.hu\/kfipalyazat\/wp-json\/wp\/v2\/media?parent=243"}],"wp:term":[{"taxonomy":"category","embeddable":true,"href":"https:\/\/semmelweis.hu\/kfipalyazat\/wp-json\/wp\/v2\/categories?post=243"},{"taxonomy":"post_tag","embeddable":true,"href":"https:\/\/semmelweis.hu\/kfipalyazat\/wp-json\/wp\/v2\/tags?post=243"}],"curies":[{"name":"wp","href":"https:\/\/api.w.org\/{rel}","templated":true}]}}