{"id":238,"date":"2025-07-03T13:34:24","date_gmt":"2025-07-03T11:34:24","guid":{"rendered":"https:\/\/semmelweis.hu\/kfipalyazat\/?page_id=238"},"modified":"2025-08-14T09:52:07","modified_gmt":"2025-08-14T07:52:07","slug":"2020-2-1-1-ed-2023-00244","status":"publish","type":"page","link":"https:\/\/semmelweis.hu\/kfipalyazat\/palyazatok\/hazai-palyazatok\/nkfih\/kormanyzati-onero-alap\/2020-2-1-1-ed-2023-00244\/","title":{"rendered":"2020-2.1.1-ED-2023-00244"},"content":{"rendered":"<p style=\"text-align: justify\"><strong>Projekt azonos\u00edt\u00f3 sz\u00e1ma:<\/strong>\u00a02020-2.1.1-ED-2023-00244<\/p>\n<p style=\"text-align: justify\"><strong>Projekt c\u00edme:<\/strong>\u00a0A rheumatoid arthritis alcsoportjai: a nehezen kezelhet\u0151 betegs\u00e9g szem\u00e9lyre szabott kezel\u00e9s\u00e9nek lehet\u0151s\u00e9gei (STRATA-FIT)<\/p>\n<p style=\"text-align: justify\"><strong>Projekt megval\u00f3s\u00edt\u00e1s\u00e1nak kezdete:<\/strong>\u00a02023.05.01.<\/p>\n<p style=\"text-align: justify\"><strong>Projekt fizikai befejez\u00e9s\u00e9nek hat\u00e1rideje:<\/strong>\u00a02029.04.30.<\/p>\n<p style=\"text-align: justify\"><strong>T\u00e1mogat\u00e1s \u00f6sszege:<\/strong>\u00a0192.774.094 Ft<\/p>\n<p style=\"text-align: justify\"><strong>T\u00e1mogat\u00e1s intenzit\u00e1sa:<\/strong>\u00a0100%<\/p>\n<p style=\"text-align: justify\">\u00a0<\/p>\n<p style=\"text-align: justify\"><strong>Projektr\u0151l:\u00a0<\/strong><\/p>\n<p style=\"text-align: justify\">A nehezen kezelhet\u0151 rheumatoid arthritis\/difficult-to-treat rheumatoid arthritis\/D2T RA komoly kih\u00edv\u00e1st jelent mint az egy\u00e9n, mint a t\u00e1rsadalom r\u00e9sz\u00e9re \u00e9s jelent\u0151s anyagi teherrel j\u00e1r. A D2T RA-ban meghat\u00e1roz\u00f3 szerepe van sz\u00e1mos t\u00e9nyez\u0151nek, t\u00f6bbek k\u00f6z\u00f6tt a t\u00e1rsbetegs\u00e9geknek, a gy\u00f3gyszeres kezel\u00e9ssel vagy \u00e9letm\u00f3ddal \u00f6sszef\u00fcgg\u0151 t\u00e9nyez\u0151knek. A D2T-RA betegek felismer\u00e9se nagy kih\u00edv\u00e1st jelent a napi klinikai gyakorlatban. Jelenleg a D2T RA betegek kezel\u00e9se relev\u00e1ns aj\u00e1nl\u00e1sok hi\u00e1ny\u00e1ban a rendelkez\u00e9sre \u00e1ll\u00f3 gy\u00f3gyszerekkel l\u00e9nyeg\u00e9ben egyenrang\u00fa k\u00e9sz\u00edtm\u00e9nyek k\u00f6z\u00f6tti v\u00e1laszt\u00e1ssal t\u00f6rt\u00e9nik. Ez\u00e9rt a STRATA-FIT konzorcium terve hogy l\u00e9trehozzon \u00e9s valid\u00e1ljon egy a D2T RA alcsoportjainak azonos\u00edt\u00e1s\u00e1ra, csoportos\u00edt\u00e1s\u00e1ra \u00e9s kezel\u00e9s\u00e9re alkalmazhat\u00f3 algoritmust. Biomarkerek alkalmaz\u00e1s\u00e1val szeretn\u00e9nk tov\u00e1bb pontos\u00edtani a D2T csoporttos\u00edt\u00e1s\u00e1ra \u00e9s kezel\u00e9s\u00e9re alkalmazhat\u00f3 m\u00f3dszert. Klinikai vizsg\u00e1latot is fogunk v\u00e9gezni, amelynek sor\u00e1n klinikai d\u00f6nt\u00e9st\u00e1mogat\u00f3 modell alkalmaz\u00e1s\u00e1val a szem\u00e9lyre szabott ter\u00e1pia hat\u00e9konys\u00e1g\u00e1t fogjuk vizsg\u00e1lni. Mindezek mellett algoritmust fogunk l\u00e9trehozni a D2T RA betegs\u00e9g el\u0151rejelz\u00e9s\u00e9re. Mindezek seg\u00edts\u00e9g\u00e9vel egyr\u00e9szt jobb kezel\u00e9st szeretn\u00e9nk biztos\u00edtani a D2T RA betegek kezel\u00e9s\u00e9re, m\u00e1sr\u00e9szt a val\u00f3sz\u00edn\u0171leg nehezen kezelhet\u0151v\u00e9 v\u00e1l\u00f3 betegek korai azonos\u00edt\u00e1s\u00e1val \u00e9s kezel\u00e9s\u00e9vel k\u00edv\u00e1njuk megel\u0151zni a D2T RA kialakul\u00e1s\u00e1t. A STRATA FIT program olyan egyed\u00fcl\u00e1ll\u00f3 eur\u00f3pai rendszert k\u00edv\u00e1n megval\u00f3s\u00edtani, amelyben a nehezen kezelhet\u0151, vagy a nehezen kezelhet\u0151v\u00e9 v\u00e1l\u00f3 betegek azonos\u00edt\u00e1sa, csoportos\u00edt\u00e1sa \u00e9s kezel\u00e9se t\u00f6rt\u00e9nik, egy\u00e9nre szabott m\u00f3dszerrel. A STRATA FIT program sor\u00e1n olyan partnerek fognak egy\u00fctt dolgozni akik az EULAR D2T RA munkacsoportj\u00e1ban is r\u00e9szt vettek. A tervezett kutat\u00e1s megval\u00f3s\u00edt\u00e1s\u00e1ban klinikusok, betegek, biol\u00f3gusok, statisztikusok fognak egy\u00fctt dolgozni a kit\u0171z\u00f6tt c\u00e9lok megval\u00f3s\u00edt\u00e1sa \u00e9rdek\u00e9ben. A STRATA FIT program sikeres megval\u00f3s\u00edt\u00e1sa a D2T RA k\u00f6lts\u00e9ghat\u00e9konyabb kezel\u00e9s\u00e9hez \u00e9s a betegek \u00e9letmin\u0151s\u00e9g\u00e9nek jav\u00edt\u00e1s\u00e1hoz jelent\u0151sen hozz\u00e1 fog j\u00e1rulni a sz\u00e1nd\u00e9kaink szerint.<\/p>\n<p><img loading=\"lazy\" decoding=\"async\" class=\"alignright\" src=\"https:\/\/semmelweis.hu\/kfipalyazat\/files\/2025\/07\/NKFIA_infoblokk_kerettel_program_fekvo_2019_HU.jpg\" width=\"550\" height=\"233\" \/><\/p>\n","protected":false},"excerpt":{"rendered":"<p>Projekt azonos\u00edt\u00f3 sz\u00e1ma:\u00a02020-2.1.1-ED-2023-00244 Projekt c\u00edme:\u00a0A rheumatoid arthritis alcsoportjai: a nehezen kezelhet\u0151 betegs\u00e9g szem\u00e9lyre szabott kezel\u00e9s\u00e9nek lehet\u0151s\u00e9gei (STRATA-FIT) Projekt megval\u00f3s\u00edt\u00e1s\u00e1nak kezdete:\u00a02023.05.01. Projekt fizikai befejez\u00e9s\u00e9nek hat\u00e1rideje:\u00a02029.04.30. T\u00e1mogat\u00e1s \u00f6sszege:\u00a0192.774.094 Ft T\u00e1mogat\u00e1s intenzit\u00e1sa:\u00a0100% \u00a0 Projektr\u0151l:\u00a0 A nehezen kezelhet\u0151 rheumatoid arthritis\/difficult-to-treat rheumatoid arthritis\/D2T RA komoly kih\u00edv\u00e1st jelent mint az egy\u00e9n, mint a t\u00e1rsadalom r\u00e9sz\u00e9re \u00e9s jelent\u0151s anyagi teherrel j\u00e1r. A &hellip;<\/p>\n","protected":false},"author":102410,"featured_media":0,"parent":229,"menu_order":5,"comment_status":"closed","ping_status":"closed","template":"","meta":{"_acf_changed":false,"footnotes":""},"categories":[],"tags":[],"class_list":["post-238","page","type-page","status-publish","hentry"],"acf":[],"_links":{"self":[{"href":"https:\/\/semmelweis.hu\/kfipalyazat\/wp-json\/wp\/v2\/pages\/238","targetHints":{"allow":["GET"]}}],"collection":[{"href":"https:\/\/semmelweis.hu\/kfipalyazat\/wp-json\/wp\/v2\/pages"}],"about":[{"href":"https:\/\/semmelweis.hu\/kfipalyazat\/wp-json\/wp\/v2\/types\/page"}],"author":[{"embeddable":true,"href":"https:\/\/semmelweis.hu\/kfipalyazat\/wp-json\/wp\/v2\/users\/102410"}],"replies":[{"embeddable":true,"href":"https:\/\/semmelweis.hu\/kfipalyazat\/wp-json\/wp\/v2\/comments?post=238"}],"version-history":[{"count":3,"href":"https:\/\/semmelweis.hu\/kfipalyazat\/wp-json\/wp\/v2\/pages\/238\/revisions"}],"predecessor-version":[{"id":629,"href":"https:\/\/semmelweis.hu\/kfipalyazat\/wp-json\/wp\/v2\/pages\/238\/revisions\/629"}],"up":[{"embeddable":true,"href":"https:\/\/semmelweis.hu\/kfipalyazat\/wp-json\/wp\/v2\/pages\/229"}],"wp:attachment":[{"href":"https:\/\/semmelweis.hu\/kfipalyazat\/wp-json\/wp\/v2\/media?parent=238"}],"wp:term":[{"taxonomy":"category","embeddable":true,"href":"https:\/\/semmelweis.hu\/kfipalyazat\/wp-json\/wp\/v2\/categories?post=238"},{"taxonomy":"post_tag","embeddable":true,"href":"https:\/\/semmelweis.hu\/kfipalyazat\/wp-json\/wp\/v2\/tags?post=238"}],"curies":[{"name":"wp","href":"https:\/\/api.w.org\/{rel}","templated":true}]}}