{"id":165,"date":"2025-07-03T10:52:11","date_gmt":"2025-07-03T08:52:11","guid":{"rendered":"https:\/\/semmelweis.hu\/kfipalyazat\/?page_id=165"},"modified":"2025-08-14T09:45:42","modified_gmt":"2025-08-14T07:45:42","slug":"temateruleti-kivalosagi-program-2021","status":"publish","type":"page","link":"https:\/\/semmelweis.hu\/kfipalyazat\/palyazatok\/hazai-palyazatok\/nkfih\/temateruleti-kivalosagi-program-2020-tkp2020\/temateruleti-kivalosagi-program-2021\/","title":{"rendered":"T\u00e9mater\u00fcleti Kiv\u00e1l\u00f3s\u00e1gi Program 2021"},"content":{"rendered":"<p style=\"text-align: justify\">T\u00e9mater\u00fcleti Kiv\u00e1l\u00f3s\u00e1gi Program 2021<\/p>\n<div style=\"text-align: justify\">Az int\u00e9zm\u00e9nyek kiv\u00e1l\u00f3s\u00e1g\u00e1t \u00f6szt\u00f6nz\u0151 eddigi programok \u2013 a Fels\u0151oktat\u00e1si Int\u00e9zm\u00e9nyi Kiv\u00e1l\u00f3s\u00e1gi Program (FIKP) \u00e9s a T\u00e9mater\u00fcleti Kiv\u00e1l\u00f3s\u00e1gi Program (TKP) \u2013 folytat\u00e1sak\u00e9nt a 2021. \u00e9vi T\u00e9mater\u00fcleti Kiv\u00e1l\u00f3s\u00e1gi Program 2025. v\u00e9g\u00e9ig biztos\u00edt t\u00e1mogat\u00e1st az egyetemi tud\u00e1sk\u00f6zpontok \u00e9s kutat\u00f3helyek sz\u00e1m\u00e1ra kutat\u00e1s-fejleszt\u00e9si \u00e9s innov\u00e1ci\u00f3s tev\u00e9kenys\u00e9geikhez.<\/div>\n<div style=\"text-align: justify\">\u00a0<\/div>\n<div style=\"text-align: justify\">TKP2021-EGA Eg\u00e9szs\u00e9g alprogram: Orvostudom\u00e1nyi \u00e9s \u00e1llatorvos-tudom\u00e1nyi kutat\u00e1sok, gy\u00f3gyszerkutat\u00e1sok, biol\u00f3gia, biotechnol\u00f3gia, k\u00e9mia, transzl\u00e1ci\u00f3s medicina, agykutat\u00e1s, r\u00e1kkutat\u00e1s, biztons\u00e1gos \u00e9lelmiszer, COVID-19 betegs\u00e9ggel \u00e9s poszt-COVID szindr\u00f3m\u00e1val kapcsolatos klinikai kutat\u00e1sok stb.<\/div>\n<div style=\"text-align: justify\">TKP2021-NKTA Nemzeti kutat\u00e1sok alprogram: Kult\u00fara \u00e9s csal\u00e1d; Biztons\u00e1gos t\u00e1rsadalom \u00e9s k\u00f6rnyezet; Ipar \u00e9s digitaliz\u00e1ci\u00f3.<\/div>\n<div style=\"text-align: justify\">TKP2021-NVA Nemzetv\u00e9delem, nemzetbiztons\u00e1g alprogram: A polg\u00e1ri lakoss\u00e1g ellens\u00e9gesked\u00e9sek, valamint katasztr\u00f3f\u00e1kkal szembeni v\u00e9delm\u00e9t \u00e9s biztons\u00e1g\u00e1t szolg\u00e1l\u00f3 megold\u00e1sok fejleszt\u00e9se (pl. kiberv\u00e9delem, mesters\u00e9ges intelligencia, szenzortechnol\u00f3gia \u00e9s jelfeldolgoz\u00e1s, l\u00e9zertechnol\u00f3gia, robotika, r\u00e1di\u00f3technika, energiabiztons\u00e1g, kognit\u00edv k\u00e9pess\u00e9gfejleszt\u00e9s, egy\u00e9ni kommunik\u00e1ci\u00f3 fejleszt\u00e9s, speci\u00e1lis k\u00f6r\u00fclm\u00e9nyek k\u00f6z\u00f6tt feladatot ell\u00e1t\u00f3 szem\u00e9ly fizikai, fiziol\u00f3giai \u00e1llapot\u00e1t jav\u00edt\u00f3 fejleszt\u00e9sek \u00e9s kutat\u00e1sok stb.)<\/div>\n<div style=\"text-align: justify\">\u00a0<\/div>\n<div>\n<p style=\"text-align: justify\"><strong>TKP2021<\/strong><\/p>\n<p style=\"text-align: justify\"><strong><u>Eg\u00e9szs\u00e9g alprogram<\/u><\/strong><\/p>\n<ol style=\"text-align: justify\">\n<li>Transzl\u00e1ci\u00f3s kutat\u00e1sok \u00e9s innov\u00e1ci\u00f3 az iszk\u00e9mi\u00e1s sz\u00edvbetegs\u00e9g \u00e9s t\u00e1rsbetegs\u00e9gei diagnosztik\u00e1j\u00e1ban \u00e9s ter\u00e1pi\u00e1j\u00e1ban<\/li>\n<li>Molekul\u00e1ris biol\u00f3gia \u2013 Molekul\u00e1ris orvostudom\u00e1nyi kiv\u00e1l\u00f3s\u00e1gi kutat\u00e1sok a Semmelweis Egyetemen (MOLORKIV)<\/li>\n<li>Felfedez\u0151, klinikai \u00e9s kognit\u00edv idegtudom\u00e1nyi kutat\u00e1sok a Semmelweis Egyetemen (SEMMELWEIS NEUROSCIENCE)<\/li>\n<li>Transzl\u00e1ci\u00f3s reumatol\u00f3gia \u2013 Transzl\u00e1ci\u00f3s reumatol\u00f3giai kiv\u00e1l\u00f3s\u00e1gi kutat\u00e1sok a Semmelweis Egyetemen (SEMTRHEUM)<\/li>\n<li>COVID-19: patogenetikai t\u00e9nyez\u0151k \u00e9s a SARS-CoV-2 hat\u00e1smechanizmus\u00e1nak vizsg\u00e1lata fert\u0151z\u00f6ttekben \u00e9s vakcin\u00e1ci\u00f3t k\u00f6vet\u0151en<\/li>\n<\/ol>\n<p style=\"text-align: justify\">Formanyomtatv\u00e1nyok:<\/p>\n<p style=\"text-align: justify\"><a href=\"https:\/\/semmelweis.hu\/kfipalyazat\/files\/2025\/07\/TKP2021-Elszamolasi-segedlet_5.-melleklet.docx\" target=\"_blank\" rel=\"noopener\">TKP2021- Elsz\u00e1mol\u00e1si seg\u00e9dlet_5. mell\u00e9klet<\/a><\/p>\n<p style=\"text-align: justify\"><a href=\"https:\/\/semmelweis.hu\/kfipalyazat\/files\/2025\/07\/TKP2021_EGA_NVA_NKTA_Zarobeszamolo-szakmai-programrol_5.b-melleklet.docx\" target=\"_blank\" rel=\"noopener\">TKP2021_EGA_NVA_NKTA_Z\u00e1r\u00f3besz\u00e1mol\u00f3 szakmai programr\u00f3l_5.b mell\u00e9klet<\/a><\/p>\n<p style=\"text-align: justify\"><a href=\"https:\/\/semmelweis.hu\/kfipalyazat\/files\/2025\/07\/TKP2021_EGA_Reszbeszamolo-szakmai-programrol_5.a-melleklet.docx\" target=\"_blank\" rel=\"noopener\">TKP2021_EGA_R\u00e9szbesz\u00e1mol\u00f3 szakmai programr\u00f3l_5.a mell\u00e9klet<\/a><\/p>\n<p style=\"text-align: justify\"><a href=\"https:\/\/semmelweis.hu\/kfipalyazat\/files\/2025\/07\/TKP2021_penzugyi_beszamolo_formanyomtatvany_5.c-melleklet.xlsx\" target=\"_blank\" rel=\"noopener\">TKP2021_penzugyi_beszamolo_formanyomtatvany_5.c mell\u00e9klet<\/a><\/p>\n<p style=\"text-align: justify\">\u00a0<\/p>\n<p style=\"text-align: justify\"><strong><u>Nemzeti kutat\u00e1sok alprogram:<\/u><\/strong><\/p>\n<ol style=\"text-align: justify\" start=\"6\">\n<li>EG\u00c9SZS\u00c9GES NEMZET<\/li>\n<li>Interdiszciplin\u00e1ris \u00f6reged\u00e9studom\u00e1nyi kutat\u00e1sok a Semmelweis Egyetemen<\/li>\n<\/ol>\n<p style=\"text-align: justify\">Formanyomtatv\u00e1nyok:<\/p>\n<p style=\"text-align: justify\"><a href=\"https:\/\/semmelweis.hu\/kfipalyazat\/files\/2025\/07\/TKP2021-Elszamolasi-segedlet_5.-melleklet-1.docx\" target=\"_blank\" rel=\"noopener\">TKP2021- Elsz\u00e1mol\u00e1si seg\u00e9dlet_5. mell\u00e9klet<\/a><\/p>\n<p style=\"text-align: justify\"><a href=\"https:\/\/semmelweis.hu\/kfipalyazat\/files\/2025\/07\/TKP2021_EGA_NVA_NKTA_Zarobeszamolo-szakmai-programrol_5.b-melleklet-1.docx\" target=\"_blank\" rel=\"noopener\">TKP2021_EGA_NVA_NKTA_Z\u00e1r\u00f3besz\u00e1mol\u00f3 szakmai programr\u00f3l_5.b mell\u00e9klet<\/a><\/p>\n<p style=\"text-align: justify\"><a href=\"https:\/\/semmelweis.hu\/kfipalyazat\/files\/2025\/07\/TKP2021_NKTA_Reszbeszamolo-szakmai-programrol_5.a-melleklet.docx\" target=\"_blank\" rel=\"noopener\">TKP2021_NKTA_R\u00e9szbesz\u00e1mol\u00f3 szakmai programr\u00f3l_5.a mell\u00e9klet<\/a><\/p>\n<p style=\"text-align: justify\"><a href=\"https:\/\/semmelweis.hu\/kfipalyazat\/files\/2025\/07\/TKP2021_penzugyi_beszamolo_formanyomtatvany_5.c-melleklet-1.xlsx\" target=\"_blank\" rel=\"noopener\">TKP2021_penzugyi_beszamolo_formanyomtatvany_5.c mell\u00e9klet<\/a><\/p>\n<p style=\"text-align: justify\">\u00a0<\/p>\n<p style=\"text-align: justify\"><strong><u>Nemzetv\u00e9delem, nemzetbiztons\u00e1g alprogram:<\/u><\/strong><\/p>\n<ol style=\"text-align: justify\" start=\"8\">\n<li>Pacemakerrel \u00e9s be\u00fcltetett defibrill\u00e1tor eszk\u00f6zzel rendelkez\u0151 betegek biztons\u00e1gos telemetri\u00e1s ut\u00e1nk\u00f6vet\u00e9se \u00e9s gondoz\u00e1sa<\/li>\n<li>Beteg\u00fat kutat\u00e1s \u00e9s dashboard kritikus infrastrukt\u00fara v\u00e9delm\u00e9re j\u00e1rv\u00e1ny\u00fcgyi v\u00e1ls\u00e1ghelyzetben<\/li>\n<li>Semmelweis Feder\u00e1lt Adatt\u00e1rh\u00e1z kialak\u00edt\u00e1sa a nemzeti genomikai adatok adatv\u00e9delmet biztos\u00edt\u00f3 megoszt\u00e1s\u00e1nak t\u00e1mogat\u00e1s\u00e1ra (SEFA)<\/li>\n<li>MiND+ : Mem\u00f3ria \u00e9s kognit\u00edv zavarokat jav\u00edt\u00f3 Induk\u00e1lt Neuron\u00e1lis Drug-screening platform kutat\u00e1sa \u00e9s fejleszt\u00e9se<\/li>\n<\/ol>\n<p style=\"text-align: justify\">Formanyomtatv\u00e1nyok:<\/p>\n<p style=\"text-align: justify\"><a href=\"https:\/\/semmelweis.hu\/kfipalyazat\/files\/2025\/07\/TKP2021-Elszamolasi-segedlet_5.-melleklet-2.docx\" target=\"_blank\" rel=\"noopener\">TKP2021- Elsz\u00e1mol\u00e1si seg\u00e9dlet_5. mell\u00e9klet<\/a><\/p>\n<p style=\"text-align: justify\"><a href=\"https:\/\/semmelweis.hu\/kfipalyazat\/files\/2025\/07\/TKP2021_EGA_NVA_NKTA_Zarobeszamolo-szakmai-programrol_5.b-melleklet-2.docx\" target=\"_blank\" rel=\"noopener\">TKP2021_EGA_NVA_NKTA_Z\u00e1r\u00f3besz\u00e1mol\u00f3 szakmai programr\u00f3l_5.b mell\u00e9klet<\/a><\/p>\n<p style=\"text-align: justify\"><a href=\"https:\/\/semmelweis.hu\/kfipalyazat\/files\/2025\/07\/TKP2021_NVA_Reszbeszamolo-szakmai-programrol_5.a-melleklet.docx\" target=\"_blank\" rel=\"noopener\">TKP2021_NVA_R\u00e9szbesz\u00e1mol\u00f3 szakmai programr\u00f3l_5.a mell\u00e9klet<\/a><\/p>\n<p style=\"text-align: justify\"><a href=\"https:\/\/semmelweis.hu\/kfipalyazat\/files\/2025\/07\/TKP2021_penzugyi_beszamolo_formanyomtatvany_5.c-melleklet-2.xlsx\" target=\"_blank\" rel=\"noopener\">TKP2021_penzugyi_beszamolo_formanyomtatvany_5.c mell\u00e9klet<\/a><\/p>\n<p style=\"text-align: justify\">\u00a0<\/p>\n<p style=\"text-align: justify\">Seg\u00e9dletek:<br \/>\n<a href=\"https:\/\/semmelweis.hu\/kfipalyazat\/files\/2025\/07\/2022-1.1.1-KK_AJANLAT-minta-eszkoz.docx\" target=\"_blank\" rel=\"noopener\">2022-1.1.1-KK_AJ\u00c1NLAT minta eszk\u00f6z<\/a><br \/>\n<a href=\"https:\/\/semmelweis.hu\/kfipalyazat\/files\/2025\/07\/2022-1.1.1-KK_AJANLAT-minta-szolgaltatas.docx\" target=\"_blank\" rel=\"noopener\">2022-1.1.1-KK_AJ\u00c1NLAT minta szolg\u00e1ltat\u00e1s<\/a><\/p>\n<div style=\"text-align: justify\">\u00a0<\/div>\n<div style=\"text-align: justify\">Tov\u00e1bbi inform\u00e1ci\u00f3:<br \/>\n<a href=\"https:\/\/nkfih.gov.hu\/tkp2021\" target=\"_blank\" rel=\"noopener\">Nemzeti Kutat\u00e1si, Fejleszt\u00e9si \u00e9s Innov\u00e1ci\u00f3s Hivatal &#8211; T\u00e9mater\u00fcleti Kiv\u00e1l\u00f3s\u00e1gi Program 2021 (TKP2021)<\/a><\/div>\n<p><img loading=\"lazy\" decoding=\"async\" class=\"alignright\" src=\"https:\/\/semmelweis.hu\/kfipalyazat\/files\/2025\/07\/NKFIA_infoblokk_kerettel_program_fekvo_2019_HU.jpg\" width=\"555\" height=\"235\" \/><\/p>\n<\/div>\n","protected":false},"excerpt":{"rendered":"<p>T\u00e9mater\u00fcleti Kiv\u00e1l\u00f3s\u00e1gi Program 2021 Az int\u00e9zm\u00e9nyek kiv\u00e1l\u00f3s\u00e1g\u00e1t \u00f6szt\u00f6nz\u0151 eddigi programok \u2013 a Fels\u0151oktat\u00e1si Int\u00e9zm\u00e9nyi Kiv\u00e1l\u00f3s\u00e1gi Program (FIKP) \u00e9s a T\u00e9mater\u00fcleti Kiv\u00e1l\u00f3s\u00e1gi Program (TKP) \u2013 folytat\u00e1sak\u00e9nt a 2021. \u00e9vi T\u00e9mater\u00fcleti Kiv\u00e1l\u00f3s\u00e1gi Program 2025. v\u00e9g\u00e9ig biztos\u00edt t\u00e1mogat\u00e1st az egyetemi tud\u00e1sk\u00f6zpontok \u00e9s kutat\u00f3helyek sz\u00e1m\u00e1ra kutat\u00e1s-fejleszt\u00e9si \u00e9s innov\u00e1ci\u00f3s tev\u00e9kenys\u00e9geikhez. \u00a0 TKP2021-EGA Eg\u00e9szs\u00e9g alprogram: Orvostudom\u00e1nyi \u00e9s \u00e1llatorvos-tudom\u00e1nyi kutat\u00e1sok, gy\u00f3gyszerkutat\u00e1sok, biol\u00f3gia, &hellip;<\/p>\n","protected":false},"author":102410,"featured_media":0,"parent":160,"menu_order":2,"comment_status":"closed","ping_status":"closed","template":"","meta":{"_acf_changed":false,"footnotes":""},"categories":[],"tags":[],"class_list":["post-165","page","type-page","status-publish","hentry"],"acf":[],"_links":{"self":[{"href":"https:\/\/semmelweis.hu\/kfipalyazat\/wp-json\/wp\/v2\/pages\/165","targetHints":{"allow":["GET"]}}],"collection":[{"href":"https:\/\/semmelweis.hu\/kfipalyazat\/wp-json\/wp\/v2\/pages"}],"about":[{"href":"https:\/\/semmelweis.hu\/kfipalyazat\/wp-json\/wp\/v2\/types\/page"}],"author":[{"embeddable":true,"href":"https:\/\/semmelweis.hu\/kfipalyazat\/wp-json\/wp\/v2\/users\/102410"}],"replies":[{"embeddable":true,"href":"https:\/\/semmelweis.hu\/kfipalyazat\/wp-json\/wp\/v2\/comments?post=165"}],"version-history":[{"count":10,"href":"https:\/\/semmelweis.hu\/kfipalyazat\/wp-json\/wp\/v2\/pages\/165\/revisions"}],"predecessor-version":[{"id":613,"href":"https:\/\/semmelweis.hu\/kfipalyazat\/wp-json\/wp\/v2\/pages\/165\/revisions\/613"}],"up":[{"embeddable":true,"href":"https:\/\/semmelweis.hu\/kfipalyazat\/wp-json\/wp\/v2\/pages\/160"}],"wp:attachment":[{"href":"https:\/\/semmelweis.hu\/kfipalyazat\/wp-json\/wp\/v2\/media?parent=165"}],"wp:term":[{"taxonomy":"category","embeddable":true,"href":"https:\/\/semmelweis.hu\/kfipalyazat\/wp-json\/wp\/v2\/categories?post=165"},{"taxonomy":"post_tag","embeddable":true,"href":"https:\/\/semmelweis.hu\/kfipalyazat\/wp-json\/wp\/v2\/tags?post=165"}],"curies":[{"name":"wp","href":"https:\/\/api.w.org\/{rel}","templated":true}]}}