{"id":151,"date":"2025-07-03T10:39:32","date_gmt":"2025-07-03T08:39:32","guid":{"rendered":"https:\/\/semmelweis.hu\/kfipalyazat\/?page_id=151"},"modified":"2025-10-07T09:25:38","modified_gmt":"2025-10-07T07:25:38","slug":"eu","status":"publish","type":"page","link":"https:\/\/semmelweis.hu\/kfipalyazat\/palyazatok\/nemzetkozi-palyazatok\/eu\/","title":{"rendered":"EU"},"content":{"rendered":"<h3 data-start=\"157\" data-end=\"216\">T\u00e1j\u00e9koztat\u00f3 a Horizon Europe p\u00e1ly\u00e1zatokkal kapcsolatban<\/h3>\n<p data-start=\"218\" data-end=\"471\">A magyarorsz\u00e1gi modellv\u00e1lt\u00f3 egyetemek \u2013 \u00edgy a Semmelweis Egyetem is \u2013 r\u00e9szt vehetnek a <strong data-start=\"297\" data-end=\"315\">Horizon Europe<\/strong> program keret\u00e9ben meghirdetett p\u00e1ly\u00e1zatokban. Fontos tudni azonban, hogy az <strong data-start=\"392\" data-end=\"445\">Eur\u00f3pai Uni\u00f3 k\u00f6zvetlen t\u00e1mogat\u00e1sban nem r\u00e9szes\u00edti<\/strong> ezeket az int\u00e9zm\u00e9nyeket.<\/p>\n<p data-start=\"473\" data-end=\"674\">A kies\u0151 forr\u00e1sokat a <strong data-start=\"494\" data-end=\"510\">Magyar \u00c1llam<\/strong> biztos\u00edtja, \u00edgy <strong data-start=\"527\" data-end=\"554\">nyertes p\u00e1ly\u00e1zat eset\u00e9n<\/strong> lehet\u0151s\u00e9g van a t\u00e1mogat\u00e1s elnyer\u00e9s\u00e9re egy k\u00fcl\u00f6n, a <strong data-start=\"606\" data-end=\"635\">Korm\u00e1nyzati \u00d6ner\u0151 Alapb\u00f3l<\/strong> finansz\u00edrozott p\u00e1ly\u00e1zat beny\u00fajt\u00e1s\u00e1val.<\/p>\n<p data-start=\"676\" data-end=\"871\">A Korm\u00e1nyzati \u00d6ner\u0151 Alapr\u00f3l b\u0151vebb inform\u00e1ci\u00f3 a <a href=\"https:\/\/nkfih.gov.hu\/palyazoknak\/kormanyzati-onero-alap\" target=\"_blank\" rel=\"noopener\">Nemzeti Kutat\u00e1si, Fejleszt\u00e9si \u00e9s Innov\u00e1ci\u00f3s Hivatal (NKFIH) honlapj\u00e1n<\/a> \u00e9rhet\u0151 el.<\/p>\n<h4 data-start=\"873\" data-end=\"899\">P\u00e1ly\u00e1zati elj\u00e1r\u00e1srend<\/h4>\n<p data-start=\"901\" data-end=\"1143\">Az <strong data-start=\"903\" data-end=\"966\">NKFIH<\/strong> nyilatkozata alapj\u00e1n a Horizon Europe p\u00e1ly\u00e1zatot a beny\u00fajt\u00e1skor <strong data-start=\"1087\" data-end=\"1118\">\u201ebeneficiary with a budget\u201d<\/strong> st\u00e1tuszban kell beadni.<\/p>\n<p data-start=\"1145\" data-end=\"1294\">Amennyiben azonban a szankci\u00f3k a szerz\u0151d\u00e9sk\u00f6t\u00e9s id\u0151pontj\u00e1ban is fenn\u00e1llnak, a projektmegval\u00f3s\u00edt\u00e1s m\u00e1r <strong data-start=\"1247\" data-end=\"1271\">\u201eassociated partner\u201d<\/strong> szerepk\u00f6rben t\u00f6rt\u00e9nik.<\/p>\n<ul>\n<li data-start=\"1145\" data-end=\"1294\"><a href=\"https:\/\/semmelweis.hu\/kfipalyazat\/files\/2025\/10\/NRDIO-Declaration_HEparticipation_SE_2025_signed.pdf\" target=\"_blank\" rel=\"noopener\">NKFIH t\u00e9m\u00e1ban sz\u00fcletett aleln\u00f6ki levele<\/a><\/li>\n<li data-start=\"1145\" data-end=\"1294\"><a href=\"https:\/\/semmelweis.hu\/kfipalyazat\/files\/2025\/09\/Horizon-Europe-projects_Flow-chart_2_.pdf\" target=\"_blank\" rel=\"noopener\">Elj\u00e1r\u00e1srend<\/a><\/li>\n<\/ul>\n<p>&nbsp;<\/p>\n<style>\n           #page-grid .card-body > .line-clamp-box.excerpt{\n        width: inherit;\n        max-width: inherit;\n        display:flex;\n        min-height: 2.4em;\n        flex-direction: column;\n        justify-content: space-around;\n        background-color: #D6E4EA;\n        min-height: 3.4rem;\n        font-family: \"Montserrat\", sans-serif;\n    }\n\n    #page-grid a:hover .card-body > .line-clamp-box.excerpt {\n        background-color: #fff;\n        color: #313B40;\n    }\n\n    #page-grid .card-body .line-clamp-box.excerpt section{\n        max-width: inherit;\n        display: -webkit-box;\n        -webkit-line-clamp: 2;\n        -webkit-box-orient: vertical;\n        overflow: hidden;\n        text-overflow: ellipsis;\n        hyphens: auto;\n        margin: auto;\n        \n    }\n    .line-clamp-box.excerpt section, .line-clamp-box.excerpt section p{\n        font-size:0.8em;\n    }\n    \n<\/style>\n    <section id=\"page-grid\">\n        \n        <div class=\"row row-cols-1 row-cols-md-2 row-cols-lg-2 no-gutters mx-0 \">    <div class =\"col  mb-2 card-wrapper\">\n        <a class=\"d-flex flex-fill card-link-warapper m-md-1\" href=\"https:\/\/semmelweis.hu\/kfipalyazat\/palyazatok\/nemzetkozi-palyazatok\/eu\/alliance4life\/\">\n            <div class=\"card border border-secondary se-border flex-fill\">\n                <div class=\"row no-gutters mx-0 d-flex flex-nowrap flex-md-wrap align-items-center\">\n                    <div class =\"  col-5 col-md-12  d-none  d-md-none d-md-none  bg-image  card-image justify-content-center\">\n                        <img class='wp-post-image img-fluid landscape' src='https:\/\/semmelweis.hu\/kfipalyazat\/wp-content\/themes\/se18\/dist\/images\/svg\/bg-image.svg' \/>\n                    <\/div>\n                    <div class=\"card-body  col flex-column  col-md-12 p-0\">\n                        <div class=\"line-clamp-box p-3\">\n                            <h5 class=\"ml-0 ml-sm-1 mt-2 align-items-center\"  >Alliance4Life<\/h5>\n                        <\/div>\n                        \n                    <\/div>\n                <\/div>\n\n            <\/div>\n        <\/a>\n    <\/div>    <div class =\"col  mb-2 card-wrapper\">\n        <a class=\"d-flex flex-fill card-link-warapper m-md-1\" href=\"https:\/\/semmelweis.hu\/kfipalyazat\/palyazatok\/nemzetkozi-palyazatok\/eu\/eit-healthcare\/\">\n            <div class=\"card border border-secondary se-border flex-fill\">\n                <div class=\"row no-gutters mx-0 d-flex flex-nowrap flex-md-wrap align-items-center\">\n                    <div class =\"  col-5 col-md-12  d-none  d-md-none d-md-none  bg-image  card-image justify-content-center\">\n                        <img class='wp-post-image img-fluid landscape' src='https:\/\/semmelweis.hu\/kfipalyazat\/wp-content\/themes\/se18\/dist\/images\/svg\/bg-image.svg' \/>\n                    <\/div>\n                    <div class=\"card-body  col flex-column  col-md-12 p-0\">\n                        <div class=\"line-clamp-box p-3\">\n                            <h5 class=\"ml-0 ml-sm-1 mt-2 align-items-center\"  >EIT Healthcare<\/h5>\n                        <\/div>\n                        \n                    <\/div>\n                <\/div>\n\n            <\/div>\n        <\/a>\n    <\/div>        <\/div>\n    <\/section>\n","protected":false},"excerpt":{"rendered":"<p>T\u00e1j\u00e9koztat\u00f3 a Horizon Europe p\u00e1ly\u00e1zatokkal kapcsolatban A magyarorsz\u00e1gi modellv\u00e1lt\u00f3 egyetemek \u2013 \u00edgy a Semmelweis Egyetem is \u2013 r\u00e9szt vehetnek a Horizon Europe program keret\u00e9ben meghirdetett p\u00e1ly\u00e1zatokban. Fontos tudni azonban, hogy az Eur\u00f3pai Uni\u00f3 k\u00f6zvetlen t\u00e1mogat\u00e1sban nem r\u00e9szes\u00edti ezeket az int\u00e9zm\u00e9nyeket. A kies\u0151 forr\u00e1sokat a Magyar \u00c1llam biztos\u00edtja, \u00edgy nyertes p\u00e1ly\u00e1zat eset\u00e9n lehet\u0151s\u00e9g van a t\u00e1mogat\u00e1s &hellip;<\/p>\n","protected":false},"author":102410,"featured_media":0,"parent":63,"menu_order":1,"comment_status":"closed","ping_status":"closed","template":"","meta":{"_acf_changed":false,"footnotes":""},"categories":[],"tags":[],"class_list":["post-151","page","type-page","status-publish","hentry"],"acf":[],"_links":{"self":[{"href":"https:\/\/semmelweis.hu\/kfipalyazat\/wp-json\/wp\/v2\/pages\/151","targetHints":{"allow":["GET"]}}],"collection":[{"href":"https:\/\/semmelweis.hu\/kfipalyazat\/wp-json\/wp\/v2\/pages"}],"about":[{"href":"https:\/\/semmelweis.hu\/kfipalyazat\/wp-json\/wp\/v2\/types\/page"}],"author":[{"embeddable":true,"href":"https:\/\/semmelweis.hu\/kfipalyazat\/wp-json\/wp\/v2\/users\/102410"}],"replies":[{"embeddable":true,"href":"https:\/\/semmelweis.hu\/kfipalyazat\/wp-json\/wp\/v2\/comments?post=151"}],"version-history":[{"count":10,"href":"https:\/\/semmelweis.hu\/kfipalyazat\/wp-json\/wp\/v2\/pages\/151\/revisions"}],"predecessor-version":[{"id":777,"href":"https:\/\/semmelweis.hu\/kfipalyazat\/wp-json\/wp\/v2\/pages\/151\/revisions\/777"}],"up":[{"embeddable":true,"href":"https:\/\/semmelweis.hu\/kfipalyazat\/wp-json\/wp\/v2\/pages\/63"}],"wp:attachment":[{"href":"https:\/\/semmelweis.hu\/kfipalyazat\/wp-json\/wp\/v2\/media?parent=151"}],"wp:term":[{"taxonomy":"category","embeddable":true,"href":"https:\/\/semmelweis.hu\/kfipalyazat\/wp-json\/wp\/v2\/categories?post=151"},{"taxonomy":"post_tag","embeddable":true,"href":"https:\/\/semmelweis.hu\/kfipalyazat\/wp-json\/wp\/v2\/tags?post=151"}],"curies":[{"name":"wp","href":"https:\/\/api.w.org\/{rel}","templated":true}]}}