{"id":1003,"date":"2026-04-07T10:35:27","date_gmt":"2026-04-07T08:35:27","guid":{"rendered":"https:\/\/semmelweis.hu\/kfipalyazat\/?page_id=1003"},"modified":"2026-04-07T10:37:21","modified_gmt":"2026-04-07T08:37:21","slug":"2025-3-1-1-ed-2025-00008","status":"publish","type":"page","link":"https:\/\/semmelweis.hu\/kfipalyazat\/palyazatok\/hazai-palyazatok\/nkfih\/kormanyzati-onero-alap\/2025-3-1-1-ed-2025-00008\/","title":{"rendered":"2025-3.1.1-ED-2025-00008"},"content":{"rendered":"<p><strong>Projekt c\u00edme: <\/strong>Organotipikus hum\u00e1n retina modell, mint v\u00edrusvektor-fejleszt\u0151 platform: innovat\u00edv g\u00e9nter\u00e1pi\u00e1s strat\u00e9gi\u00e1k \u00e9s transzl\u00e1ci\u00f3s folyamatok optimaliz\u00e1l\u00e1sa<\/p>\n<p><strong>Projektazonos\u00edt\u00f3: <\/strong>2025-3.1.1-ED-2025-00008<\/p>\n<p><strong>A projekt megval\u00f3s\u00edt\u00e1s\u00e1nak kezdete<\/strong>: 2025.04.01<\/p>\n<p><strong>A projekt fizikai befejez\u00e9s\u00e9nek hat\u00e1rideje<\/strong>: 2028.09.30<\/p>\n<p><strong>T\u00e1mogat\u00e1s \u00f6sszege<\/strong>: 416 233\u00a0910 Ft<\/p>\n<p><strong>Kapcsolattart\u00f3:<\/strong> Dr. Szab\u00f3 Arnold<br \/>\n<strong>Szervezeti egys\u00e9g:<\/strong> Anat\u00f3miai, Sz\u00f6vet- \u00e9s Fejl\u0151d\u00e9stani Int\u00e9zet<\/p>\n<p><strong>Projektr\u0151l:<\/strong> A l\u00e1t\u00e1sroml\u00e1s lass\u00edt\u00e1s\u00e1t \u00e9s a l\u00e1t\u00e1s helyre\u00e1ll\u00edt\u00e1s\u00e1t c\u00e9lz\u00f3 kutat\u00e1sok kiemelked\u0151 jelent\u0151s\u00e9ggel b\u00edrnak, hiszen 2020-ban vil\u00e1gszerte t\u00f6bb mint 49 milli\u00f3 ember szenvedett vaks\u00e1gt\u00f3l. A l\u00e1t\u00e1s elveszt\u00e9se nemcsak az \u00e9rintettek \u00e9letmin\u0151s\u00e9g\u00e9t rontja jelent\u0151sen, hanem s\u00falyos gazdas\u00e1gi \u00e9s t\u00e1rsadalmi terhet is jelent. A fejlett orsz\u00e1gokban a vaks\u00e1g leggyakoribb oka a retina degenerat\u00edv megbeteged\u00e9sei, amelyekre nem rendelkez\u00fcnk sz\u00e9les k\u00f6rben alkalmazhat\u00f3, hat\u00e9kony ter\u00e1pi\u00e1s megold\u00e1ssal.<\/p>\n<p>Az elm\u00falt m\u00e1sf\u00e9l \u00e9vtizedben jelent\u0151s fejl\u0151d\u00e9s t\u00f6rt\u00e9nt a l\u00e1t\u00e1sveszt\u00e9s lass\u00edt\u00e1s\u00e1t \u00e9s az elvesztett l\u00e1t\u00e1s helyre\u00e1ll\u00edt\u00e1s\u00e1t c\u00e9lz\u00f3 kutat\u00e1sokban. Ezek k\u00f6z\u00fcl is kiemelked\u0151 jelent\u0151s\u00e9g\u0171 a g\u00e9nter\u00e1pia, ami a nem megfelel\u0151en m\u0171k\u00f6d\u0151 g\u00e9nek p\u00f3tl\u00e1sa vagy helyettes\u00edt\u00e9se mellett, ak\u00e1r a l\u00e1t\u00e1sveszt\u00e9st okoz\u00f3 \u00f6r\u00f6kletes g\u00e9nhiba DNS szint\u0171 kijav\u00edt\u00e1s\u00e1t is lehet\u0151v\u00e9 teheti. A g\u00e9nter\u00e1pia hat\u00e9konys\u00e1g\u00e1nak kulcsa, hogy a jellemz\u0151en v\u00edrusvektorok seg\u00edts\u00e9g\u00e9vel bejuttatott genetikai inform\u00e1ci\u00f3 kiz\u00e1r\u00f3lag a c\u00e9lsejtekben aktiv\u00e1l\u00f3djon. Ez az ir\u00e1ny\u00edtott \u00e9s kontroll\u00e1lt kifejez\u0151d\u00e9s a mesters\u00e9gesen megalkotott v\u00edrusvektorok fel\u00e9p\u00edt\u00e9s\u00e9nek v\u00e1ltoztat\u00e1s\u00e1val \u00e9s a sejtekbe bejuttatni k\u00edv\u00e1nt g\u00e9n el\u00e9 illesztett szab\u00e1lyoz\u00f3 elemek seg\u00edts\u00e9g\u00e9vel \u00e9rhet\u0151 el.<\/p>\n<p>A jelent\u0151s fejl\u0151d\u00e9s ellen\u00e9re az \u00faj ter\u00e1pi\u00e1s lehet\u0151s\u00e9gek csak lassan \u00e9rik el a betegeket, \u00e9s sz\u00e1mos eleinte \u00edg\u00e9retesnek t\u0171n\u0151 \u00f6tlet v\u00e9g\u00fcl nem bizonyult sikeresnek. Ennek meghat\u00e1roz\u00f3 oka, hogy a kutat\u00e1si eredm\u00e9nyek d\u00f6nt\u0151 t\u00f6bbs\u00e9ge nem hum\u00e1n adatokon alapul, hanem az \u00e1ltal\u00e1ban r\u00e1gcs\u00e1l\u00f3kban v\u00e9gzett k\u00eds\u00e9rletek sor\u00e1n megfigyelt jelens\u00e9geket pr\u00f3b\u00e1lj\u00e1k meg emberre vonatkoztatni. Ez a korai f\u00e1zis\u00fa klinikai k\u00eds\u00e9rletek sor\u00e1n sz\u00e1mos f\u00e9lre\u00e9rt\u00e9shez, nem megfelel\u0151 ter\u00e1pi\u00e1s hat\u00e9konys\u00e1ghoz, s\u0151t s\u00falyos esetben komoly mell\u00e9khat\u00e1sok elfordul\u00e1s\u00e1hoz vezetett, mivel a k\u00fcl\u00f6nb\u00f6z\u0151 fajok genetikai szab\u00e1lyoz\u00f3 mechanizmusai jelent\u0151sen elt\u00e9rnek egym\u00e1st\u00f3l. A sikeres g\u00e9nter\u00e1pia fejleszt\u00e9s\u00e9hez emiatt elengedhetetlen olyan emberi biol\u00f3giai modellrendszerek alkalmaz\u00e1sa, amelyek lehet\u0151v\u00e9 teszik az elj\u00e1r\u00e1s val\u00f3s emberi sz\u00f6veten t\u00f6rt\u00e9n\u0151 tesztel\u00e9s\u00e9t m\u00e9g a klinikai k\u00eds\u00e9rletek el\u0151tt. Ezen transzl\u00e1ci\u00f3s kutat\u00e1sokat jelent\u0151sen h\u00e1tr\u00e1ltatja ugyanakkor a megfelel\u0151 emberi retina modellek sz\u0171k\u00f6s el\u00e9rhet\u0151s\u00e9ge.<\/p>\n<p>A vil\u00e1gon egyed\u00fcl\u00e1ll\u00f3 m\u00f3don Budapesten egyes\u00fcl a szakmai, infrastruktur\u00e1lis, szem\u00e9lyi \u00e9s szab\u00e1lyoz\u00e1si k\u00f6rnyezet, ami a preklinikai szem\u00e9szeti g\u00e9nter\u00e1pi\u00e1s kutat\u00e1sokat nagy hat\u00e9konys\u00e1ggal lehet\u0151v\u00e9 teszi. A Semmelweis Egyetem Anat\u00f3miai, Sz\u00f6vet- \u00e9s Fejl\u0151d\u00e9stani Int\u00e9zet\u00e9ben m\u0171k\u00f6d\u0151 Retina Laborat\u00f3rium\u00e1ban kiv\u00e9teles lehet\u0151s\u00e9g ny\u00edlik a k\u00eds\u00e9rletek \u00e9l\u0151 emberi retin\u00e1n t\u00f6rt\u00e9n\u0151 elv\u00e9gz\u00e9s\u00e9re. A Semmelweis Egyetem a r\u00e9gi\u00f3 vezet\u0151 szervtranszplant\u00e1ci\u00f3s k\u00f6zpontjak\u00e9nt folyamatos hozz\u00e1f\u00e9r\u00e9st biztos\u00edt a szaruh\u00e1rtya transzplant\u00e1ci\u00f3b\u00f3l visszamarad\u00f3 emberi retinasz\u00f6vethez, melyet a laborat\u00f3rium munkat\u00e1rsai k\u00e9pesek mesters\u00e9ges k\u00f6r\u00fclm\u00e9nyek k\u00f6z\u00f6tt ak\u00e1r 250 napig is \u00e9letben tartani. A t\u00fal\u00e9l\u0151 retina teny\u00e9szeteken elv\u00e9gezhet\u0151 a v\u00edrusvektorok hat\u00e9konys\u00e1g\u00e1nak, \u00e9s a seg\u00edts\u00e9g\u00fckkel bejuttatott g\u00e9nek kifejez\u0151d\u00e9s\u00e9nek \u00e9s biztons\u00e1goss\u00e1g\u00e1nak sejt- \u00e9s sz\u00f6vetszint\u0171 vizsg\u00e1lata. Ezen t\u00falmen\u0151en, a g\u00e9nkezelt teny\u00e9szeteken k\u00f6zvetlen\u00fcl vizsg\u00e1lhat\u00f3 az adott elj\u00e1r\u00e1s l\u00e1t\u00e1svissza\u00e1ll\u00edt\u00f3 hat\u00e9konys\u00e1ga is. A nemzetk\u00f6zi egy\u00fcttm\u0171k\u00f6d\u00e9sekben v\u00e9gzett kutat\u00e1sok siker\u00e9t sz\u00e1mos jelent\u0151s publik\u00e1ci\u00f3 jelzi (Neuron 2016, Nature Neuroscience 2019, Cell 2020, Science 2020, Nature Medicine 2025).<\/p>\n<p>A retina teny\u00e9szeteken v\u00e9gzett k\u00eds\u00e9rletek ki\u00e9rt\u00e9kel\u00e9se sor\u00e1n meghat\u00e1roz\u00f3 a mint\u00e1k nagy felbont\u00e1s\u00fa, r\u00e9szeletes elemz\u00e9se. Az Anat\u00f3miai Int\u00e9zetben jelenleg el\u00e9rhet\u0151 mikroszk\u00f3pokkal ez a vizsg\u00e1lat nem v\u00e9gezhet\u0151 el hat\u00e9konyan, ami a k\u00eds\u00e9rletek elh\u00faz\u00f3d\u00e1s\u00e1hoz \u00e9s a hazai eredm\u00e9nyek nem megfelel\u0151 hasznosul\u00e1s\u00e1hoz vezet.<\/p>\n<p>A p\u00e1ly\u00e1zat c\u00e9lja a Retina Laborat\u00f3rium versenyk\u00e9pess\u00e9g\u00e9nek \u00e9s hat\u00e9konys\u00e1g\u00e1nak n\u00f6vel\u00e9se egy nagy sebess\u00e9g\u0171 \u00e9s nagy felbont\u00e1s\u00fa k\u00e9palkot\u00e1st lehet\u0151v\u00e9 tev\u0151 spinning disk konfok\u00e1lis mikroszk\u00f3p beszerz\u00e9se, az in vitro eszk\u00f6zpark fejleszt\u00e9se \u00e9s egy \u00faj kutat\u00f3 alkalmaz\u00e1shoz sz\u00fcks\u00e9ges b\u00e9rkeret biztos\u00edt\u00e1sa \u00e1ltal.<\/p>\n<p><img loading=\"lazy\" decoding=\"async\" class=\"alignright\" src=\"https:\/\/semmelweis.hu\/kfipalyazat\/files\/2025\/07\/NKFIA_infoblokk_kerettel_program_fekvo_2019_HU.jpg\" width=\"590\" height=\"250\" \/><\/p>\n","protected":false},"excerpt":{"rendered":"<p>Projekt c\u00edme: Organotipikus hum\u00e1n retina modell, mint v\u00edrusvektor-fejleszt\u0151 platform: innovat\u00edv g\u00e9nter\u00e1pi\u00e1s strat\u00e9gi\u00e1k \u00e9s transzl\u00e1ci\u00f3s folyamatok optimaliz\u00e1l\u00e1sa Projektazonos\u00edt\u00f3: 2025-3.1.1-ED-2025-00008 A projekt megval\u00f3s\u00edt\u00e1s\u00e1nak kezdete: 2025.04.01 A projekt fizikai befejez\u00e9s\u00e9nek hat\u00e1rideje: 2028.09.30 T\u00e1mogat\u00e1s \u00f6sszege: 416 233\u00a0910 Ft Kapcsolattart\u00f3: Dr. Szab\u00f3 Arnold Szervezeti egys\u00e9g: Anat\u00f3miai, Sz\u00f6vet- \u00e9s Fejl\u0151d\u00e9stani Int\u00e9zet Projektr\u0151l: A l\u00e1t\u00e1sroml\u00e1s lass\u00edt\u00e1s\u00e1t \u00e9s a l\u00e1t\u00e1s helyre\u00e1ll\u00edt\u00e1s\u00e1t c\u00e9lz\u00f3 kutat\u00e1sok &hellip;<\/p>\n","protected":false},"author":102410,"featured_media":0,"parent":229,"menu_order":16,"comment_status":"closed","ping_status":"closed","template":"","meta":{"_acf_changed":false,"footnotes":""},"categories":[],"tags":[],"class_list":["post-1003","page","type-page","status-publish","hentry"],"acf":[],"_links":{"self":[{"href":"https:\/\/semmelweis.hu\/kfipalyazat\/wp-json\/wp\/v2\/pages\/1003","targetHints":{"allow":["GET"]}}],"collection":[{"href":"https:\/\/semmelweis.hu\/kfipalyazat\/wp-json\/wp\/v2\/pages"}],"about":[{"href":"https:\/\/semmelweis.hu\/kfipalyazat\/wp-json\/wp\/v2\/types\/page"}],"author":[{"embeddable":true,"href":"https:\/\/semmelweis.hu\/kfipalyazat\/wp-json\/wp\/v2\/users\/102410"}],"replies":[{"embeddable":true,"href":"https:\/\/semmelweis.hu\/kfipalyazat\/wp-json\/wp\/v2\/comments?post=1003"}],"version-history":[{"count":3,"href":"https:\/\/semmelweis.hu\/kfipalyazat\/wp-json\/wp\/v2\/pages\/1003\/revisions"}],"predecessor-version":[{"id":1006,"href":"https:\/\/semmelweis.hu\/kfipalyazat\/wp-json\/wp\/v2\/pages\/1003\/revisions\/1006"}],"up":[{"embeddable":true,"href":"https:\/\/semmelweis.hu\/kfipalyazat\/wp-json\/wp\/v2\/pages\/229"}],"wp:attachment":[{"href":"https:\/\/semmelweis.hu\/kfipalyazat\/wp-json\/wp\/v2\/media?parent=1003"}],"wp:term":[{"taxonomy":"category","embeddable":true,"href":"https:\/\/semmelweis.hu\/kfipalyazat\/wp-json\/wp\/v2\/categories?post=1003"},{"taxonomy":"post_tag","embeddable":true,"href":"https:\/\/semmelweis.hu\/kfipalyazat\/wp-json\/wp\/v2\/tags?post=1003"}],"curies":[{"name":"wp","href":"https:\/\/api.w.org\/{rel}","templated":true}]}}