{"id":45,"date":"2019-05-08T00:00:00","date_gmt":"2019-05-08T00:00:00","guid":{"rendered":"http:\/\/test.semmelweis.hu\/kerpel\/tehetseggondozo_program_a_mi_szemszogunkbol\/"},"modified":"2019-05-08T00:00:00","modified_gmt":"2019-05-08T00:00:00","slug":"tehetseggondozo_program_a_mi_szemszogunkbol","status":"publish","type":"page","link":"https:\/\/semmelweis.hu\/kerpel\/partner_kozepiskolak\/tehetseggondozo_program_a_mi_szemszogunkbol\/","title":{"rendered":"Tehets\u00e9ggondoz\u00f3 Program a mi szemsz\u00f6g\u00fcnkb\u0151l"},"content":{"rendered":"<p><strong><a href=\"https:\/\/semmelweis.hu\/kerpel\/files\/2019\/05\/diakoktehetsegnap.jpg\"><img loading=\"lazy\" decoding=\"async\" class=\"size-medium wp-image-465 alignright\" src=\"https:\/\/semmelweis.hu\/kerpel\/files\/2019\/05\/diakoktehetsegnap-300x200.jpg\" alt=\"\" width=\"300\" height=\"200\" srcset=\"https:\/\/semmelweis.hu\/kerpel\/files\/2019\/05\/diakoktehetsegnap.jpg 300w, https:\/\/semmelweis.hu\/kerpel\/files\/2019\/05\/diakoktehetsegnap-203x135.jpg 203w\" sizes=\"auto, (max-width: 300px) 100vw, 300px\" \/><\/a>A febru\u00e1ri tehets\u00e9gnap nagy sikere miatt a Semmelweis Egyetem ism\u00e9t lehet\u0151s\u00e9get adott az \u00e9rdekl\u0151d\u0151, most m\u00e1r f\u0151leg harmadikos gimnazist\u00e1k-nak, hogy bepillant\u00e1st nyerjenek az egyetem \u00e9let\u00e9be.<\/strong><\/p>\n<p style=\"text-align: justify\">A febru\u00e1ri tehets\u00e9gnap nagy sikere miatt a Semmelweis Egyetem ism\u00e9t lehet\u0151s\u00e9get adott az \u00e9rdekl\u0151d\u0151, most m\u00e1r f\u0151leg harmadikos gimnazist\u00e1knak, hogy bepillant\u00e1st nyerjenek az egyetem \u00e9let\u00e9be.<\/p>\n<p style=\"text-align: justify\">Az E\u00f6tv\u00f6s J\u00f3zsef Gimn\u00e1zium tanul\u00f3jak\u00e9nt &#8211; az egyetemmel id\u00e9n indul\u00f3 partnerkapcsolat r\u00e9v\u00e9n &#8211; \u00e9n is r\u00e9szt vehettem ezen az esem\u00e9nyen. A tov\u00e1bbi 13 partneriskol\u00e1b\u00f3l iskol\u00e1nk\u00e9nt nagyj\u00e1b\u00f3l 10-11 di\u00e1k l\u00e1togathatott el a k\u00fcl\u00f6nb\u00f6z\u0151 laborat\u00f3riumokba, m\u00fazeumokba, klinik\u00e1kra, valamint ism\u00e9t volt boncol\u00e1s is. Az id\u0151 \u00e9s hely sz\u0171k\u00e9ben mindenki egy helysz\u00ednt l\u00e1togathatott meg, ahol nagyj\u00e1b\u00f3l egy \u00f3r\u00e1t t\u00f6lt\u00f6tt\u00fcnk. Megismerkedhett\u00fcnk k\u00f6zelebbr\u0151l a kutat\u00e1sok k\u00f6r\u00fclm\u00e9nyeivel, folyamat\u00e1val, a klinik\u00e1kon foly\u00f3 munk\u00e1val \u00e9s az ott dolgoz\u00f3kkal. Mindez seg\u00edtett abban, hogy k\u00f6zelebb ker\u00fclj\u00fcnk az orvosl\u00e1shoz, eloszlatta a di\u00e1kok t\u00f6bbs\u00e9g\u00e9nek k\u00e9telyeit \u00e9s f\u00e9lelmeit, valamint bar\u00e1ts\u00e1gosabb\u00e1 tette a k\u00f6rnyezetet \u00e9s a benne mozg\u00f3 embereket, legyenek azok professzorok vagy hallgat\u00f3k. Mindenki sz\u00edvesen fogadott minket \u00e9s besz\u00e9lt arr\u00f3l, hogy \u00e9ppen mivel foglalkozik, vagy milyen terveik vannak a j\u00f6v\u0151ben.<\/p>\n<p style=\"text-align: justify\">A laborl\u00e1togat\u00e1sok ut\u00e1n a programot a T\u0171zolt\u00f3 utcai \u00faj \u00e9p\u00fcletben folytattuk, ahol Freund Tam\u00e1s agykutat\u00f3 tartott egy lebilincsel\u0151 el\u0151ad\u00e1st bels\u0151 vil\u00e1gunk szerep\u00e9r\u0151l a tanul\u00e1si \u00e9s mem\u00f3ria-folyamatokban, melynek egyik m\u0171k\u00f6d\u00e9s\u00e9t a szeml\u00e9letes polip-hasonlattal magyar\u00e1zta. Ide m\u00e1r azok a di\u00e1kok is csatlakozhattak, akik nem f\u00e9rtek be a l\u00e1togat\u00f3 csoportokba, \u00edgy m\u00e9g nagyobb l\u00e9tsz\u00e1m\u00fa \u00e9rdekl\u0151d\u0151 volt jelen.<\/p>\n<p style=\"text-align: justify\">Az el\u0151ad\u00e1st k\u00f6tetlenebb besz\u00e9lget\u00e9s k\u00f6vette, melyet Dr. Szab\u00f3 Attila vezetett. Ezen a Tehets\u00e9ggondoz\u00f3 Tan\u00e1cs megjelent tagjait\u00f3l hallhattunk szem\u00e9lyes \u00e9lm\u00e9nyeket, v\u00e9lem\u00e9nyeket, tapasztalatokat \u00e9s lehet\u0151s\u00e9geket. Igyekeztek minket inspir\u00e1lni arra, hogy itt folytassuk tov\u00e1bb tanulm\u00e1nyainkat annak \u00e9rdek\u00e9ben, hogy j\u00f3 orvosok lehess\u00fcnk.<\/p>\n<p style=\"text-align: justify\">\u00d6sszess\u00e9g\u00e9ben \u00fagy v\u00e9lem, mindenki nagyon pozit\u00edv benyom\u00e1sokkal \u00e9s \u00e9lm\u00e9nyekkel t\u00e1vozott, az eddig hezit\u00e1l\u00f3k is kedvet kaptak az orvosl\u00e1s k\u00fcl\u00f6nb\u00f6z\u0151 ter\u00fcleteihez. Engem szem\u00e9lyesen az orvosi p\u00e1lya kutat\u00e1s r\u00e9sze ragadott meg, k\u00fcl\u00f6n\u00f6sen az or\u00e1lbiol\u00f3giai tansz\u00e9k megl\u00e1togat\u00e1sa ut\u00e1n.<\/p>\n<p style=\"text-align: justify\">A magam \u00e9s iskol\u00e1m nev\u00e9ben is szeretn\u00e9k k\u00f6sz\u00f6netet mondani a Kerpel-Fronius \u00d6d\u00f6n Tehets\u00e9ggondoz\u00f3 Tan\u00e1csnak a lehet\u0151s\u00e9g\u00e9rt \u00e9s Szluka Be\u00e1t\u00e1nak a szervez\u00e9s\u00e9rt. Amennyiben j\u00f6v\u0151re is megrendez\u00e9sre ker\u00fcl ilyen Tehets\u00e9gnap, eg\u00e9szen biztos, hogy hasonl\u00f3 vagy m\u00e9g nagyobb \u00e9rdekl\u0151d\u00e9s v\u00e1rhat\u00f3, mivel sokat tanulhattunk \u00e9s profit\u00e1lhattunk bel\u0151le.<\/p>\n<p style=\"text-align: right\"><em>P\u00e9terv\u00e1ri Petra E\u00f6tv\u00f6s J\u00f3zsef Gimn\u00e1zium<\/em><\/p>\n","protected":false},"excerpt":{"rendered":"<p><a href=\"https:\/\/semmelweis.hu\/kerpel\/files\/2019\/05\/diakoktehetsegnap.jpg\"><\/a> A febru\u00e1ri tehets\u00e9gnap nagy sikere miatt a Semmelweis Egyetem ism\u00e9t lehet\u0151s\u00e9get adott az \u00e9rdekl\u0151d\u0151, most m\u00e1r f\u0151leg harmadikos gimnazist\u00e1k-nak, hogy bepillant\u00e1st nyerjenek az egyetem \u00e9let\u00e9be. A febru\u00e1ri tehets\u00e9gnap nagy sikere miatt a Semmelweis Egyetem ism\u00e9t lehet\u0151s\u00e9get adott az \u00e9rdekl\u0151d\u0151, most m\u00e1r f\u0151leg harmadikos gimnazist\u00e1knak, hogy bepillant\u00e1st nyerjenek az egyetem \u00e9let\u00e9be. Az E\u00f6tv\u00f6s J\u00f3zsef Gimn\u00e1zium tanul\u00f3jak\u00e9nt &hellip;<\/p>\n","protected":false},"author":158,"featured_media":0,"parent":10,"menu_order":3,"comment_status":"closed","ping_status":"closed","template":"","meta":{"_acf_changed":false,"footnotes":""},"categories":[],"tags":[],"class_list":["post-45","page","type-page","status-publish","hentry"],"acf":[],"_links":{"self":[{"href":"https:\/\/semmelweis.hu\/kerpel\/wp-json\/wp\/v2\/pages\/45","targetHints":{"allow":["GET"]}}],"collection":[{"href":"https:\/\/semmelweis.hu\/kerpel\/wp-json\/wp\/v2\/pages"}],"about":[{"href":"https:\/\/semmelweis.hu\/kerpel\/wp-json\/wp\/v2\/types\/page"}],"author":[{"embeddable":true,"href":"https:\/\/semmelweis.hu\/kerpel\/wp-json\/wp\/v2\/users\/158"}],"replies":[{"embeddable":true,"href":"https:\/\/semmelweis.hu\/kerpel\/wp-json\/wp\/v2\/comments?post=45"}],"version-history":[{"count":0,"href":"https:\/\/semmelweis.hu\/kerpel\/wp-json\/wp\/v2\/pages\/45\/revisions"}],"up":[{"embeddable":true,"href":"https:\/\/semmelweis.hu\/kerpel\/wp-json\/wp\/v2\/pages\/10"}],"wp:attachment":[{"href":"https:\/\/semmelweis.hu\/kerpel\/wp-json\/wp\/v2\/media?parent=45"}],"wp:term":[{"taxonomy":"category","embeddable":true,"href":"https:\/\/semmelweis.hu\/kerpel\/wp-json\/wp\/v2\/categories?post=45"},{"taxonomy":"post_tag","embeddable":true,"href":"https:\/\/semmelweis.hu\/kerpel\/wp-json\/wp\/v2\/tags?post=45"}],"curies":[{"name":"wp","href":"https:\/\/api.w.org\/{rel}","templated":true}]}}