{"id":3738,"date":"2026-02-10T12:46:13","date_gmt":"2026-02-10T11:46:13","guid":{"rendered":"https:\/\/semmelweis.hu\/kerpel\/?page_id=3738"},"modified":"2026-02-11T10:01:18","modified_gmt":"2026-02-11T09:01:18","slug":"junior-akademia","status":"publish","type":"page","link":"https:\/\/semmelweis.hu\/kerpel\/junior-akademia\/","title":{"rendered":"Junior Akad\u00e9mia"},"content":{"rendered":"<p>A Junior Akad\u00e9mia a Semmelweis Egyetem Kerpel-Fronius \u00d6d\u00f6n Tehets\u00e9ggondoz\u00f3 Program k\u00f6z\u00e9piskol\u00e1soknak sz\u00f3l\u00f3 el\u0151ad\u00e1ssorozata \u00e9s tanulm\u00e1nyi versenye, mely 2022-ben indult.\u00a0<\/p>\n<p>Az \u00e9vadok (tan\u00e9vek) sor\u00e1n a r\u00e9sztvev\u0151k havonta egy orvosi &#8211; eg\u00e9szs\u00e9g\u00fcgyi t\u00e9m\u00e1j\u00fa online el\u0151ad\u00e1son vehetnek r\u00e9szt, majd az el\u0151ad\u00e1st k\u00f6vet\u0151en tesztet t\u00f6lthetnek ki, mellyel pontokat gy\u0171jtenek a versenyhez. Az \u00e9vad v\u00e9g\u00e9n a pontsz\u00e1m alapj\u00e1n legjobban teljes\u00edt\u0151 20-25 di\u00e1knak lehet\u0151s\u00e9ge ny\u00edlik r\u00e9szt venni a ny\u00e1ri <a href=\"https:\/\/semmelweis.hu\/kerpel\/junio-akademia\/semmelweis-kerpel-tehetsegtabor\/\">Semmelweis-Kerpel Tehets\u00e9gt\u00e1borban<\/a>. A r\u00e9szv\u00e9tel b\u00e1rmely k\u00f6z\u00e9piskol\u00e1s di\u00e1k sz\u00e1m\u00e1ra nyitott \u00e9s ingyenes, azonban regisztr\u00e1ci\u00f3hoz k\u00f6t\u00f6tt. Az aktu\u00e1lis el\u0151ad\u00e1sr\u00f3l sz\u00f3l\u00f3 r\u00e9szletek, a jelentkez\u00e9si link, valamint az el\u0151ad\u00e1s ut\u00e1n megny\u00edl\u00f3 teszt linkje <a href=\"https:\/\/semmelweis.hu\/kerpel\/junio-akademia\/aktualis-eloadas\/\">ezen az oldalon<\/a> \u00e9rhet\u0151k el.<\/p>\n<p>A Junior Akad\u00e9mia szervez\u0151csapata:\u00a0<\/p>\n<p><img loading=\"lazy\" decoding=\"async\" class=\"alignnone  wp-image-3757\" style=\"font-size: 1rem\" src=\"https:\/\/semmelweis.hu\/kerpel\/files\/2026\/02\/RS198158_433A2046-scr-753x502-1.jpg\" alt=\"\" width=\"284\" height=\"189\" srcset=\"https:\/\/semmelweis.hu\/kerpel\/files\/2026\/02\/RS198158_433A2046-scr-753x502-1.jpg 753w, https:\/\/semmelweis.hu\/kerpel\/files\/2026\/02\/RS198158_433A2046-scr-753x502-1-400x267.jpg 400w, https:\/\/semmelweis.hu\/kerpel\/files\/2026\/02\/RS198158_433A2046-scr-753x502-1-203x135.jpg 203w\" sizes=\"auto, (max-width: 284px) 100vw, 284px\" \/><img loading=\"lazy\" decoding=\"async\" class=\"wp-image-3749 alignnone\" style=\"font-size: 1rem\" src=\"https:\/\/semmelweis.hu\/kerpel\/files\/2026\/02\/RS219220_GV5A7556-scr.jpg\" alt=\"\" width=\"283\" height=\"188\" srcset=\"https:\/\/semmelweis.hu\/kerpel\/files\/2026\/02\/RS219220_GV5A7556-scr.jpg 1200w, https:\/\/semmelweis.hu\/kerpel\/files\/2026\/02\/RS219220_GV5A7556-scr-400x267.jpg 400w, https:\/\/semmelweis.hu\/kerpel\/files\/2026\/02\/RS219220_GV5A7556-scr-1024x683.jpg 1024w, https:\/\/semmelweis.hu\/kerpel\/files\/2026\/02\/RS219220_GV5A7556-scr-768x512.jpg 768w, https:\/\/semmelweis.hu\/kerpel\/files\/2026\/02\/RS219220_GV5A7556-scr-753x502.jpg 753w, https:\/\/semmelweis.hu\/kerpel\/files\/2026\/02\/RS219220_GV5A7556-scr-203x135.jpg 203w\" sizes=\"auto, (max-width: 283px) 100vw, 283px\" \/><img loading=\"lazy\" decoding=\"async\" class=\"alignnone wp-image-3756 \" style=\"font-size: 1rem\" src=\"https:\/\/semmelweis.hu\/kerpel\/files\/2026\/02\/RS219208_GV5A7459-scr-1-e1770726928392.jpg\" alt=\"\" width=\"105\" height=\"188\" srcset=\"https:\/\/semmelweis.hu\/kerpel\/files\/2026\/02\/RS219208_GV5A7459-scr-1-e1770726928392.jpg 284w, https:\/\/semmelweis.hu\/kerpel\/files\/2026\/02\/RS219208_GV5A7459-scr-1-e1770726928392-223x400.jpg 223w\" sizes=\"auto, (max-width: 105px) 100vw, 105px\" \/><\/p>\n<p>Prof. Dr. Szab\u00f3 Attila, a Tehets\u00e9ggondoz\u00f3 Tan\u00e1cs eln\u00f6ke, a Junior Akad\u00e9mia \u00e9s a T\u00e1bor meg\u00e1lmod\u00f3ja; M\u00f3zsik Erika; Dr. L\u00e9vai Eszter, a Tan\u00e1cs junior titk\u00e1ra \u00e9s Dr. Bottlik Ol\u00edvia.<\/p>\n<p><img loading=\"lazy\" decoding=\"async\" class=\"alignnone  wp-image-3768\" src=\"https:\/\/semmelweis.hu\/kerpel\/files\/2026\/02\/kedves-robert-e1770729693427.jpg\" alt=\"\" width=\"143\" height=\"216\" srcset=\"https:\/\/semmelweis.hu\/kerpel\/files\/2026\/02\/kedves-robert-e1770729693427.jpg 530w, https:\/\/semmelweis.hu\/kerpel\/files\/2026\/02\/kedves-robert-e1770729693427-266x400.jpg 266w\" sizes=\"auto, (max-width: 143px) 100vw, 143px\" \/><\/p>\n<p>Az el\u0151ad\u00e1sok technol\u00f3giai \u00e9s koordi\u00e1ci\u00f3s vezet\u0151je, szervez\u0151je: Kedves R\u00f3bert<\/p>\n<p>Az el\u0151ad\u00e1sok felv\u00e9tele \u00e9s v\u00e1g\u00e1sa a <a href=\"https:\/\/semmelweis.hu\/kommunikacio\/studio\/\">Semmelweis St\u00fadi\u00f3<\/a>ban zajlik.\u00a0<\/p>\n<p>A Tehets\u00e9gt\u00e1bor seg\u00edt\u0151i:<\/p>\n<p><img loading=\"lazy\" decoding=\"async\" class=\"alignnone wp-image-3755 \" src=\"https:\/\/semmelweis.hu\/kerpel\/files\/2026\/02\/RS219212_GV5A7513-scr-e1770726607955.jpg\" alt=\"\" width=\"164\" height=\"268\" srcset=\"https:\/\/semmelweis.hu\/kerpel\/files\/2026\/02\/RS219212_GV5A7513-scr-e1770726607955.jpg 402w, https:\/\/semmelweis.hu\/kerpel\/files\/2026\/02\/RS219212_GV5A7513-scr-e1770726607955-244x400.jpg 244w\" sizes=\"auto, (max-width: 164px) 100vw, 164px\" \/><img loading=\"lazy\" decoding=\"async\" class=\"alignnone wp-image-3752 \" style=\"font-size: 1rem\" src=\"https:\/\/semmelweis.hu\/kerpel\/files\/2026\/02\/RS219218_GV5A7543-scr-e1770726655671.jpg\" alt=\"\" width=\"127\" height=\"267\" srcset=\"https:\/\/semmelweis.hu\/kerpel\/files\/2026\/02\/RS219218_GV5A7543-scr-e1770726655671.jpg 334w, https:\/\/semmelweis.hu\/kerpel\/files\/2026\/02\/RS219218_GV5A7543-scr-e1770726655671-190x400.jpg 190w\" sizes=\"auto, (max-width: 127px) 100vw, 127px\" \/><img loading=\"lazy\" decoding=\"async\" class=\"alignnone wp-image-3751 \" style=\"font-size: 1rem\" src=\"https:\/\/semmelweis.hu\/kerpel\/files\/2026\/02\/RS198162_433A2157-scr-e1770726735528.jpg\" alt=\"\" width=\"169\" height=\"267\" srcset=\"https:\/\/semmelweis.hu\/kerpel\/files\/2026\/02\/RS198162_433A2157-scr-e1770726735528.jpg 282w, https:\/\/semmelweis.hu\/kerpel\/files\/2026\/02\/RS198162_433A2157-scr-e1770726735528-254x400.jpg 254w\" sizes=\"auto, (max-width: 169px) 100vw, 169px\" \/><\/p>\n<p>Dr. Koll\u00e1r Krist\u00f3f, Varga Anita, Gelencs\u00e9r Rebeka, Papik Fl\u00f3ra, Cs\u00f6rg\u0151 Terka, Dr. D\u00e9zsi Anna<\/p>\n<p>Kor\u00e1bbi el\u0151ad\u00e1saink az al\u00e1bbi linken tekinthet\u0151k meg: <a href=\"https:\/\/www.youtube.com\/playlist?list=PLCehZAqE0dwlq2mzydDaqHiAdFzOMc_yG\">Youtube &#8211; Junior Akad\u00e9mia Lej\u00e1tsz\u00e1si Lista.<\/a><br \/>\nK\u00fcl\u00f6n szeretn\u00e9nk felh\u00edvni a figyelmet a Junior Akad\u00e9mia+ el\u0151ad\u00e1sokra, melyek a biol\u00f3gia \u00e9retts\u00e9gi k\u00f6vetelm\u00e9nyrendszer\u00e9nek orvostudom\u00e1nnyal kapcsolatos t\u00e9m\u00e1iban ny\u00fajtanak seg\u00edts\u00e9get.<\/p>\n","protected":false},"excerpt":{"rendered":"<p>A Junior Akad\u00e9mia a Semmelweis Egyetem Kerpel-Fronius \u00d6d\u00f6n Tehets\u00e9ggondoz\u00f3 Program k\u00f6z\u00e9piskol\u00e1soknak sz\u00f3l\u00f3 el\u0151ad\u00e1ssorozata \u00e9s tanulm\u00e1nyi versenye, mely 2022-ben indult.\u00a0 Az \u00e9vadok (tan\u00e9vek) sor\u00e1n a r\u00e9sztvev\u0151k havonta egy orvosi &#8211; eg\u00e9szs\u00e9g\u00fcgyi t\u00e9m\u00e1j\u00fa online el\u0151ad\u00e1son vehetnek r\u00e9szt, majd az el\u0151ad\u00e1st k\u00f6vet\u0151en tesztet t\u00f6lthetnek ki, mellyel pontokat gy\u0171jtenek a versenyhez. Az \u00e9vad v\u00e9g\u00e9n a pontsz\u00e1m alapj\u00e1n legjobban teljes\u00edt\u0151 &hellip;<\/p>\n","protected":false},"author":101894,"featured_media":0,"parent":0,"menu_order":0,"comment_status":"closed","ping_status":"closed","template":"","meta":{"_acf_changed":false,"footnotes":""},"categories":[],"tags":[],"class_list":["post-3738","page","type-page","status-publish","hentry"],"acf":[],"_links":{"self":[{"href":"https:\/\/semmelweis.hu\/kerpel\/wp-json\/wp\/v2\/pages\/3738","targetHints":{"allow":["GET"]}}],"collection":[{"href":"https:\/\/semmelweis.hu\/kerpel\/wp-json\/wp\/v2\/pages"}],"about":[{"href":"https:\/\/semmelweis.hu\/kerpel\/wp-json\/wp\/v2\/types\/page"}],"author":[{"embeddable":true,"href":"https:\/\/semmelweis.hu\/kerpel\/wp-json\/wp\/v2\/users\/101894"}],"replies":[{"embeddable":true,"href":"https:\/\/semmelweis.hu\/kerpel\/wp-json\/wp\/v2\/comments?post=3738"}],"version-history":[{"count":10,"href":"https:\/\/semmelweis.hu\/kerpel\/wp-json\/wp\/v2\/pages\/3738\/revisions"}],"predecessor-version":[{"id":3764,"href":"https:\/\/semmelweis.hu\/kerpel\/wp-json\/wp\/v2\/pages\/3738\/revisions\/3764"}],"wp:attachment":[{"href":"https:\/\/semmelweis.hu\/kerpel\/wp-json\/wp\/v2\/media?parent=3738"}],"wp:term":[{"taxonomy":"category","embeddable":true,"href":"https:\/\/semmelweis.hu\/kerpel\/wp-json\/wp\/v2\/categories?post=3738"},{"taxonomy":"post_tag","embeddable":true,"href":"https:\/\/semmelweis.hu\/kerpel\/wp-json\/wp\/v2\/tags?post=3738"}],"curies":[{"name":"wp","href":"https:\/\/api.w.org\/{rel}","templated":true}]}}

Junior Akadémia

<p>A Junior Akadémia a Semmelweis Egyetem Kerpel-Fronius Ödön Tehetséggondozó Program középiskolásoknak szóló előadássorozata és tanulmányi versenye, mely 2022-ben indult. </p>
<p>Az évadok (tanévek) során a résztvevők havonta egy orvosi &#8211; egészségügyi témájú online előadáson vehetnek részt, majd az előadást követően tesztet tölthetnek ki, mellyel pontokat gyűjtenek a versenyhez. Az évad végén a pontszám alapján legjobban teljesítő 20-25 diáknak lehetősége nyílik részt venni a nyári <a href="https://semmelweis.hu/kerpel/junio-akademia/semmelweis-kerpel-tehetsegtabor/">Semmelweis-Kerpel Tehetségtáborban</a>. A részvétel bármely középiskolás diák számára nyitott és ingyenes, azonban regisztrációhoz kötött. Az aktuális előadásról szóló részletek, a jelentkezési link, valamint az előadás után megnyíló teszt linkje <a href="https://semmelweis.hu/kerpel/junio-akademia/aktualis-eloadas/">ezen az oldalon</a> érhetők el.</p>
<p>A Junior Akadémia szervezőcsapata: </p>
<p><img loading="lazy" decoding="async" class="alignnone  wp-image-3757" style="font-size: 1rem" src="https://semmelweis.hu/kerpel/files/2026/02/RS198158_433A2046-scr-753x502-1.jpg" alt="" width="284" height="189" srcset="https://semmelweis.hu/kerpel/files/2026/02/RS198158_433A2046-scr-753x502-1.jpg 753w, https://semmelweis.hu/kerpel/files/2026/02/RS198158_433A2046-scr-753x502-1-400x267.jpg 400w, https://semmelweis.hu/kerpel/files/2026/02/RS198158_433A2046-scr-753x502-1-203x135.jpg 203w" sizes="auto, (max-width: 284px) 100vw, 284px" /><img loading="lazy" decoding="async" class="wp-image-3749 alignnone" style="font-size: 1rem" src="https://semmelweis.hu/kerpel/files/2026/02/RS219220_GV5A7556-scr.jpg" alt="" width="283" height="188" srcset="https://semmelweis.hu/kerpel/files/2026/02/RS219220_GV5A7556-scr.jpg 1200w, https://semmelweis.hu/kerpel/files/2026/02/RS219220_GV5A7556-scr-400x267.jpg 400w, https://semmelweis.hu/kerpel/files/2026/02/RS219220_GV5A7556-scr-1024x683.jpg 1024w, https://semmelweis.hu/kerpel/files/2026/02/RS219220_GV5A7556-scr-768x512.jpg 768w, https://semmelweis.hu/kerpel/files/2026/02/RS219220_GV5A7556-scr-753x502.jpg 753w, https://semmelweis.hu/kerpel/files/2026/02/RS219220_GV5A7556-scr-203x135.jpg 203w" sizes="auto, (max-width: 283px) 100vw, 283px" /><img loading="lazy" decoding="async" class="alignnone wp-image-3756 " style="font-size: 1rem" src="https://semmelweis.hu/kerpel/files/2026/02/RS219208_GV5A7459-scr-1-e1770726928392.jpg" alt="" width="105" height="188" srcset="https://semmelweis.hu/kerpel/files/2026/02/RS219208_GV5A7459-scr-1-e1770726928392.jpg 284w, https://semmelweis.hu/kerpel/files/2026/02/RS219208_GV5A7459-scr-1-e1770726928392-223x400.jpg 223w" sizes="auto, (max-width: 105px) 100vw, 105px" /></p>
<p>Prof. Dr. Szabó Attila, a Tehetséggondozó Tanács elnöke, a Junior Akadémia és a Tábor megálmodója; Mózsik Erika; Dr. Lévai Eszter, a Tanács junior titkára és Dr. Bottlik Olívia.</p>
<p><img loading="lazy" decoding="async" class="alignnone  wp-image-3768" src="https://semmelweis.hu/kerpel/files/2026/02/kedves-robert-e1770729693427.jpg" alt="" width="143" height="216" srcset="https://semmelweis.hu/kerpel/files/2026/02/kedves-robert-e1770729693427.jpg 530w, https://semmelweis.hu/kerpel/files/2026/02/kedves-robert-e1770729693427-266x400.jpg 266w" sizes="auto, (max-width: 143px) 100vw, 143px" /></p>
<p>Az előadások technológiai és koordiációs vezetője, szervezője: Kedves Róbert</p>
<p>Az előadások felvétele és vágása a <a href="https://semmelweis.hu/kommunikacio/studio/">Semmelweis Stúdió</a>ban zajlik. </p>
<p>A Tehetségtábor segítői:</p>
<p><img loading="lazy" decoding="async" class="alignnone wp-image-3755 " src="https://semmelweis.hu/kerpel/files/2026/02/RS219212_GV5A7513-scr-e1770726607955.jpg" alt="" width="164" height="268" srcset="https://semmelweis.hu/kerpel/files/2026/02/RS219212_GV5A7513-scr-e1770726607955.jpg 402w, https://semmelweis.hu/kerpel/files/2026/02/RS219212_GV5A7513-scr-e1770726607955-244x400.jpg 244w" sizes="auto, (max-width: 164px) 100vw, 164px" /><img loading="lazy" decoding="async" class="alignnone wp-image-3752 " style="font-size: 1rem" src="https://semmelweis.hu/kerpel/files/2026/02/RS219218_GV5A7543-scr-e1770726655671.jpg" alt="" width="127" height="267" srcset="https://semmelweis.hu/kerpel/files/2026/02/RS219218_GV5A7543-scr-e1770726655671.jpg 334w, https://semmelweis.hu/kerpel/files/2026/02/RS219218_GV5A7543-scr-e1770726655671-190x400.jpg 190w" sizes="auto, (max-width: 127px) 100vw, 127px" /><img loading="lazy" decoding="async" class="alignnone wp-image-3751 " style="font-size: 1rem" src="https://semmelweis.hu/kerpel/files/2026/02/RS198162_433A2157-scr-e1770726735528.jpg" alt="" width="169" height="267" srcset="https://semmelweis.hu/kerpel/files/2026/02/RS198162_433A2157-scr-e1770726735528.jpg 282w, https://semmelweis.hu/kerpel/files/2026/02/RS198162_433A2157-scr-e1770726735528-254x400.jpg 254w" sizes="auto, (max-width: 169px) 100vw, 169px" /></p>
<p>Dr. Kollár Kristóf, Varga Anita, Gelencsér Rebeka, Papik Flóra, Csörgő Terka, Dr. Dézsi Anna</p>
<p>Korábbi előadásaink az alábbi linken tekinthetők meg: <a href="https://www.youtube.com/playlist?list=PLCehZAqE0dwlq2mzydDaqHiAdFzOMc_yG">Youtube &#8211; Junior Akadémia Lejátszási Lista.</a><br />
Külön szeretnénk felhívni a figyelmet a Junior Akadémia+ előadásokra, melyek a biológia érettségi követelményrendszerének orvostudománnyal kapcsolatos témáiban nyújtanak segítséget.</p>

<p>A Junior Akadémia a Semmelweis Egyetem Kerpel-Fronius Ödön Tehetséggondozó Program középiskolásoknak szóló előadássorozata és tanulmányi versenye, mely 2022-ben indult.  Az évadok (tanévek) során a résztvevők havonta egy orvosi &#8211; egészségügyi témájú online előadáson vehetnek részt, majd az előadást követően tesztet tölthetnek ki, mellyel pontokat gyűjtenek a versenyhez. Az évad végén a pontszám alapján legjobban teljesítő &hellip;</p>
