{"id":3615,"date":"2025-07-19T15:47:46","date_gmt":"2025-07-19T13:47:46","guid":{"rendered":"https:\/\/semmelweis.hu\/kerpel\/?page_id=3615"},"modified":"2025-07-19T15:51:25","modified_gmt":"2025-07-19T13:51:25","slug":"ii-semmelweis-kerpel-tehetsegtabor-koszonetnyilvanitas","status":"publish","type":"page","link":"https:\/\/semmelweis.hu\/kerpel\/ii-semmelweis-kerpel-tehetsegtabor-koszonetnyilvanitas\/","title":{"rendered":"II. Semmelweis-Kerpel Tehets\u00e9gt\u00e1bor &#8211; K\u00f6sz\u00f6netnyilv\u00e1n\u00edt\u00e1s"},"content":{"rendered":"<p style=\"text-align: center\">K\u00d6SZ\u00d6NETNYILV\u00c1N\u00cdT\u00c1S<\/p>\n<p>A Kerpel-Fronius \u00d6d\u00f6n Tehets\u00e9ggondoz\u00f3 Program Tan\u00e1csa, valamint a Semmelweis-Kerpel Tehets\u00e9gt\u00e1bor szervez\u0151 csapata k\u00f6sz\u00f6net\u00e9t fejezi ki mindazok sz\u00e1m\u00e1ra, akiknek anyagi, vagy szakmai t\u00e1mogat\u00e1sa n\u00e9lk\u00fcl a 2025. j\u00falius 10.-12. k\u00f6z\u00f6tt megrendezett Tehets\u00e9gt\u00e1bor nem j\u00f6hetett volna l\u00e9tre.<\/p>\n<p>H\u00e1l\u00e1san k\u00f6sz\u00f6nj\u00fck a Nemzeti Eg\u00e9szs\u00e9g\u00fcgyi \u00e9s Orvosk\u00e9pz\u00e9s\u00e9rt Alap\u00edtv\u00e1ny anyagi t\u00e1mogat\u00e1s\u00e1t.<\/p>\n<p>Nagyon k\u00f6sz\u00f6nj\u00fck a Sager Dental Web\u00e1ruh\u00e1z t\u00e1mogat\u00e1s\u00e1t, amely fogkef\u00e9kkel aj\u00e1nd\u00e9kozta meg a t\u00e1boroz\u00f3 di\u00e1kokat.<\/p>\n<p>Szeretn\u00e9nk k\u00f6sz\u00f6netet mondani mindazon int\u00e9zeteknek \u00e9s programtart\u00f3knak, akik magas sz\u00ednvonal\u00fa szakmai \u00e9s emberi hozz\u00e1\u00e1ll\u00e1sukkal hozz\u00e1j\u00e1rultak a Tehets\u00e9gt\u00e1bor siker\u00e9hez.<\/p>\n<p>A Tehets\u00e9gt\u00e1borr\u00f3l k\u00e9sz\u00fclt cikk az <a href=\"https:\/\/semmelweis.hu\/hirek\/2025\/07\/16\/izgalmas-szakmai-programok-a-ii-semmelweis-kerpel-tehetsegtabor-diakjainak\/\">al\u00e1bbi linken<\/a> olvashat\u00f3 a Semmelweis Egyetem honlapj\u00e1n.\u00a0<\/p>\n<p><img loading=\"lazy\" decoding=\"async\" class=\" wp-image-3616 alignleft\" src=\"https:\/\/semmelweis.hu\/kerpel\/files\/2025\/07\/IMG_5006-scaled.jpeg\" alt=\"\" width=\"302\" height=\"226\" srcset=\"https:\/\/semmelweis.hu\/kerpel\/files\/2025\/07\/IMG_5006-scaled.jpeg 2560w, https:\/\/semmelweis.hu\/kerpel\/files\/2025\/07\/IMG_5006-400x300.jpeg 400w, https:\/\/semmelweis.hu\/kerpel\/files\/2025\/07\/IMG_5006-1024x768.jpeg 1024w, https:\/\/semmelweis.hu\/kerpel\/files\/2025\/07\/IMG_5006-768x576.jpeg 768w, https:\/\/semmelweis.hu\/kerpel\/files\/2025\/07\/IMG_5006-1536x1152.jpeg 1536w, https:\/\/semmelweis.hu\/kerpel\/files\/2025\/07\/IMG_5006-2048x1536.jpeg 2048w, https:\/\/semmelweis.hu\/kerpel\/files\/2025\/07\/IMG_5006-753x565.jpeg 753w\" sizes=\"auto, (max-width: 302px) 100vw, 302px\" \/><img loading=\"lazy\" decoding=\"async\" class=\" wp-image-3618 alignleft\" src=\"https:\/\/semmelweis.hu\/kerpel\/files\/2025\/07\/IMG_5017-scaled.jpeg\" alt=\"\" width=\"170\" height=\"227\" srcset=\"https:\/\/semmelweis.hu\/kerpel\/files\/2025\/07\/IMG_5017-scaled.jpeg 1920w, https:\/\/semmelweis.hu\/kerpel\/files\/2025\/07\/IMG_5017-300x400.jpeg 300w, https:\/\/semmelweis.hu\/kerpel\/files\/2025\/07\/IMG_5017-768x1024.jpeg 768w, https:\/\/semmelweis.hu\/kerpel\/files\/2025\/07\/IMG_5017-1152x1536.jpeg 1152w, https:\/\/semmelweis.hu\/kerpel\/files\/2025\/07\/IMG_5017-1536x2048.jpeg 1536w, https:\/\/semmelweis.hu\/kerpel\/files\/2025\/07\/IMG_5017-753x1004.jpeg 753w\" sizes=\"auto, (max-width: 170px) 100vw, 170px\" \/><img loading=\"lazy\" decoding=\"async\" class=\" wp-image-3622 alignleft\" src=\"https:\/\/semmelweis.hu\/kerpel\/files\/2025\/07\/517126369_3986976041542364_6033874544072791279_n.jpg\" alt=\"\" width=\"159\" height=\"227\" srcset=\"https:\/\/semmelweis.hu\/kerpel\/files\/2025\/07\/517126369_3986976041542364_6033874544072791279_n.jpg 1434w, https:\/\/semmelweis.hu\/kerpel\/files\/2025\/07\/517126369_3986976041542364_6033874544072791279_n-280x400.jpg 280w, https:\/\/semmelweis.hu\/kerpel\/files\/2025\/07\/517126369_3986976041542364_6033874544072791279_n-717x1024.jpg 717w, https:\/\/semmelweis.hu\/kerpel\/files\/2025\/07\/517126369_3986976041542364_6033874544072791279_n-768x1096.jpg 768w, https:\/\/semmelweis.hu\/kerpel\/files\/2025\/07\/517126369_3986976041542364_6033874544072791279_n-1076x1536.jpg 1076w, https:\/\/semmelweis.hu\/kerpel\/files\/2025\/07\/517126369_3986976041542364_6033874544072791279_n-753x1075.jpg 753w\" sizes=\"auto, (max-width: 159px) 100vw, 159px\" \/><\/p>\n<p>&nbsp;<\/p>\n","protected":false},"excerpt":{"rendered":"<p>K\u00d6SZ\u00d6NETNYILV\u00c1N\u00cdT\u00c1S A Kerpel-Fronius \u00d6d\u00f6n Tehets\u00e9ggondoz\u00f3 Program Tan\u00e1csa, valamint a Semmelweis-Kerpel Tehets\u00e9gt\u00e1bor szervez\u0151 csapata k\u00f6sz\u00f6net\u00e9t fejezi ki mindazok sz\u00e1m\u00e1ra, akiknek anyagi, vagy szakmai t\u00e1mogat\u00e1sa n\u00e9lk\u00fcl a 2025. j\u00falius 10.-12. k\u00f6z\u00f6tt megrendezett Tehets\u00e9gt\u00e1bor nem j\u00f6hetett volna l\u00e9tre. H\u00e1l\u00e1san k\u00f6sz\u00f6nj\u00fck a Nemzeti Eg\u00e9szs\u00e9g\u00fcgyi \u00e9s Orvosk\u00e9pz\u00e9s\u00e9rt Alap\u00edtv\u00e1ny anyagi t\u00e1mogat\u00e1s\u00e1t. Nagyon k\u00f6sz\u00f6nj\u00fck a Sager Dental Web\u00e1ruh\u00e1z t\u00e1mogat\u00e1s\u00e1t, amely fogkef\u00e9kkel aj\u00e1nd\u00e9kozta &hellip;<\/p>\n","protected":false},"author":101894,"featured_media":0,"parent":0,"menu_order":0,"comment_status":"closed","ping_status":"closed","template":"","meta":{"_acf_changed":false,"footnotes":""},"categories":[1],"tags":[],"class_list":["post-3615","page","type-page","status-publish","hentry","category-hirek"],"acf":[],"_links":{"self":[{"href":"https:\/\/semmelweis.hu\/kerpel\/wp-json\/wp\/v2\/pages\/3615","targetHints":{"allow":["GET"]}}],"collection":[{"href":"https:\/\/semmelweis.hu\/kerpel\/wp-json\/wp\/v2\/pages"}],"about":[{"href":"https:\/\/semmelweis.hu\/kerpel\/wp-json\/wp\/v2\/types\/page"}],"author":[{"embeddable":true,"href":"https:\/\/semmelweis.hu\/kerpel\/wp-json\/wp\/v2\/users\/101894"}],"replies":[{"embeddable":true,"href":"https:\/\/semmelweis.hu\/kerpel\/wp-json\/wp\/v2\/comments?post=3615"}],"version-history":[{"count":4,"href":"https:\/\/semmelweis.hu\/kerpel\/wp-json\/wp\/v2\/pages\/3615\/revisions"}],"predecessor-version":[{"id":3626,"href":"https:\/\/semmelweis.hu\/kerpel\/wp-json\/wp\/v2\/pages\/3615\/revisions\/3626"}],"wp:attachment":[{"href":"https:\/\/semmelweis.hu\/kerpel\/wp-json\/wp\/v2\/media?parent=3615"}],"wp:term":[{"taxonomy":"category","embeddable":true,"href":"https:\/\/semmelweis.hu\/kerpel\/wp-json\/wp\/v2\/categories?post=3615"},{"taxonomy":"post_tag","embeddable":true,"href":"https:\/\/semmelweis.hu\/kerpel\/wp-json\/wp\/v2\/tags?post=3615"}],"curies":[{"name":"wp","href":"https:\/\/api.w.org\/{rel}","templated":true}]}}