{"id":3423,"date":"2024-07-08T22:13:28","date_gmt":"2024-07-08T20:13:28","guid":{"rendered":"https:\/\/semmelweis.hu\/kerpel\/?page_id=3423"},"modified":"2025-03-20T20:38:43","modified_gmt":"2025-03-20T19:38:43","slug":"adatvedelem","status":"publish","type":"page","link":"https:\/\/semmelweis.hu\/kerpel\/bemutatkozas\/adatvedelem\/","title":{"rendered":"Adatv\u00e9delem"},"content":{"rendered":"<div><b>A Semmelweis Egyetem Tehets\u00e9ggondoz\u00f3 Tan\u00e1csa \u00e1ltal a Kerpel-Fronius \u00d6d\u00f6n Tehets\u00e9ggondoz\u00f3 Program keret\u00e9ben v\u00e9gzett szem\u00e9lyes adatkezel\u00e9ssel kapcsolatos inform\u00e1ci\u00f3k el\u00e9rhet\u0151s\u00e9ge:<\/b><\/div>\n<div>\u00a0<\/div>\n<div><b>Tehets\u00e9ggondoz\u00f3 Tan\u00e1cs <\/b>\u2013 adatkezel\u00e9si t\u00e1j\u00e9koztat\u00f3ja:<\/div>\n<div><a href=\"https:\/\/semmelweis.hu\/kerpel\/files\/2025\/03\/Adatkezelesi-tajekoztato-1.pdf\">ide kattintva t\u00f6lthet\u0151 le<\/a><\/div>\n<div><a href=\"https:\/\/semmelweis.hu\/kerpel\/files\/2024\/07\/Adatkezelesi-tajekoztato.pdf\"><u>arch\u00edv<\/u><\/a><\/div>\n<div>\u00a0<\/div>\n<div>\u00a0<\/div>\n<div>Az adatkezel\u0151nek\u00a0<b>a tehets\u00e9ggondoz\u00e1ssal, adminisztr\u00e1ci\u00f3s, \u00e9s munka\u00fcgyi\u00a0<\/b>feladataival \u00f6sszef\u00fcgg\u0151 adatkezel\u00e9sekkel kapcsolatos inform\u00e1ci\u00f3k el\u00e9rhet\u0151s\u00e9ge:<\/div>\n<div><a href=\"https:\/\/semmelweis.hu\/kerpel\/files\/2025\/03\/2.-Adatkezelesi-nyilvantartas-Tehetseggondozo-Tanacs-.xlsx\">ide kattintva t\u00f6lthet\u0151 le<\/a><\/div>\n<div><a href=\"https:\/\/semmelweis.hu\/kerpel\/files\/2024\/07\/1.-Adatkezelesi-nyilvantartas-Tehetseggondozo-Tanacs-1.xlsx\"><u>arch\u00edv<\/u><\/a><\/div>\n<div>\u00a0<\/div>\n","protected":false},"excerpt":{"rendered":"<p>A Semmelweis Egyetem Tehets\u00e9ggondoz\u00f3 Tan\u00e1csa \u00e1ltal a Kerpel-Fronius \u00d6d\u00f6n Tehets\u00e9ggondoz\u00f3 Program keret\u00e9ben v\u00e9gzett szem\u00e9lyes adatkezel\u00e9ssel kapcsolatos inform\u00e1ci\u00f3k el\u00e9rhet\u0151s\u00e9ge:<br \/>\n\u00a0<br \/>\nTehets\u00e9ggondoz\u00f3 Tan\u00e1cs \u2013 adatkezel\u00e9si t\u00e1j\u00e9koztat\u00f3ja:<br \/>\n<a href=\"https:\/\/semmelweis.hu\/kerpel\/files\/2025\/03\/Adatkezelesi-tajekoztato-1.pdf\">ide kattintva t\u00f6lthet\u0151 le<\/a><br \/>\n<a href=\"https:\/\/semmelweis.hu\/kerpel\/files\/2024\/07\/Adatkezelesi-tajekoztato.pdf\">arch\u00edv<\/a><br \/>\n\u00a0<br \/>\n\u00a0<br \/>\nAz adatkezel\u0151nek\u00a0a tehets\u00e9ggondoz\u00e1ssal, adminisztr\u00e1ci\u00f3s, \u00e9s munka\u00fcgyi\u00a0feladataival \u00f6sszef\u00fcgg\u0151 adatkezel\u00e9sekkel kapcsolatos inform\u00e1ci\u00f3k el\u00e9rhet\u0151s\u00e9ge:<br \/>\n<a href=\"https:\/\/semmelweis.hu\/kerpel\/files\/2025\/03\/2.-Adatkezelesi-nyilvantartas-Tehetseggondozo-Tanacs-.xlsx\">ide kattintva t\u00f6lthet\u0151 le<\/a><br \/>\n<a href=\"https:\/\/semmelweis.hu\/kerpel\/files\/2024\/07\/1.-Adatkezelesi-nyilvantartas-Tehetseggondozo-Tanacs-1.xlsx\">arch\u00edv<\/a><br \/>\n\u00a0<\/p>\n","protected":false},"author":102145,"featured_media":0,"parent":8,"menu_order":8,"comment_status":"closed","ping_status":"closed","template":"","meta":{"_acf_changed":false,"footnotes":""},"categories":[],"tags":[],"class_list":["post-3423","page","type-page","status-publish","hentry"],"acf":[],"_links":{"self":[{"href":"https:\/\/semmelweis.hu\/kerpel\/wp-json\/wp\/v2\/pages\/3423","targetHints":{"allow":["GET"]}}],"collection":[{"href":"https:\/\/semmelweis.hu\/kerpel\/wp-json\/wp\/v2\/pages"}],"about":[{"href":"https:\/\/semmelweis.hu\/kerpel\/wp-json\/wp\/v2\/types\/page"}],"author":[{"embeddable":true,"href":"https:\/\/semmelweis.hu\/kerpel\/wp-json\/wp\/v2\/users\/102145"}],"replies":[{"embeddable":true,"href":"https:\/\/semmelweis.hu\/kerpel\/wp-json\/wp\/v2\/comments?post=3423"}],"version-history":[{"count":5,"href":"https:\/\/semmelweis.hu\/kerpel\/wp-json\/wp\/v2\/pages\/3423\/revisions"}],"predecessor-version":[{"id":3562,"href":"https:\/\/semmelweis.hu\/kerpel\/wp-json\/wp\/v2\/pages\/3423\/revisions\/3562"}],"up":[{"embeddable":true,"href":"https:\/\/semmelweis.hu\/kerpel\/wp-json\/wp\/v2\/pages\/8"}],"wp:attachment":[{"href":"https:\/\/semmelweis.hu\/kerpel\/wp-json\/wp\/v2\/media?parent=3423"}],"wp:term":[{"taxonomy":"category","embeddable":true,"href":"https:\/\/semmelweis.hu\/kerpel\/wp-json\/wp\/v2\/categories?post=3423"},{"taxonomy":"post_tag","embeddable":true,"href":"https:\/\/semmelweis.hu\/kerpel\/wp-json\/wp\/v2\/tags?post=3423"}],"curies":[{"name":"wp","href":"https:\/\/api.w.org\/{rel}","templated":true}]}}

Adatvédelem

<div><b>A Semmelweis Egyetem Tehetséggondozó Tanácsa által a Kerpel-Fronius Ödön Tehetséggondozó Program keretében végzett személyes adatkezeléssel kapcsolatos információk elérhetősége:</b></div>
<div> </div>
<div><b>Tehetséggondozó Tanács </b>– adatkezelési tájékoztatója:</div>
<div><a href="https://semmelweis.hu/kerpel/files/2025/03/Adatkezelesi-tajekoztato-1.pdf">ide kattintva tölthető le</a></div>
<div><a href="https://semmelweis.hu/kerpel/files/2024/07/Adatkezelesi-tajekoztato.pdf"><u>archív</u></a></div>
<div> </div>
<div> </div>
<div>Az adatkezelőnek <b>a tehetséggondozással, adminisztrációs, és munkaügyi </b>feladataival összefüggő adatkezelésekkel kapcsolatos információk elérhetősége:</div>
<div><a href="https://semmelweis.hu/kerpel/files/2025/03/2.-Adatkezelesi-nyilvantartas-Tehetseggondozo-Tanacs-.xlsx">ide kattintva tölthető le</a></div>
<div><a href="https://semmelweis.hu/kerpel/files/2024/07/1.-Adatkezelesi-nyilvantartas-Tehetseggondozo-Tanacs-1.xlsx"><u>archív</u></a></div>
<div> </div>

<p>A Semmelweis Egyetem Tehetséggondozó Tanácsa által a Kerpel-Fronius Ödön Tehetséggondozó Program keretében végzett személyes adatkezeléssel kapcsolatos információk elérhetősége:<br />
 <br />
Tehetséggondozó Tanács – adatkezelési tájékoztatója:<br />
<a href="https://semmelweis.hu/kerpel/files/2025/03/Adatkezelesi-tajekoztato-1.pdf">ide kattintva tölthető le</a><br />
<a href="https://semmelweis.hu/kerpel/files/2024/07/Adatkezelesi-tajekoztato.pdf">archív</a><br />
 <br />
 <br />
Az adatkezelőnek a tehetséggondozással, adminisztrációs, és munkaügyi feladataival összefüggő adatkezelésekkel kapcsolatos információk elérhetősége:<br />
<a href="https://semmelweis.hu/kerpel/files/2025/03/2.-Adatkezelesi-nyilvantartas-Tehetseggondozo-Tanacs-.xlsx">ide kattintva tölthető le</a><br />
<a href="https://semmelweis.hu/kerpel/files/2024/07/1.-Adatkezelesi-nyilvantartas-Tehetseggondozo-Tanacs-1.xlsx">archív</a><br />
 </p>
