{"id":3188,"date":"2022-11-04T14:48:37","date_gmt":"2022-11-04T13:48:37","guid":{"rendered":"https:\/\/semmelweis.hu\/kerpel\/?page_id=3188"},"modified":"2026-04-08T12:16:13","modified_gmt":"2026-04-08T10:16:13","slug":"aktualis-eloadas","status":"publish","type":"page","link":"https:\/\/semmelweis.hu\/kerpel\/junior-akademia\/aktualis-eloadas\/","title":{"rendered":"Aktu\u00e1lis el\u0151ad\u00e1s"},"content":{"rendered":"<h4>KEDVES \u00e9rdekl\u0151d\u0151k!<\/h4>\n<p><span style=\"font-size: 14pt\">A Kerpel-Fronius Tehets\u00e9ggondoz\u00f3 Program <span style=\"color: #ff0000\"><strong><span style=\"color: #000000\">Junior Akad\u00e9mia <\/span><\/strong><span style=\"color: #000000\">online <\/span><span style=\"color: #000000\">programsorozat\u00e1nak k\u00f6vetkez\u0151 el\u0151ad\u00e1s\u00e1t <\/span><\/span><\/span><strong>2026. \u00e1prilis 28-\u00e1n, 17 \u00f3rakor<\/strong> tekinthetik meg.\u00a0<\/p>\n<p>Az el\u0151ad\u00f3k:<strong> Dr. Zsembery \u00c1kos<\/strong> tansz\u00e9kvezet\u0151, egyetemi docens<strong> \u00e9s Dr. Beck Anita <\/strong>egyetemi adjunktus, az Or\u00e1lbiol\u00f3giai Tansz\u00e9k munkat\u00e1rsai.<\/p>\n<p>Az el\u0151ad\u00e1s c\u00edme: <strong>Sz\u00e1j\u00fcregi eg\u00e9szs\u00e9g \u00e9s prevenci\u00f3<\/strong><\/p>\n<p><strong>Az el\u0151ad\u00e1sokon val\u00f3 r\u00e9szv\u00e9tel ingyenes, de el\u0151zetes regisztr\u00e1ci\u00f3hoz k\u00f6t\u00f6tt, ezt az \u00e9rdekl\u0151d\u0151k <span style=\"font-size: 14pt;color: #000000\">minden el\u0151ad\u00e1s el\u0151tt<\/span> legyenek sz\u00edvesek megtenni.<\/strong> Az esem\u00e9ny napj\u00e1n 11 \u00f3rakor lez\u00e1rjuk a regisztr\u00e1ci\u00f3t, mely id\u0151pont ut\u00e1n nem \u00e1ll m\u00f3dunkban tov\u00e1bbi bel\u00e9p\u00e9si linkek kik\u00fcld\u00e9se.<\/p>\n<p style=\"text-align: center\"><a class=\"button\" href=\"https:\/\/forms.gle\/qNQ6WUiREAwNYU298\">Regisztr\u00e1lok<\/a><\/p>\n<p style=\"text-align: center\">\u00a0<\/p>\n<p>Az el\u0151ad\u00e1sokon elhangzottak alapj\u00e1n, a Junior Akad\u00e9mia k\u00f6z\u00e9piskol\u00e1s n\u00e9z\u0151i minden vet\u00edt\u00e9s v\u00e9g\u00e9n egy <span style=\"color: #ff0000\"><strong>tesztet <\/strong>t\u00f6lthetnek ki (<strong><a href=\"https:\/\/forms.cloud.microsoft\/e\/8rvxuYG6Fu?origin=lprLink\">mely ide kattintva \u00e9rhet\u0151 el<\/a><\/strong>)<span style=\"color: #000000\">,<\/span><\/span> hogy felm\u00e9rj\u00fck tud\u00e1sukat az elhangzottakb\u00f3l. Az adott el\u0151ad\u00e1shoz kapcsol\u00f3d\u00f3 teszt a <strong>vet\u00edt\u00e9s v\u00e9g\u00e9t\u0151l sz\u00e1m\u00edtva egy \u00f3r\u00e1n \u00e1t t\u00f6lthet\u0151 ki<\/strong>.\u00a0A tesztek v\u00e9geredm\u00e9ny\u00e9t a v\u00e1laszok helyess\u00e9ge, pontoss\u00e1ga \u00e9s a k\u00e9rd\u0151\u00edv kit\u00f6lt\u00e9s\u00e9nek ideje alapj\u00e1n hat\u00e1rozzuk meg. Az egyes kv\u00edzekre kapott pontokat m\u00e1jusban \u00f6sszegezz\u00fck, \u00e9s a legt\u00f6bb pontot el\u00e9rt fiatal koll\u00e9g\u00e1knak egyed\u00fcl\u00e1ll\u00f3 lehet\u0151s\u00e9get biztos\u00edtunk:<strong> r\u00e9szt vehetnek a ny\u00e1ri<\/strong> <a href=\"https:\/\/semmelweis.hu\/kerpel\/semmelweis-kerpel-tehetsegtabor\/\"><strong>Semmelweis-Kerpel Tehets\u00e9gt\u00e1borban.<\/strong><\/a><\/p>\n<h4>\u00a0<\/h4>\n<h4><span style=\"font-size: 14pt\">fontos inform\u00e1ci\u00f3k a Junior Akad\u00e9mia programsorozattal kapcsolatosan:<\/span><\/h4>\n<ul style=\"list-style-type: square\">\n<li>A Junior Akad\u00e9mia el\u0151ad\u00e1sai tov\u00e1bbra is havi rendszeress\u00e9ggel ker\u00fclnek megrendez\u00e9sre. A programv\u00e1ltoztat\u00e1s jog\u00e1t fenntartjuk.<\/li>\n<li>Az esem\u00e9nyt tov\u00e1bbra is online, <strong>Zoom<\/strong>-on kereszt\u00fcl fogjuk k\u00f6zvet\u00edteni.<\/li>\n<li>R\u00e9sztvev\u0151k: k\u00f6z\u00e9piskol\u00e1s di\u00e1kok, valamint tan\u00e1r koll\u00e9g\u00e1k.<\/li>\n<\/ul>\n<p>B\u00e1rmilyen felmer\u00fcl\u0151 k\u00e9rd\u00e9s eset\u00e9n k\u00e9rj\u00fck \u00e9rdekl\u0151djenek a <a href=\"mailto:kerpel.juniorakademia@gmail.com\">kerpel.juniorakademia@gmail.com<\/a> el\u00e9rhet\u0151s\u00e9gen.<\/p>\n<p><strong>V\u00e1rjuk \u00d6n\u00f6ket szeretettel a Junior Akad\u00e9mia k\u00f6vetkez\u0151 el\u0151ad\u00e1s\u00e1n!<\/strong><\/p>\n<p>&nbsp;<\/p>\n<p style=\"text-align: center\">\u00dcdv\u00f6zlettel:<br \/>\nKerpel-Fronius Tehets\u00e9ggondoz\u00f3 Program<\/p>\n<p>&nbsp;<\/p>\n<p>&nbsp;<\/p>\n","protected":false},"excerpt":{"rendered":"<p>KEDVES \u00e9rdekl\u0151d\u0151k! A Kerpel-Fronius Tehets\u00e9ggondoz\u00f3 Program Junior Akad\u00e9mia online programsorozat\u00e1nak k\u00f6vetkez\u0151 el\u0151ad\u00e1s\u00e1t 2026. \u00e1prilis 28-\u00e1n, 17 \u00f3rakor tekinthetik meg.\u00a0 Az el\u0151ad\u00f3k: Dr. Zsembery \u00c1kos tansz\u00e9kvezet\u0151, egyetemi docens \u00e9s Dr. Beck Anita egyetemi adjunktus, az Or\u00e1lbiol\u00f3giai Tansz\u00e9k munkat\u00e1rsai. Az el\u0151ad\u00e1s c\u00edme: Sz\u00e1j\u00fcregi eg\u00e9szs\u00e9g \u00e9s prevenci\u00f3 Az el\u0151ad\u00e1sokon val\u00f3 r\u00e9szv\u00e9tel ingyenes, de el\u0151zetes regisztr\u00e1ci\u00f3hoz k\u00f6t\u00f6tt, ezt az &hellip;<\/p>\n","protected":false},"author":12,"featured_media":0,"parent":3738,"menu_order":4,"comment_status":"closed","ping_status":"closed","template":"template-fullwidth.php","meta":{"_acf_changed":false,"footnotes":""},"categories":[],"tags":[11],"class_list":["post-3188","page","type-page","status-publish","hentry","tag-junior-akademia"],"acf":[],"_links":{"self":[{"href":"https:\/\/semmelweis.hu\/kerpel\/wp-json\/wp\/v2\/pages\/3188","targetHints":{"allow":["GET"]}}],"collection":[{"href":"https:\/\/semmelweis.hu\/kerpel\/wp-json\/wp\/v2\/pages"}],"about":[{"href":"https:\/\/semmelweis.hu\/kerpel\/wp-json\/wp\/v2\/types\/page"}],"author":[{"embeddable":true,"href":"https:\/\/semmelweis.hu\/kerpel\/wp-json\/wp\/v2\/users\/12"}],"replies":[{"embeddable":true,"href":"https:\/\/semmelweis.hu\/kerpel\/wp-json\/wp\/v2\/comments?post=3188"}],"version-history":[{"count":13,"href":"https:\/\/semmelweis.hu\/kerpel\/wp-json\/wp\/v2\/pages\/3188\/revisions"}],"predecessor-version":[{"id":3797,"href":"https:\/\/semmelweis.hu\/kerpel\/wp-json\/wp\/v2\/pages\/3188\/revisions\/3797"}],"up":[{"embeddable":true,"href":"https:\/\/semmelweis.hu\/kerpel\/wp-json\/wp\/v2\/pages\/3738"}],"wp:attachment":[{"href":"https:\/\/semmelweis.hu\/kerpel\/wp-json\/wp\/v2\/media?parent=3188"}],"wp:term":[{"taxonomy":"category","embeddable":true,"href":"https:\/\/semmelweis.hu\/kerpel\/wp-json\/wp\/v2\/categories?post=3188"},{"taxonomy":"post_tag","embeddable":true,"href":"https:\/\/semmelweis.hu\/kerpel\/wp-json\/wp\/v2\/tags?post=3188"}],"curies":[{"name":"wp","href":"https:\/\/api.w.org\/{rel}","templated":true}]}}