{"id":3136,"date":"2021-12-22T08:29:36","date_gmt":"2021-12-22T07:29:36","guid":{"rendered":"https:\/\/semmelweis.hu\/kerpel\/?page_id=3136"},"modified":"2021-12-22T08:37:52","modified_gmt":"2021-12-22T07:37:52","slug":"prof-dr-banczerowski-peter","status":"publish","type":"page","link":"https:\/\/semmelweis.hu\/kerpel\/mentorok\/prof-dr-banczerowski-peter\/","title":{"rendered":"Prof. Dr. Banczerowski P\u00e9ter"},"content":{"rendered":"<p><strong><img loading=\"lazy\" decoding=\"async\" class=\"size-full wp-image-3137 alignright\" src=\"https:\/\/semmelweis.hu\/kerpel\/files\/2021\/12\/BP.jpg\" alt=\"\" width=\"162\" height=\"191\" \/><\/strong><\/p>\n<p><strong>Prof. Dr. Banczerowski P\u00e9ter<\/strong><br \/>\ntansz\u00e9kvezet\u0151 egyetemi tan\u00e1r, az MTA doktora<br \/>\n<strong>SE &#8211; Idegseb\u00e9szeti Tansz\u00e9k<\/strong><\/p>\n<p><strong>\u00a0<\/strong><\/p>\n<p>&nbsp;<\/p>\n<p style=\"text-align: justify\">Orvosi diplom\u00e1j\u00e1t 1993-ban a Semmelweis Orvostudom\u00e1nyi Egyetem \u00c1ltal\u00e1nos Orvostudom\u00e1nyi Kar\u00e1n szerezte. 1999-ben idegseb\u00e9szetb\u0151l tett szakvizsg\u00e1t, 2003-ban PhD tudom\u00e1nyos min\u0151s\u00edt\u00e9st szerzett. 2010-ben a Semmelweis Egyetemen habilit\u00e1lt, majd 2017-ben az MTA doktora lett.<\/p>\n<p style=\"text-align: justify\">Az\u00a0<a href=\"https:\/\/okiti.hu\/fekvobeteg-ellatas\/94_gerincsebeszet.html\">Orsz\u00e1gos Ment\u00e1lis, Ideggy\u00f3gy\u00e1szati \u00e9s Idegseb\u00e9szeti Int\u00e9zet<\/a>\u00a0oktat\u00e1si igazgat\u00f3ja, szakmai vezet\u0151 test\u00fclet\u00e9nek tagja, oszt\u00e1lyvezet\u0151 agyseb\u00e9sz \u00e9s gerincseb\u00e9sz f\u0151orvos, az Int\u00e9zet Gerincseb\u00e9szeti Centrum\u00e1nak programigazgat\u00f3ja, a gerincseb\u00e9szeti szakmacsoport vezet\u0151je. Orsz\u00e1gos idegseb\u00e9szeti szakfel\u00fcgyel\u0151 f\u0151orvos.<\/p>\n<p style=\"text-align: justify\">A\u00a0<a href=\"http:\/\/semmelweis-egyetem.hu\/idegsebeszet\/\">Semmelweis Egyetem Idegseb\u00e9szeti Tansz\u00e9k\u00e9nek<\/a>\u00a0tansz\u00e9kvezet\u0151 egyetemi tan\u00e1ra.<\/p>\n<p style=\"text-align: justify\">Az Idegseb\u00e9szeti Szakmai Koll\u00e9giumi Tagozat tagja. Az idegseb\u00e9szeti szakk\u00e9pz\u00e9s k\u00f6z\u00e9p-magyarorsz\u00e1gi gr\u00e9mium eln\u00f6ke.<\/p>\n<p style=\"text-align: justify\">A Semmelweis Egyetem Szent\u00e1gothai J\u00e1nos Idegtudom\u00e1nyi Doktori Iskola, klinikai neurol\u00f3giai kutat\u00e1sok PhD-program t\u00e9mavezet\u0151je.\u00a0<\/p>\n<p style=\"text-align: justify\">Hungary Chapter of the Walter E. Dandy Neurosurgical Society eln\u00f6ke \u00e9s alap\u00edt\u00f3ja, Executive Committee of the Southeast Europe\u00a0<br \/>\nNeurosurgical Society magyarorsz\u00e1gi k\u00e9pvisel\u0151je, a Magyar Idegseb\u00e9szeti T\u00e1rsas\u00e1g vezet\u0151s\u00e9gi tagja. T\u00f6bb szakmai foly\u00f3irat szerkeszt\u0151bizotts\u00e1gi tagja.<\/p>\n<p>&nbsp;<\/p>\n<p>&nbsp;<\/p>\n","protected":false},"excerpt":{"rendered":"<p>Prof. Dr. Banczerowski P\u00e9ter tansz\u00e9kvezet\u0151 egyetemi tan\u00e1r, az MTA doktora SE &#8211; Idegseb\u00e9szeti Tansz\u00e9k \u00a0 &nbsp; Orvosi diplom\u00e1j\u00e1t 1993-ban a Semmelweis Orvostudom\u00e1nyi Egyetem \u00c1ltal\u00e1nos Orvostudom\u00e1nyi Kar\u00e1n szerezte. 1999-ben idegseb\u00e9szetb\u0151l tett szakvizsg\u00e1t, 2003-ban PhD tudom\u00e1nyos min\u0151s\u00edt\u00e9st szerzett. 2010-ben a Semmelweis Egyetemen habilit\u00e1lt, majd 2017-ben az MTA doktora lett. Az\u00a0 <a href=\"https:\/\/okiti.hu\/fekvobeteg-ellatas\/94_gerincsebeszet.html\">Orsz\u00e1gos Ment\u00e1lis, Ideggy\u00f3gy\u00e1szati \u00e9s Idegseb\u00e9szeti Int\u00e9zet<\/a> \u00a0oktat\u00e1si igazgat\u00f3ja, szakmai vezet\u0151 test\u00fclet\u00e9nek tagja, oszt\u00e1lyvezet\u0151 &hellip;<\/p>\n","protected":false},"author":101634,"featured_media":0,"parent":1028,"menu_order":0,"comment_status":"closed","ping_status":"closed","template":"","meta":{"_acf_changed":false,"footnotes":""},"categories":[],"tags":[],"class_list":["post-3136","page","type-page","status-publish","hentry"],"acf":[],"_links":{"self":[{"href":"https:\/\/semmelweis.hu\/kerpel\/wp-json\/wp\/v2\/pages\/3136","targetHints":{"allow":["GET"]}}],"collection":[{"href":"https:\/\/semmelweis.hu\/kerpel\/wp-json\/wp\/v2\/pages"}],"about":[{"href":"https:\/\/semmelweis.hu\/kerpel\/wp-json\/wp\/v2\/types\/page"}],"author":[{"embeddable":true,"href":"https:\/\/semmelweis.hu\/kerpel\/wp-json\/wp\/v2\/users\/101634"}],"replies":[{"embeddable":true,"href":"https:\/\/semmelweis.hu\/kerpel\/wp-json\/wp\/v2\/comments?post=3136"}],"version-history":[{"count":7,"href":"https:\/\/semmelweis.hu\/kerpel\/wp-json\/wp\/v2\/pages\/3136\/revisions"}],"predecessor-version":[{"id":3148,"href":"https:\/\/semmelweis.hu\/kerpel\/wp-json\/wp\/v2\/pages\/3136\/revisions\/3148"}],"up":[{"embeddable":true,"href":"https:\/\/semmelweis.hu\/kerpel\/wp-json\/wp\/v2\/pages\/1028"}],"wp:attachment":[{"href":"https:\/\/semmelweis.hu\/kerpel\/wp-json\/wp\/v2\/media?parent=3136"}],"wp:term":[{"taxonomy":"category","embeddable":true,"href":"https:\/\/semmelweis.hu\/kerpel\/wp-json\/wp\/v2\/categories?post=3136"},{"taxonomy":"post_tag","embeddable":true,"href":"https:\/\/semmelweis.hu\/kerpel\/wp-json\/wp\/v2\/tags?post=3136"}],"curies":[{"name":"wp","href":"https:\/\/api.w.org\/{rel}","templated":true}]}}

Prof. Dr. Banczerowski Péter

<p><strong><img loading="lazy" decoding="async" class="size-full wp-image-3137 alignright" src="https://semmelweis.hu/kerpel/files/2021/12/BP.jpg" alt="" width="162" height="191" /></strong></p>
<p><strong>Prof. Dr. Banczerowski Péter</strong><br />
tanszékvezető egyetemi tanár, az MTA doktora<br />
<strong>SE &#8211; Idegsebészeti Tanszék</strong></p>
<p><strong> </strong></p>
<p>&nbsp;</p>
<p style="text-align: justify">Orvosi diplomáját 1993-ban a Semmelweis Orvostudományi Egyetem Általános Orvostudományi Karán szerezte. 1999-ben idegsebészetből tett szakvizsgát, 2003-ban PhD tudományos minősítést szerzett. 2010-ben a Semmelweis Egyetemen habilitált, majd 2017-ben az MTA doktora lett.</p>
<p style="text-align: justify">Az <a href="https://okiti.hu/fekvobeteg-ellatas/94_gerincsebeszet.html">Országos Mentális, Ideggyógyászati és Idegsebészeti Intézet</a> oktatási igazgatója, szakmai vezető testületének tagja, osztályvezető agysebész és gerincsebész főorvos, az Intézet Gerincsebészeti Centrumának programigazgatója, a gerincsebészeti szakmacsoport vezetője. Országos idegsebészeti szakfelügyelő főorvos.</p>
<p style="text-align: justify">A <a href="http://semmelweis-egyetem.hu/idegsebeszet/">Semmelweis Egyetem Idegsebészeti Tanszékének</a> tanszékvezető egyetemi tanára.</p>
<p style="text-align: justify">Az Idegsebészeti Szakmai Kollégiumi Tagozat tagja. Az idegsebészeti szakképzés közép-magyarországi grémium elnöke.</p>
<p style="text-align: justify">A Semmelweis Egyetem Szentágothai János Idegtudományi Doktori Iskola, klinikai neurológiai kutatások PhD-program témavezetője. </p>
<p style="text-align: justify">Hungary Chapter of the Walter E. Dandy Neurosurgical Society elnöke és alapítója, Executive Committee of the Southeast Europe <br />
Neurosurgical Society magyarországi képviselője, a Magyar Idegsebészeti Társaság vezetőségi tagja. Több szakmai folyóirat szerkesztőbizottsági tagja.</p>
<p>&nbsp;</p>
<p>&nbsp;</p>

<p>Prof. Dr. Banczerowski Péter tanszékvezető egyetemi tanár, az MTA doktora SE &#8211; Idegsebészeti Tanszék   &nbsp; Orvosi diplomáját 1993-ban a Semmelweis Orvostudományi Egyetem Általános Orvostudományi Karán szerezte. 1999-ben idegsebészetből tett szakvizsgát, 2003-ban PhD tudományos minősítést szerzett. 2010-ben a Semmelweis Egyetemen habilitált, majd 2017-ben az MTA doktora lett. Az  <a href="https://okiti.hu/fekvobeteg-ellatas/94_gerincsebeszet.html">Országos Mentális, Ideggyógyászati és Idegsebészeti Intézet</a>  oktatási igazgatója, szakmai vezető testületének tagja, osztályvezető &hellip;</p>
