{"id":3111,"date":"2021-12-03T10:44:34","date_gmt":"2021-12-03T09:44:34","guid":{"rendered":"https:\/\/semmelweis.hu\/kerpel\/?page_id=3111"},"modified":"2021-12-03T10:44:34","modified_gmt":"2021-12-03T09:44:34","slug":"dr-matos-laszlo","status":"publish","type":"page","link":"https:\/\/semmelweis.hu\/kerpel\/mentorok\/dr-matos-laszlo\/","title":{"rendered":"Dr. Matos L\u00e1szl\u00f3"},"content":{"rendered":"<p><strong>Dr. Matos L\u00e1szl\u00f3 <\/strong>f\u0151iskolai tan\u00e1r,<br \/>\nPet\u0151 Andr\u00e1s Kar oktat\u00e1s\u00e9rt d\u00e9k\u00e1nhelyettese<\/p>\n<p><img loading=\"lazy\" decoding=\"async\" class=\"alignnone wp-image-3106 size-thumbnail\" src=\"https:\/\/semmelweis.hu\/kerpel\/files\/2021\/12\/ML-150x150.jpg\" alt=\"\" width=\"150\" height=\"150\" srcset=\"https:\/\/semmelweis.hu\/kerpel\/files\/2021\/12\/ML-150x150.jpg 150w, https:\/\/semmelweis.hu\/kerpel\/files\/2021\/12\/ML-400x400.jpg 400w, https:\/\/semmelweis.hu\/kerpel\/files\/2021\/12\/ML-1024x1024.jpg 1024w, https:\/\/semmelweis.hu\/kerpel\/files\/2021\/12\/ML-768x768.jpg 768w, https:\/\/semmelweis.hu\/kerpel\/files\/2021\/12\/ML-753x753.jpg 753w, https:\/\/semmelweis.hu\/kerpel\/files\/2021\/12\/ML.jpg 1416w\" sizes=\"auto, (max-width: 150px) 100vw, 150px\" \/><\/p>\n<p><strong><em>Szakmai p\u00e1lyafut\u00e1s:<\/em><\/strong><\/p>\n<ul>\n<li>1994\u2014 <strong>MPANNI,<\/strong> <strong>Pet\u0151 Andr\u00e1s F\u0151iskola <\/strong>(2017 augusztus\u00e1t\u00f3l: Semmelweis Egyetem Pet\u0151 Andr\u00e1s Kar), f\u0151iskolai tan\u00e1r, 2013-ig megb\u00edzott tansz\u00e9kvezet\u0151, 2019-t\u0151l oktat\u00e1si d\u00e9k\u00e1nhelyettes: \u00e9nek-zene \u00e9s tant\u00e1rgypedag\u00f3gi\u00e1ja, \u00e9nek-zene \u00e9s m\u00f3dszertana, tan\u00edt\u00e1si gyakorlatok, \u00f3vodai gyakorlatok, szakdolgozatok t\u00e9mavezet\u00e9se, Konduktor Alapszakon oktat\u00e1s \u00e9s a k\u00e9pz\u00e9s ir\u00e1ny\u00edt\u00e1sa magyar \u00e9s angol nyelven<\/li>\n<li>2001\u20142013 <strong>Liszt Ferenc Zenem\u0171v\u00e9szeti Egyetem<\/strong>, egyetemi adjunktus: szolf\u00e9zs-zeneelm\u00e9let, partit\u00fara-olvas\u00e1s, vez\u00e9nyl\u00e9s, kargyakorlat, karvezet\u00e9s, BA-MA k\u00e9pz\u00e9s magyar \u00e9s angol nyelven, zenekari gyakorlatok, speci\u00e1lis koll\u00e9giumok, szakdolgozatok t\u00e9mavezet\u00e9se<\/li>\n<li>2002\u20142006 <strong>Magyar R\u00e1di\u00f3 Gyermekk\u00f3rusa<\/strong>: szolf\u00e9zs-zeneelm\u00e9let oktat\u00e1s<\/li>\n<li>1990\u20142002 <strong>Bart\u00f3k B\u00e9la Zenem\u0171v\u00e9szeti Szakk\u00f6z\u00e9piskola \u00e9s Gimn\u00e1zium<\/strong>: szolf\u00e9zs-zeneelm\u00e9let oktat\u00e1s<\/li>\n<li>2000\u20142001 <strong>Szent Istv\u00e1n Kir\u00e1ly Zenem\u0171v\u00e9szeti Szakk\u00f6z\u00e9piskola<\/strong>: szolf\u00e9zs-zeneelm\u00e9let oktat\u00e1s<\/li>\n<li>1989\u20141994 <strong>Kod\u00e1ly Zolt\u00e1n \u00c9nek-zenei \u00c1ltal\u00e1nos Iskola<\/strong>: \u00e9nek-zene oktat\u00e1s, fels\u0151 tagozatos gyermekk\u00f3rus vezet\u00e9se<\/li>\n<li>1989\u20141991 <strong>ELTE Trefort \u00c1goston Gyakorl\u00f3 Iskola<\/strong>: \u00e9nek-zene oktat\u00e1s, fels\u0151 tagozatos gyermekk\u00f3rus vezet\u00e9se<\/li>\n<li>2003, 2005, 2006, 2007, 2008, 2010, 2012, 2016 <strong>Holy Names University<\/strong> (Oakland, California, USA): szolf\u00e9zs-zenelm\u00e9let \u00e9s karvezet\u00e9s oktat\u00e1s a ny\u00e1ri szemin\u00e1riumon, hangversenyek k\u00f3rusokkal<\/li>\n<li>janu\u00e1r\u2014augusztus <strong>Holy Names University<\/strong> (Oakland, California, USA): szolf\u00e9zs-zenelm\u00e9let \u00e9s karvezet\u00e9s oktat\u00e1s a tavaszi szemeszterben, hangversenyek, bemutat\u00f3 foglalkoz\u00e1sok, el\u0151ad\u00e1sok<\/li>\n<li>2003\u20142008 <strong>Liszt Ferenc Zenem\u0171v\u00e9szeti Egyetem Budapesti Tan\u00e1rk\u00e9pz\u0151 Int\u00e9zete Szimfonikus Zenekara<\/strong>: karmester, koncertek, zenekari gyakorlatok, speci\u00e1lis koll\u00e9giumok<\/li>\n<li>1989\u20142004 <strong>Budapesti Kod\u00e1ly Zolt\u00e1n Vegyeskar<\/strong>: alap\u00edt\u00f3 karnagy, hangversenyek, magyarorsz\u00e1gi \u00e9s k\u00fclf\u00f6ldi turn\u00e9k, nemzetk\u00f6zi k\u00f3rusversenyek, hangfelv\u00e9telek, d\u00edjak<\/li>\n<li>2012\u20142018 <strong>Magyar R\u00e1di\u00f3 Gyermekk\u00f3rusa<\/strong>: vezet\u0151 karnagy<\/li>\n<\/ul>\n<p>&nbsp;<\/p>\n","protected":false},"excerpt":{"rendered":"<p>Dr. Matos L\u00e1szl\u00f3 f\u0151iskolai tan\u00e1r, Pet\u0151 Andr\u00e1s Kar oktat\u00e1s\u00e9rt d\u00e9k\u00e1nhelyettese Szakmai p\u00e1lyafut\u00e1s: 1994\u2014 MPANNI, Pet\u0151 Andr\u00e1s F\u0151iskola (2017 augusztus\u00e1t\u00f3l: Semmelweis Egyetem Pet\u0151 Andr\u00e1s Kar), f\u0151iskolai tan\u00e1r, 2013-ig megb\u00edzott tansz\u00e9kvezet\u0151, 2019-t\u0151l oktat\u00e1si d\u00e9k\u00e1nhelyettes: \u00e9nek-zene \u00e9s tant\u00e1rgypedag\u00f3gi\u00e1ja, \u00e9nek-zene \u00e9s m\u00f3dszertana, tan\u00edt\u00e1si gyakorlatok, \u00f3vodai gyakorlatok, szakdolgozatok t\u00e9mavezet\u00e9se, Konduktor Alapszakon oktat\u00e1s \u00e9s a k\u00e9pz\u00e9s ir\u00e1ny\u00edt\u00e1sa magyar \u00e9s angol nyelven &hellip;<\/p>\n","protected":false},"author":101634,"featured_media":0,"parent":1028,"menu_order":0,"comment_status":"closed","ping_status":"closed","template":"","meta":{"_acf_changed":false,"footnotes":""},"categories":[],"tags":[],"class_list":["post-3111","page","type-page","status-publish","hentry"],"acf":[],"_links":{"self":[{"href":"https:\/\/semmelweis.hu\/kerpel\/wp-json\/wp\/v2\/pages\/3111","targetHints":{"allow":["GET"]}}],"collection":[{"href":"https:\/\/semmelweis.hu\/kerpel\/wp-json\/wp\/v2\/pages"}],"about":[{"href":"https:\/\/semmelweis.hu\/kerpel\/wp-json\/wp\/v2\/types\/page"}],"author":[{"embeddable":true,"href":"https:\/\/semmelweis.hu\/kerpel\/wp-json\/wp\/v2\/users\/101634"}],"replies":[{"embeddable":true,"href":"https:\/\/semmelweis.hu\/kerpel\/wp-json\/wp\/v2\/comments?post=3111"}],"version-history":[{"count":1,"href":"https:\/\/semmelweis.hu\/kerpel\/wp-json\/wp\/v2\/pages\/3111\/revisions"}],"predecessor-version":[{"id":3112,"href":"https:\/\/semmelweis.hu\/kerpel\/wp-json\/wp\/v2\/pages\/3111\/revisions\/3112"}],"up":[{"embeddable":true,"href":"https:\/\/semmelweis.hu\/kerpel\/wp-json\/wp\/v2\/pages\/1028"}],"wp:attachment":[{"href":"https:\/\/semmelweis.hu\/kerpel\/wp-json\/wp\/v2\/media?parent=3111"}],"wp:term":[{"taxonomy":"category","embeddable":true,"href":"https:\/\/semmelweis.hu\/kerpel\/wp-json\/wp\/v2\/categories?post=3111"},{"taxonomy":"post_tag","embeddable":true,"href":"https:\/\/semmelweis.hu\/kerpel\/wp-json\/wp\/v2\/tags?post=3111"}],"curies":[{"name":"wp","href":"https:\/\/api.w.org\/{rel}","templated":true}]}}

Dr. Matos László

<p><strong>Dr. Matos László </strong>főiskolai tanár,<br />
Pető András Kar oktatásért dékánhelyettese</p>
<p><img loading="lazy" decoding="async" class="alignnone wp-image-3106 size-thumbnail" src="https://semmelweis.hu/kerpel/files/2021/12/ML-150x150.jpg" alt="" width="150" height="150" srcset="https://semmelweis.hu/kerpel/files/2021/12/ML-150x150.jpg 150w, https://semmelweis.hu/kerpel/files/2021/12/ML-400x400.jpg 400w, https://semmelweis.hu/kerpel/files/2021/12/ML-1024x1024.jpg 1024w, https://semmelweis.hu/kerpel/files/2021/12/ML-768x768.jpg 768w, https://semmelweis.hu/kerpel/files/2021/12/ML-753x753.jpg 753w, https://semmelweis.hu/kerpel/files/2021/12/ML.jpg 1416w" sizes="auto, (max-width: 150px) 100vw, 150px" /></p>
<p><strong><em>Szakmai pályafutás:</em></strong></p>
<ul>
<li>1994— <strong>MPANNI,</strong> <strong>Pető András Főiskola </strong>(2017 augusztusától: Semmelweis Egyetem Pető András Kar), főiskolai tanár, 2013-ig megbízott tanszékvezető, 2019-től oktatási dékánhelyettes: ének-zene és tantárgypedagógiája, ének-zene és módszertana, tanítási gyakorlatok, óvodai gyakorlatok, szakdolgozatok témavezetése, Konduktor Alapszakon oktatás és a képzés irányítása magyar és angol nyelven</li>
<li>2001—2013 <strong>Liszt Ferenc Zeneművészeti Egyetem</strong>, egyetemi adjunktus: szolfézs-zeneelmélet, partitúra-olvasás, vezénylés, kargyakorlat, karvezetés, BA-MA képzés magyar és angol nyelven, zenekari gyakorlatok, speciális kollégiumok, szakdolgozatok témavezetése</li>
<li>2002—2006 <strong>Magyar Rádió Gyermekkórusa</strong>: szolfézs-zeneelmélet oktatás</li>
<li>1990—2002 <strong>Bartók Béla Zeneművészeti Szakközépiskola és Gimnázium</strong>: szolfézs-zeneelmélet oktatás</li>
<li>2000—2001 <strong>Szent István Király Zeneművészeti Szakközépiskola</strong>: szolfézs-zeneelmélet oktatás</li>
<li>1989—1994 <strong>Kodály Zoltán Ének-zenei Általános Iskola</strong>: ének-zene oktatás, felső tagozatos gyermekkórus vezetése</li>
<li>1989—1991 <strong>ELTE Trefort Ágoston Gyakorló Iskola</strong>: ének-zene oktatás, felső tagozatos gyermekkórus vezetése</li>
<li>2003, 2005, 2006, 2007, 2008, 2010, 2012, 2016 <strong>Holy Names University</strong> (Oakland, California, USA): szolfézs-zenelmélet és karvezetés oktatás a nyári szemináriumon, hangversenyek kórusokkal</li>
<li>január—augusztus <strong>Holy Names University</strong> (Oakland, California, USA): szolfézs-zenelmélet és karvezetés oktatás a tavaszi szemeszterben, hangversenyek, bemutató foglalkozások, előadások</li>
<li>2003—2008 <strong>Liszt Ferenc Zeneművészeti Egyetem Budapesti Tanárképző Intézete Szimfonikus Zenekara</strong>: karmester, koncertek, zenekari gyakorlatok, speciális kollégiumok</li>
<li>1989—2004 <strong>Budapesti Kodály Zoltán Vegyeskar</strong>: alapító karnagy, hangversenyek, magyarországi és külföldi turnék, nemzetközi kórusversenyek, hangfelvételek, díjak</li>
<li>2012—2018 <strong>Magyar Rádió Gyermekkórusa</strong>: vezető karnagy</li>
</ul>
<p>&nbsp;</p>

<p>Dr. Matos László főiskolai tanár, Pető András Kar oktatásért dékánhelyettese Szakmai pályafutás: 1994— MPANNI, Pető András Főiskola (2017 augusztusától: Semmelweis Egyetem Pető András Kar), főiskolai tanár, 2013-ig megbízott tanszékvezető, 2019-től oktatási dékánhelyettes: ének-zene és tantárgypedagógiája, ének-zene és módszertana, tanítási gyakorlatok, óvodai gyakorlatok, szakdolgozatok témavezetése, Konduktor Alapszakon oktatás és a képzés irányítása magyar és angol nyelven &hellip;</p>
