{"id":31,"date":"2019-05-08T00:00:00","date_gmt":"2019-05-08T00:00:00","guid":{"rendered":"http:\/\/test.semmelweis.hu\/kerpel\/tehetsegpont\/"},"modified":"2025-02-21T12:24:16","modified_gmt":"2025-02-21T11:24:16","slug":"tehetsegpont","status":"publish","type":"page","link":"https:\/\/semmelweis.hu\/kerpel\/bemutatkozas\/tehetsegpont\/","title":{"rendered":"A Tehets\u00e9gpont feladata, szolg\u00e1ltat\u00e1sai"},"content":{"rendered":"<p><strong>Az egyetem Tehets\u00e9ggondoz\u00f3 Tan\u00e1cs\u00e1nak titk\u00e1rs\u00e1gi feladatait, valamint Kerpel-Fronius \u00d6d\u00f6n Tehets\u00e9ggondoz\u00f3 Program szervez\u00e9si \u00e9s koordin\u00e1ci\u00f3s feladatait egy erre a c\u00e9lra fel\u00e1ll\u00edtott iroda (az egyetem Tehets\u00e9gpontja) l\u00e1tja el. A Tehets\u00e9gpont tev\u00e9kenys\u00e9g\u00e9t az egyetem Tehets\u00e9ggondoz\u00f3 Tan\u00e1csa ir\u00e1ny\u00edtja \u00e9s fel\u00fcgyeli.<\/strong><\/p>\n<p>Tehets\u00e9gpont el\u00e9rhet\u0151s\u00e9gei:<\/p>\n<p>C\u00edm:1089 Budapest, Nagyv\u00e1rad t\u00e9r 4.<br \/>\n(a Hallgat\u00f3i Centrum f\u00f6ldszintj\u00e9n)<\/p>\n<p>Szluka Be\u00e1ta, koordin\u00e1tor<br \/>\nTelefon: 459-1500\/56352 mell\u00e9k<br \/>\nEmail: <a href=\"mailto:office.kerpel@gmail.com\">office.kerpel@gmail.com<\/a><\/p>\n<p><img loading=\"lazy\" decoding=\"async\" class=\"alignleft\" src=\"https:\/\/semmelweis.hu\/kerpel\/files\/2019\/05\/szulka_beata.jpg\" alt=\"szulka be\u00e1ta\" width=\"133\" height=\"173\" align=\"left\" \/><em style=\"font-weight: bold\">Szluka Be\u00e1ta<\/em><\/p>\n<p><span style=\"font-style: italic\">R\u00f6vid bemutatkoz\u00e1s<\/span>:<br \/>\nBDF-BTK M\u0171vel\u0151d\u00e9studom\u00e1nyi \u00e9s Kommunik\u00e1ci\u00f3 Tansz\u00e9k, protokoll szakir\u00e1ny\u00e1n v\u00e9gzett. ELTE-k\u00ednai tansz\u00e9k\u00e9n tanult sinol\u00f3gi\u00e1t, k\u00ednai nyelvet. K\u00ednai, olasz \u00e1llami k\u00f6z\u00e9pfok\u00fa nyelvvizsg\u00e1val rendelkezik. A P\u00e9csi Tudom\u00e1nyegyetemen Kultur\u00e1lis \u00d6r\u00f6ks\u00e9g Tanulm\u00e1nyok szakember diplom\u00e1t szerzett 2016-ban. Ezel\u0151tt a K\u00ednai Nagyk\u00f6vets\u00e9gen dolgozott, tolm\u00e1csol\u00e1si, szervez\u00e9si \u00e9s titk\u00e1ri feladatk\u00f6rben. Jelenleg a P\u00e9csi Tudom\u00e1nyegyetem MA r\u00e9g\u00e9sz szakos levelez\u0151 hallgat\u00f3ja.<\/p>\n<p><img loading=\"lazy\" decoding=\"async\" class=\"alignnone size-full wp-image-3098\" src=\"https:\/\/semmelweis.hu\/kerpel\/files\/2021\/11\/Erika.png\" alt=\"\" width=\"124\" height=\"132\" \/><\/p>\n<p>Moln\u00e1rn\u00e9 M\u00f3zsik Erika, titk\u00e1rs\u00e1gi szak\u00e9rt\u0151<br \/>\nTelefon: 459-1500\/56352 mell\u00e9k<br \/>\nEmail: <a href=\"mailto:office.kerpel@gmail.com\">office.kerpel@gmail.com<\/a><\/p>\n<p><em>R\u00f6vid <span style=\"font-style: italic\">bemutatkoz\u00e1s<\/span>: <\/em>A Budapesti Tan\u00edt\u00f3k\u00e9pz\u0151 F\u0151iskol\u00e1n v\u00e9gzett, n\u00e9pm\u0171vel\u00e9s specializ\u00e1ci\u00f3val. Tehets\u00e9ggondoz\u00f3 szakm\u00f3dszertanos pedag\u00f3gus. Egy VIII. ker\u00fcleti \u00e1ltal\u00e1nos iskol\u00e1ban tan\u00edtott. T\u00f6bb, mint t\u00edz \u00e9ven \u00e1t vezetett egy civil szervezetet.\u00a0<\/p>\n<p>&nbsp;<\/p>\n","protected":false},"excerpt":{"rendered":"<p>Az egyetem Tehets\u00e9ggondoz\u00f3 Tan\u00e1cs\u00e1nak titk\u00e1rs\u00e1gi feladatait, valamint Kerpel-Fronius \u00d6d\u00f6n Tehets\u00e9ggondoz\u00f3 Program szervez\u00e9si \u00e9s koordin\u00e1ci\u00f3s feladatait egy erre a c\u00e9lra fel\u00e1ll\u00edtott iroda (az egyetem Tehets\u00e9gpontja) l\u00e1tja el. A Tehets\u00e9gpont tev\u00e9kenys\u00e9g\u00e9t az egyetem Tehets\u00e9ggondoz\u00f3 Tan\u00e1csa ir\u00e1ny\u00edtja \u00e9s fel\u00fcgyeli. Tehets\u00e9gpont el\u00e9rhet\u0151s\u00e9gei: C\u00edm:1089 Budapest, Nagyv\u00e1rad t\u00e9r 4. (a Hallgat\u00f3i Centrum f\u00f6ldszintj\u00e9n) Szluka Be\u00e1ta, koordin\u00e1tor Telefon: 459-1500\/56352 mell\u00e9k Email: <a href=\"mailto:office.kerpel@gmail.com\">office.kerpel@gmail.com<\/a> Szluka &hellip;<\/p>\n","protected":false},"author":158,"featured_media":0,"parent":8,"menu_order":0,"comment_status":"closed","ping_status":"closed","template":"","meta":{"_acf_changed":false,"footnotes":""},"categories":[],"tags":[],"class_list":["post-31","page","type-page","status-publish","hentry"],"acf":[],"_links":{"self":[{"href":"https:\/\/semmelweis.hu\/kerpel\/wp-json\/wp\/v2\/pages\/31","targetHints":{"allow":["GET"]}}],"collection":[{"href":"https:\/\/semmelweis.hu\/kerpel\/wp-json\/wp\/v2\/pages"}],"about":[{"href":"https:\/\/semmelweis.hu\/kerpel\/wp-json\/wp\/v2\/types\/page"}],"author":[{"embeddable":true,"href":"https:\/\/semmelweis.hu\/kerpel\/wp-json\/wp\/v2\/users\/158"}],"replies":[{"embeddable":true,"href":"https:\/\/semmelweis.hu\/kerpel\/wp-json\/wp\/v2\/comments?post=31"}],"version-history":[{"count":10,"href":"https:\/\/semmelweis.hu\/kerpel\/wp-json\/wp\/v2\/pages\/31\/revisions"}],"predecessor-version":[{"id":3538,"href":"https:\/\/semmelweis.hu\/kerpel\/wp-json\/wp\/v2\/pages\/31\/revisions\/3538"}],"up":[{"embeddable":true,"href":"https:\/\/semmelweis.hu\/kerpel\/wp-json\/wp\/v2\/pages\/8"}],"wp:attachment":[{"href":"https:\/\/semmelweis.hu\/kerpel\/wp-json\/wp\/v2\/media?parent=31"}],"wp:term":[{"taxonomy":"category","embeddable":true,"href":"https:\/\/semmelweis.hu\/kerpel\/wp-json\/wp\/v2\/categories?post=31"},{"taxonomy":"post_tag","embeddable":true,"href":"https:\/\/semmelweis.hu\/kerpel\/wp-json\/wp\/v2\/tags?post=31"}],"curies":[{"name":"wp","href":"https:\/\/api.w.org\/{rel}","templated":true}]}}

A Tehetségpont feladata, szolgáltatásai

<p><strong>Az egyetem Tehetséggondozó Tanácsának titkársági feladatait, valamint Kerpel-Fronius Ödön Tehetséggondozó Program szervezési és koordinációs feladatait egy erre a célra felállított iroda (az egyetem Tehetségpontja) látja el. A Tehetségpont tevékenységét az egyetem Tehetséggondozó Tanácsa irányítja és felügyeli.</strong></p>
<p>Tehetségpont elérhetőségei:</p>
<p>Cím:1089 Budapest, Nagyvárad tér 4.<br />
(a Hallgatói Centrum földszintjén)</p>
<p>Szluka Beáta, koordinátor<br />
Telefon: 459-1500/56352 mellék<br />
Email: <a href="mailto:office.kerpel@gmail.com">office.kerpel@gmail.com</a></p>
<p><img loading="lazy" decoding="async" class="alignleft" src="https://semmelweis.hu/kerpel/files/2019/05/szulka_beata.jpg" alt="szulka beáta" width="133" height="173" align="left" /><em style="font-weight: bold">Szluka Beáta</em></p>
<p><span style="font-style: italic">Rövid bemutatkozás</span>:<br />
BDF-BTK Művelődéstudományi és Kommunikáció Tanszék, protokoll szakirányán végzett. ELTE-kínai tanszékén tanult sinológiát, kínai nyelvet. Kínai, olasz állami középfokú nyelvvizsgával rendelkezik. A Pécsi Tudományegyetemen Kulturális Örökség Tanulmányok szakember diplomát szerzett 2016-ban. Ezelőtt a Kínai Nagykövetségen dolgozott, tolmácsolási, szervezési és titkári feladatkörben. Jelenleg a Pécsi Tudományegyetem MA régész szakos levelező hallgatója.</p>
<p><img loading="lazy" decoding="async" class="alignnone size-full wp-image-3098" src="https://semmelweis.hu/kerpel/files/2021/11/Erika.png" alt="" width="124" height="132" /></p>
<p>Molnárné Mózsik Erika, titkársági szakértő<br />
Telefon: 459-1500/56352 mellék<br />
Email: <a href="mailto:office.kerpel@gmail.com">office.kerpel@gmail.com</a></p>
<p><em>Rövid <span style="font-style: italic">bemutatkozás</span>: </em>A Budapesti Tanítóképző Főiskolán végzett, népművelés specializációval. Tehetséggondozó szakmódszertanos pedagógus. Egy VIII. kerületi általános iskolában tanított. Több, mint tíz éven át vezetett egy civil szervezetet. </p>
<p>&nbsp;</p>

<p>Az egyetem Tehetséggondozó Tanácsának titkársági feladatait, valamint Kerpel-Fronius Ödön Tehetséggondozó Program szervezési és koordinációs feladatait egy erre a célra felállított iroda (az egyetem Tehetségpontja) látja el. A Tehetségpont tevékenységét az egyetem Tehetséggondozó Tanácsa irányítja és felügyeli. Tehetségpont elérhetőségei: Cím:1089 Budapest, Nagyvárad tér 4. (a Hallgatói Centrum földszintjén) Szluka Beáta, koordinátor Telefon: 459-1500/56352 mellék Email: <a href="mailto:office.kerpel@gmail.com">office.kerpel@gmail.com</a> Szluka &hellip;</p>
