{"id":2993,"date":"2021-03-23T15:19:13","date_gmt":"2021-03-23T14:19:13","guid":{"rendered":"https:\/\/semmelweis.hu\/kerpel\/?page_id=2993"},"modified":"2021-03-23T15:19:13","modified_gmt":"2021-03-23T14:19:13","slug":"dr-kiss-richard","status":"publish","type":"page","link":"https:\/\/semmelweis.hu\/kerpel\/mentorok\/dr-kiss-richard\/","title":{"rendered":"Dr. Kiss Rich\u00e1rd"},"content":{"rendered":"<p><strong>Dr. Kiss Rich\u00e1rd<\/strong><img loading=\"lazy\" decoding=\"async\" class=\"size-medium wp-image-2994 alignright\" src=\"https:\/\/semmelweis.hu\/kerpel\/files\/2021\/03\/800x800-400x400.png\" alt=\"\" width=\"400\" height=\"400\" srcset=\"https:\/\/semmelweis.hu\/kerpel\/files\/2021\/03\/800x800-400x400.png 400w, https:\/\/semmelweis.hu\/kerpel\/files\/2021\/03\/800x800-150x150.png 150w, https:\/\/semmelweis.hu\/kerpel\/files\/2021\/03\/800x800-768x768.png 768w, https:\/\/semmelweis.hu\/kerpel\/files\/2021\/03\/800x800-753x753.png 753w, https:\/\/semmelweis.hu\/kerpel\/files\/2021\/03\/800x800.png 800w\" sizes=\"auto, (max-width: 400px) 100vw, 400px\" \/><br \/>\nrezidens<\/p>\n<p>I. Sz. Patol\u00f3giai \u00e9s K\u00eds\u00e9rleti R\u00e1kkutat\u00f3 Int\u00e9zet<\/p>\n<p><strong>\u00c9rdekl\u0151d\u00e9si k\u00f6r\u00f6k<\/strong>: molekul\u00e1ris onkol\u00f3gia, onkohematol\u00f3gia, likvid biopszia,<br \/>\npatol\u00f3gia, digit\u00e1lis orvosl\u00e1s<\/p>\n<p>Orvosi diplom\u00e1j\u00e1t 2016-ban szerezte meg a Semmelweis Egyetemen.<\/p>\n<p>M\u00e1r egyetemi \u00e9vei kezdet\u00e9n \u00e9rdekl\u0151d\u00e9se k\u00f6z\u00e9ppontj\u00e1ban az oktat\u00e1s \u00e9s a kutat\u00e1s vil\u00e1ga \u00e1llt. Harmad\u00e9ves hallgat\u00f3k\u00e9nt a Hum\u00e1n\u00e9lettani Int\u00e9zetben, negyed- \u00e9s \u00f6t\u00f6d\u00e9ves hallgat\u00f3k\u00e9nt pedig az I. sz. Patol\u00f3giai \u00e9s K\u00eds\u00e9rleti R\u00e1kkutat\u00f3 Int\u00e9zetben v\u00e9gzett demonstr\u00e1tori munk\u00e1t, ott kor\u00e1bbi gyakorlatvezet\u0151je, Dr. M\u00f3zes R\u00e9ka fel\u00fcgyelete mellett.<\/p>\n<p>Tudom\u00e1nyos Di\u00e1kk\u00f6ri munk\u00e1j\u00e1t harmad\u00e9vesk\u00e9nt, Dr. B\u00f6d\u00f6r Csaba t\u00e9mavezet\u00e9se mellet kezdte meg. A k\u00e9s\u0151bbiekben megalakult MTA-SE Lend\u00fclet Molekul\u00e1ris Onkohematol\u00f3gia Kutat\u00f3csoport tagjak\u00e9nt a kr\u00f3nikus myeloid leuk\u00e9mia molekul\u00e1ris monitoroz\u00e1s\u00e1val foglalkozott. Munk\u00e1j\u00e1t a Semmelweis Egyetem TDK Konferenci\u00e1j\u00e1n, \u00e9s az OTDK Konferenci\u00e1n egyar\u00e1nt els\u0151 d\u00edjjal<br \/>\njutalmazt\u00e1k.<\/p>\n<p>\u00c1ltal\u00e1nos orvosi tanulm\u00e1nyainak befejezt\u00e9t k\u00f6vet\u0151en munk\u00e1j\u00e1t PhD hallgat\u00f3k\u00e9nt,<br \/>\na m\u00e1r eml\u00edtett kutat\u00f3csoport tagjak\u00e9nt folytatta. T\u00e9mavezet\u0151i Dr. B\u00f6d\u00f6r Csaba \u00e9s Dr. Alp\u00e1r Don\u00e1t. F\u0151 kutat\u00e1si ter\u00fclete ekkoriban az onkohematol\u00f3giai k\u00f3rk\u00e9pek k\u00f3piasz\u00e1m elt\u00e9r\u00e9seinek MLPA vizsg\u00e1lata volt. Kutat\u00f3i p\u00e1ly\u00e1ja mellett akt\u00edv tagja volt az Int\u00e9zet rutin molekul\u00e1ris diagnosztikai munk\u00e1j\u00e1nak, sz\u00e1mos alkalommal vett r\u00e9szt betegoktat\u00e1sban, adott el\u0151 a Kutat\u00f3k \u00c9jszak\u00e1ja program keret\u00e9ben,<br \/>\nvalamint el\u0151ad\u00e1sokat tartott k\u00fcl\u00f6nb\u00f6z\u0151 betegcsoportokban.<\/p>\n<p>Munkacsoportban t\u00f6lt\u00f6tt \u00e9vei alatt sz\u00e1mos alkalommal j\u00e1rt k\u00fclf\u00f6ldi tanulm\u00e1nyi \u00faton, t\u00f6bbek k\u00f6z\u00f6tt megfordult Taiwanon, Lengyelorsz\u00e1gban \u00e9s Leidenben is.<\/p>\n<p>Hivat\u00e1s\u00e1t az I. sz. Patol\u00f3giai \u00e9s K\u00eds\u00e9rleti R\u00e1kkutat\u00f3 Int\u00e9zetben folytatja patol\u00f3gus<br \/>\nrezidensk\u00e9nt 2019 szeptembere \u00f3ta.\u00a0<\/p>\n","protected":false},"excerpt":{"rendered":"<p>Dr. Kiss Rich\u00e1rd rezidens I. Sz. Patol\u00f3giai \u00e9s K\u00eds\u00e9rleti R\u00e1kkutat\u00f3 Int\u00e9zet \u00c9rdekl\u0151d\u00e9si k\u00f6r\u00f6k: molekul\u00e1ris onkol\u00f3gia, onkohematol\u00f3gia, likvid biopszia, patol\u00f3gia, digit\u00e1lis orvosl\u00e1s Orvosi diplom\u00e1j\u00e1t 2016-ban szerezte meg a Semmelweis Egyetemen. M\u00e1r egyetemi \u00e9vei kezdet\u00e9n \u00e9rdekl\u0151d\u00e9se k\u00f6z\u00e9ppontj\u00e1ban az oktat\u00e1s \u00e9s a kutat\u00e1s vil\u00e1ga \u00e1llt. Harmad\u00e9ves hallgat\u00f3k\u00e9nt a Hum\u00e1n\u00e9lettani Int\u00e9zetben, negyed- \u00e9s \u00f6t\u00f6d\u00e9ves hallgat\u00f3k\u00e9nt pedig az I. sz. &hellip;<\/p>\n","protected":false},"author":101638,"featured_media":0,"parent":1028,"menu_order":10,"comment_status":"closed","ping_status":"closed","template":"","meta":{"_acf_changed":false,"footnotes":""},"categories":[3],"tags":[],"class_list":["post-2993","page","type-page","status-publish","hentry","category-egyeb"],"acf":[],"_links":{"self":[{"href":"https:\/\/semmelweis.hu\/kerpel\/wp-json\/wp\/v2\/pages\/2993","targetHints":{"allow":["GET"]}}],"collection":[{"href":"https:\/\/semmelweis.hu\/kerpel\/wp-json\/wp\/v2\/pages"}],"about":[{"href":"https:\/\/semmelweis.hu\/kerpel\/wp-json\/wp\/v2\/types\/page"}],"author":[{"embeddable":true,"href":"https:\/\/semmelweis.hu\/kerpel\/wp-json\/wp\/v2\/users\/101638"}],"replies":[{"embeddable":true,"href":"https:\/\/semmelweis.hu\/kerpel\/wp-json\/wp\/v2\/comments?post=2993"}],"version-history":[{"count":2,"href":"https:\/\/semmelweis.hu\/kerpel\/wp-json\/wp\/v2\/pages\/2993\/revisions"}],"predecessor-version":[{"id":3090,"href":"https:\/\/semmelweis.hu\/kerpel\/wp-json\/wp\/v2\/pages\/2993\/revisions\/3090"}],"up":[{"embeddable":true,"href":"https:\/\/semmelweis.hu\/kerpel\/wp-json\/wp\/v2\/pages\/1028"}],"wp:attachment":[{"href":"https:\/\/semmelweis.hu\/kerpel\/wp-json\/wp\/v2\/media?parent=2993"}],"wp:term":[{"taxonomy":"category","embeddable":true,"href":"https:\/\/semmelweis.hu\/kerpel\/wp-json\/wp\/v2\/categories?post=2993"},{"taxonomy":"post_tag","embeddable":true,"href":"https:\/\/semmelweis.hu\/kerpel\/wp-json\/wp\/v2\/tags?post=2993"}],"curies":[{"name":"wp","href":"https:\/\/api.w.org\/{rel}","templated":true}]}}