{"id":28,"date":"2019-05-08T00:00:00","date_gmt":"2019-05-08T00:00:00","guid":{"rendered":"http:\/\/test.semmelweis.hu\/kerpel\/150-479310\/"},"modified":"2025-02-21T12:08:25","modified_gmt":"2025-02-21T11:08:25","slug":"a-felvetel-menete","status":"publish","type":"page","link":"https:\/\/semmelweis.hu\/kerpel\/bemutatkozas\/a-felvetel-menete\/","title":{"rendered":"A felv\u00e9teli menete"},"content":{"rendered":"<p><strong>Az els\u0151 l\u00e9p\u00e9s <\/strong>a programba, illetve az egyetem Kiv\u00e1l\u00f3s\u00e1gi List\u00e1j\u00e1ra val\u00f3 felker\u00fcl\u00e9shez, hogy a p\u00e1ly\u00e1zat meghirdet\u00e9sekor a hallgat\u00f3 az adatlapot (egy excel t\u00e1bl\u00e1zat) let\u00f6ltse, majd a tanulm\u00e1nyi, tudom\u00e1nyos \u00e9s egy\u00e9b (sport, zene, szoci\u00e1lis) eredm\u00e9nyeivel kit\u00f6ltve, elektronikusan a saj\u00e1t neve alatt visszak\u00fcldje a felv\u00e9teli lead\u00e1s\u00e1nak hat\u00e1ridej\u00e9ig.\u00a0<\/p>\n<p>Az adatok elb\u00edr\u00e1l\u00e1s\u00e1t <a href=\"https:\/\/semmelweis.hu\/kerpel\/bemutatkozas\/kivalosagi_listara_kerules_szabalyrendszere\/\">itt tekinthetik meg.<\/a><\/p>\n<p>Az adatlapok ki\u00e9rt\u00e9kel\u00e9se ut\u00e1n t\u00e1j\u00e9koztatunk minden jelentkez\u0151t, hogy a p\u00e1ly\u00e1zatukkal el\u00e9rt\u00e9k-e a felv\u00e9telhez elegend\u0151 pontsz\u00e1mot. Amennyiben ez nem siker\u00fclt, ne cs\u00fcggedjen senki! Ha abban az \u00e9vben nem \u00e9rte el valaki a pontsz\u00e1mot, az nem jelenti azt, hogy soha t\u00f6bbet nem jelentkezhet a programba. S\u0151t! Minden alkalommal megk\u00e9rj\u00fck a p\u00e1ly\u00e1z\u00f3kat, hogy k\u00f6vetkez\u0151 alkalommal is pr\u00f3b\u00e1lkozzanak, addig bizony\u00e1ra \u00e9rnek el m\u00e9g tov\u00e1bbi sikereket, \u00edgy magasabb lesz a pontsz\u00e1muk a k\u00f6vetkez\u0151 \u00e9vben.<\/p>\n<p>Akik el\u00e9rt\u00e9k a felv\u00e9telhez elegend\u0151 pontsz\u00e1mot, \u0151k felker\u00fclnek az egyetem Kiv\u00e1l\u00f3s\u00e1gi List\u00e1j\u00e1ra. A list\u00e1n szerepl\u0151 hallgat\u00f3k k\u00f6z\u00fcl azonban, csak azok ker\u00fclhetnek be a Program tagjai k\u00f6z\u00e9, akiket a Tehets\u00e9ggondoz\u00f3 Tan\u00e1cs tagjai egy sz\u00f3beli elbesz\u00e9lget\u00e9s ut\u00e1n arra m\u00e9lt\u00f3nak tartanak.<\/p>\n<p><strong> A sz\u00f3beli felv\u00e9tel szempontrendszere a k\u00f6vetkez\u0151:<\/strong><\/p>\n<p><b>Milyen m\u00e9rt\u00e9k\u0171 a hallgat\u00f3 motiv\u00e1ci\u00f3ja \u00e9s ez milyen t\u00e9nyez\u0151kb\u0151l fakad?<\/b><\/p>\n<ul type=\"disc\">\n<li>Mennyiben k\u00fcls\u0151dleges (pl. sz\u00fcl\u0151i) a motiv\u00e1ci\u00f3?<\/li>\n<li>Mennyiben bels\u0151k a mozgat\u00f3rug\u00f3k, melyek ezek?<\/li>\n<\/ul>\n<p><b>Milyen m\u00e9rt\u00e9k\u0171 a hallgat\u00f3 orvosi-kutat\u00f3i elhivatotts\u00e1ga?<\/b><\/p>\n<ul type=\"disc\">\n<li>Mennyire tartja ezt \u00e9lethivat\u00e1s\u00e1nak?<\/li>\n<li>Mennyire tudja \u00e1tmenetileg m\u00e1s \u00e9letc\u00e9ljait al\u00e1rendelni ennek?<\/li>\n<li>Mennyiben k\u00e9pzeli el Magyarorsz\u00e1gon j\u00f6vend\u0151 szakmai karrierj\u00e9t?<\/li>\n<\/ul>\n<p><b>Mennyiben jellemz\u0151ek a hallgat\u00f3ra a k\u00f6vetkez\u0151 tulajdons\u00e1gok?<\/b><\/p>\n<ul type=\"disc\">\n<li>Kitart\u00e1s<\/li>\n<li>Ig\u00e9nyess\u00e9g<\/li>\n<li>L\u00e9nyegl\u00e1t\u00e1s<\/li>\n<li>Kritikai szellem<\/li>\n<li>K\u00edv\u00e1ncsis\u00e1g, j\u00e1t\u00e9koss\u00e1g, kreat\u00edv, innovat\u00edv magatart\u00e1s<\/li>\n<li>Milyen rendszeres hobby \u00e9s sport tev\u00e9kenys\u00e9get \u0171z a hallgat\u00f3?<\/li>\n<\/ul>\n<p><b>Milyen a hallgat\u00f3 jellembeli integrit\u00e1sa?<\/b><\/p>\n<ul type=\"disc\">\n<li>Mekkora a hallgat\u00f3 \u00f6nismerete?<\/li>\n<li>Mit tart er\u0151ss\u00e9g\u00e9nek?<\/li>\n<li>Mit tart gyeng\u00e9inek?<\/li>\n<li>Miben akar fejl\u0151dni? Milyen id\u0151t\u00e1vban gondolkodik \u00f6nfejl\u0151d\u00e9se tervez\u00e9s\u00e9ben?<\/li>\n<li>Milyen seg\u00edts\u00e9get nevez meg, k\u00e9r konkr\u00e9tan fejl\u0151d\u00e9se el\u0151seg\u00edt\u00e9s\u00e9re?<\/li>\n<li>Mennyire megb\u00edzhat\u00f3 a hallgat\u00f3? Mennyire kialakultak \u00e9s milyen szil\u00e1rdak az erk\u00f6lcsi elvei? Milyen a hallgat\u00f3 kudarct\u0171r\u0151 k\u00e9szs\u00e9ge, hogyan \u00e1lln\u00e1 meg a hely\u00e9t kr\u00edzishelyzetben?<\/li>\n<\/ul>\n<p><b>Mennyire v\u00e1rhat\u00f3, hogy a hallgat\u00f3 kiv\u00e1l\u00f3 k\u00e9szs\u00e9geit sikerre vigye?<\/b><\/p>\n<ul type=\"disc\">\n<li>Milyenek a hallgat\u00f3 kommunik\u00e1ci\u00f3s k\u00e9szs\u00e9gei? Hogyan tudja kezelni a konfliktushelyzeteket?<\/li>\n<li>Mennyire j\u00f3 a hallgat\u00f3 a csapatmunk\u00e1ban? Mennyire egy\u00fcttm\u0171k\u00f6d\u0151, mennyire \u00f6nfel\u00e1ldoz\u00f3?<\/li>\n<li>Mennyire vezet\u0151 alkat?<\/li>\n<li>Mennyiben vannak szervez\u00e9si k\u00e9szs\u00e9gei, tapasztalatai?<\/li>\n<li>Milyen a gyakorlati \u00e9rz\u00e9ke? V\u00e1rhat\u00f3-e t\u0151le, hogy szerzett ismereteinek gyakorlati hasznos\u00edt\u00e1s\u00e1ban is kiv\u00e1l\u00f3 legyen?<\/li>\n<\/ul>\n","protected":false},"excerpt":{"rendered":"<p>Az els\u0151 l\u00e9p\u00e9s a programba, illetve az egyetem Kiv\u00e1l\u00f3s\u00e1gi List\u00e1j\u00e1ra val\u00f3 felker\u00fcl\u00e9shez, hogy a p\u00e1ly\u00e1zat meghirdet\u00e9sekor a hallgat\u00f3 az adatlapot (egy excel t\u00e1bl\u00e1zat) let\u00f6ltse, majd a tanulm\u00e1nyi, tudom\u00e1nyos \u00e9s egy\u00e9b (sport, zene, szoci\u00e1lis) eredm\u00e9nyeivel kit\u00f6ltve, elektronikusan a saj\u00e1t neve alatt visszak\u00fcldje a felv\u00e9teli lead\u00e1s\u00e1nak hat\u00e1ridej\u00e9ig.\u00a0 Az adatok elb\u00edr\u00e1l\u00e1s\u00e1t <a href=\"https:\/\/semmelweis.hu\/kerpel\/bemutatkozas\/kivalosagi_listara_kerules_szabalyrendszere\/\">itt tekinthetik meg.<\/a> Az adatlapok ki\u00e9rt\u00e9kel\u00e9se ut\u00e1n t\u00e1j\u00e9koztatunk minden jelentkez\u0151t, &hellip;<\/p>\n","protected":false},"author":158,"featured_media":0,"parent":8,"menu_order":2,"comment_status":"closed","ping_status":"closed","template":"","meta":{"_acf_changed":false,"footnotes":""},"categories":[],"tags":[],"class_list":["post-28","page","type-page","status-publish","hentry"],"acf":[],"_links":{"self":[{"href":"https:\/\/semmelweis.hu\/kerpel\/wp-json\/wp\/v2\/pages\/28","targetHints":{"allow":["GET"]}}],"collection":[{"href":"https:\/\/semmelweis.hu\/kerpel\/wp-json\/wp\/v2\/pages"}],"about":[{"href":"https:\/\/semmelweis.hu\/kerpel\/wp-json\/wp\/v2\/types\/page"}],"author":[{"embeddable":true,"href":"https:\/\/semmelweis.hu\/kerpel\/wp-json\/wp\/v2\/users\/158"}],"replies":[{"embeddable":true,"href":"https:\/\/semmelweis.hu\/kerpel\/wp-json\/wp\/v2\/comments?post=28"}],"version-history":[{"count":10,"href":"https:\/\/semmelweis.hu\/kerpel\/wp-json\/wp\/v2\/pages\/28\/revisions"}],"predecessor-version":[{"id":3534,"href":"https:\/\/semmelweis.hu\/kerpel\/wp-json\/wp\/v2\/pages\/28\/revisions\/3534"}],"up":[{"embeddable":true,"href":"https:\/\/semmelweis.hu\/kerpel\/wp-json\/wp\/v2\/pages\/8"}],"wp:attachment":[{"href":"https:\/\/semmelweis.hu\/kerpel\/wp-json\/wp\/v2\/media?parent=28"}],"wp:term":[{"taxonomy":"category","embeddable":true,"href":"https:\/\/semmelweis.hu\/kerpel\/wp-json\/wp\/v2\/categories?post=28"},{"taxonomy":"post_tag","embeddable":true,"href":"https:\/\/semmelweis.hu\/kerpel\/wp-json\/wp\/v2\/tags?post=28"}],"curies":[{"name":"wp","href":"https:\/\/api.w.org\/{rel}","templated":true}]}}

A felvételi menete

<p><strong>Az első lépés </strong>a programba, illetve az egyetem Kiválósági Listájára való felkerüléshez, hogy a pályázat meghirdetésekor a hallgató az adatlapot (egy excel táblázat) letöltse, majd a tanulmányi, tudományos és egyéb (sport, zene, szociális) eredményeivel kitöltve, elektronikusan a saját neve alatt visszaküldje a felvételi leadásának határidejéig. </p>
<p>Az adatok elbírálását <a href="https://semmelweis.hu/kerpel/bemutatkozas/kivalosagi_listara_kerules_szabalyrendszere/">itt tekinthetik meg.</a></p>
<p>Az adatlapok kiértékelése után tájékoztatunk minden jelentkezőt, hogy a pályázatukkal elérték-e a felvételhez elegendő pontszámot. Amennyiben ez nem sikerült, ne csüggedjen senki! Ha abban az évben nem érte el valaki a pontszámot, az nem jelenti azt, hogy soha többet nem jelentkezhet a programba. Sőt! Minden alkalommal megkérjük a pályázókat, hogy következő alkalommal is próbálkozzanak, addig bizonyára érnek el még további sikereket, így magasabb lesz a pontszámuk a következő évben.</p>
<p>Akik elérték a felvételhez elegendő pontszámot, ők felkerülnek az egyetem Kiválósági Listájára. A listán szereplő hallgatók közül azonban, csak azok kerülhetnek be a Program tagjai közé, akiket a Tehetséggondozó Tanács tagjai egy szóbeli elbeszélgetés után arra méltónak tartanak.</p>
<p><strong> A szóbeli felvétel szempontrendszere a következő:</strong></p>
<p><b>Milyen mértékű a hallgató motivációja és ez milyen tényezőkből fakad?</b></p>
<ul type="disc">
<li>Mennyiben külsődleges (pl. szülői) a motiváció?</li>
<li>Mennyiben belsők a mozgatórugók, melyek ezek?</li>
</ul>
<p><b>Milyen mértékű a hallgató orvosi-kutatói elhivatottsága?</b></p>
<ul type="disc">
<li>Mennyire tartja ezt élethivatásának?</li>
<li>Mennyire tudja átmenetileg más életcéljait alárendelni ennek?</li>
<li>Mennyiben képzeli el Magyarországon jövendő szakmai karrierjét?</li>
</ul>
<p><b>Mennyiben jellemzőek a hallgatóra a következő tulajdonságok?</b></p>
<ul type="disc">
<li>Kitartás</li>
<li>Igényesség</li>
<li>Lényeglátás</li>
<li>Kritikai szellem</li>
<li>Kíváncsiság, játékosság, kreatív, innovatív magatartás</li>
<li>Milyen rendszeres hobby és sport tevékenységet űz a hallgató?</li>
</ul>
<p><b>Milyen a hallgató jellembeli integritása?</b></p>
<ul type="disc">
<li>Mekkora a hallgató önismerete?</li>
<li>Mit tart erősségének?</li>
<li>Mit tart gyengéinek?</li>
<li>Miben akar fejlődni? Milyen időtávban gondolkodik önfejlődése tervezésében?</li>
<li>Milyen segítséget nevez meg, kér konkrétan fejlődése elősegítésére?</li>
<li>Mennyire megbízható a hallgató? Mennyire kialakultak és milyen szilárdak az erkölcsi elvei? Milyen a hallgató kudarctűrő készsége, hogyan állná meg a helyét krízishelyzetben?</li>
</ul>
<p><b>Mennyire várható, hogy a hallgató kiváló készségeit sikerre vigye?</b></p>
<ul type="disc">
<li>Milyenek a hallgató kommunikációs készségei? Hogyan tudja kezelni a konfliktushelyzeteket?</li>
<li>Mennyire jó a hallgató a csapatmunkában? Mennyire együttműködő, mennyire önfeláldozó?</li>
<li>Mennyire vezető alkat?</li>
<li>Mennyiben vannak szervezési készségei, tapasztalatai?</li>
<li>Milyen a gyakorlati érzéke? Várható-e tőle, hogy szerzett ismereteinek gyakorlati hasznosításában is kiváló legyen?</li>
</ul>

<p>Az első lépés a programba, illetve az egyetem Kiválósági Listájára való felkerüléshez, hogy a pályázat meghirdetésekor a hallgató az adatlapot (egy excel táblázat) letöltse, majd a tanulmányi, tudományos és egyéb (sport, zene, szociális) eredményeivel kitöltve, elektronikusan a saját neve alatt visszaküldje a felvételi leadásának határidejéig.  Az adatok elbírálását <a href="https://semmelweis.hu/kerpel/bemutatkozas/kivalosagi_listara_kerules_szabalyrendszere/">itt tekinthetik meg.</a> Az adatlapok kiértékelése után tájékoztatunk minden jelentkezőt, &hellip;</p>
