{"id":2683,"date":"2019-10-16T14:54:41","date_gmt":"2019-10-16T12:54:41","guid":{"rendered":"http:\/\/semmelweis.hu\/kerpel\/?page_id=2683"},"modified":"2025-03-07T12:59:01","modified_gmt":"2025-03-07T11:59:01","slug":"jellinek-harry-osztondij","status":"publish","type":"page","link":"https:\/\/semmelweis.hu\/kerpel\/palyazatok\/jellinek-harry-osztondij\/","title":{"rendered":"Jellinek Harry \u00d6szt\u00f6nd\u00edj"},"content":{"rendered":"<p>A Semmelweis Egyetem \u00e9vtizedek \u00f3ta kiv\u00e1l\u00f3 kapcsolatot \u00e1pol a <strong>Heidelberg-i \u00e9s Freiburg-i Egyetemmel, <\/strong>melynek keret\u00e9ben a legkiv\u00e1l\u00f3bb tehets\u00e9gek k\u00f6z\u00fcl \u00e9vente 6 hallgat\u00f3, 10 h\u00f3napos kutat\u00f3munk\u00e1t v\u00e9gezhet e nemzetk\u00f6zi \u00e9lvonalba tartoz\u00f3 egyetemek egyik int\u00e9zet\u00e9ben.<\/p>\n<blockquote class=\"wp-embedded-content\" data-secret=\"d0sleVaa7F\"><p><a href=\"https:\/\/semmelweis.hu\/nki\/2025\/01\/27\/heidelbergi-jellinek-osztondij-palyazat\/\">Heidelbergi Jellinek-\u00f6szt\u00f6nd\u00edj p\u00e1ly\u00e1zat<\/a><\/p><\/blockquote>\n<p><iframe loading=\"lazy\" class=\"wp-embedded-content\" sandbox=\"allow-scripts\" security=\"restricted\" style=\"position: absolute; visibility: hidden;\" title=\"&#8220;Heidelbergi Jellinek-\u00f6szt\u00f6nd\u00edj p\u00e1ly\u00e1zat&#8221; &#8212; Nemzetk\u00f6zi Kapcsolatok Igazgat\u00f3s\u00e1ga\" src=\"https:\/\/semmelweis.hu\/nki\/2025\/01\/27\/heidelbergi-jellinek-osztondij-palyazat\/embed\/#?secret=T9rtvKmOzL#?secret=d0sleVaa7F\" data-secret=\"d0sleVaa7F\" width=\"600\" height=\"338\" frameborder=\"0\" marginwidth=\"0\" marginheight=\"0\" scrolling=\"no\"><\/iframe><\/p>\n","protected":false},"excerpt":{"rendered":"<p>A Semmelweis Egyetem \u00e9vtizedek \u00f3ta kiv\u00e1l\u00f3 kapcsolatot \u00e1pol a Heidelberg-i \u00e9s Freiburg-i Egyetemmel, melynek keret\u00e9ben a legkiv\u00e1l\u00f3bb tehets\u00e9gek k\u00f6z\u00fcl \u00e9vente 6 hallgat\u00f3, 10 h\u00f3napos kutat\u00f3munk\u00e1t v\u00e9gezhet e nemzetk\u00f6zi \u00e9lvonalba tartoz\u00f3 egyetemek egyik int\u00e9zet\u00e9ben.<br \/>\n<a href=\"https:\/\/semmelweis.hu\/nki\/2025\/01\/27\/heidelbergi-jellinek-osztondij-palyazat\/\">Heidelbergi Jellinek-\u00f6szt\u00f6nd\u00edj p\u00e1ly\u00e1zat<\/a><\/p>\n","protected":false},"author":101638,"featured_media":0,"parent":2676,"menu_order":3,"comment_status":"closed","ping_status":"closed","template":"","meta":{"_acf_changed":false,"footnotes":""},"categories":[],"tags":[],"class_list":["post-2683","page","type-page","status-publish","hentry"],"acf":[],"_links":{"self":[{"href":"https:\/\/semmelweis.hu\/kerpel\/wp-json\/wp\/v2\/pages\/2683","targetHints":{"allow":["GET"]}}],"collection":[{"href":"https:\/\/semmelweis.hu\/kerpel\/wp-json\/wp\/v2\/pages"}],"about":[{"href":"https:\/\/semmelweis.hu\/kerpel\/wp-json\/wp\/v2\/types\/page"}],"author":[{"embeddable":true,"href":"https:\/\/semmelweis.hu\/kerpel\/wp-json\/wp\/v2\/users\/101638"}],"replies":[{"embeddable":true,"href":"https:\/\/semmelweis.hu\/kerpel\/wp-json\/wp\/v2\/comments?post=2683"}],"version-history":[{"count":10,"href":"https:\/\/semmelweis.hu\/kerpel\/wp-json\/wp\/v2\/pages\/2683\/revisions"}],"predecessor-version":[{"id":3549,"href":"https:\/\/semmelweis.hu\/kerpel\/wp-json\/wp\/v2\/pages\/2683\/revisions\/3549"}],"up":[{"embeddable":true,"href":"https:\/\/semmelweis.hu\/kerpel\/wp-json\/wp\/v2\/pages\/2676"}],"wp:attachment":[{"href":"https:\/\/semmelweis.hu\/kerpel\/wp-json\/wp\/v2\/media?parent=2683"}],"wp:term":[{"taxonomy":"category","embeddable":true,"href":"https:\/\/semmelweis.hu\/kerpel\/wp-json\/wp\/v2\/categories?post=2683"},{"taxonomy":"post_tag","embeddable":true,"href":"https:\/\/semmelweis.hu\/kerpel\/wp-json\/wp\/v2\/tags?post=2683"}],"curies":[{"name":"wp","href":"https:\/\/api.w.org\/{rel}","templated":true}]}}