{"id":249,"date":"2019-05-08T00:00:00","date_gmt":"2019-05-08T00:00:00","guid":{"rendered":"http:\/\/test.semmelweis.hu\/kerpel\/150-40114\/"},"modified":"2019-05-08T00:00:00","modified_gmt":"2019-05-08T00:00:00","slug":"150-40114","status":"publish","type":"page","link":"https:\/\/semmelweis.hu\/kerpel\/elismeresek\/150-40114\/","title":{"rendered":"Mihalik \u00c1goston cikke a PLoS Computational Biology foly\u00f3iratban."},"content":{"rendered":"<p><strong>Megjelent Mihalik \u00c1goston VI. \u00e9ves \u00c1OK hallgat\u00f3 els\u0151szerz\u0151s cikke a PLoS Computational Biology foly\u00f3iratban \u201eHeat shock partially dissociates the overlapping modules of the yeast protein-protein interaction network: a systems level model of adaptation\u201d c\u00edmmel. A k\u00f6zlem\u00e9ny az \u00e9leszt\u0151 feh\u00e9rje-feh\u00e9rje interakci\u00f3s h\u00e1l\u00f3zat\u00e1nak h\u0151sokk hat\u00e1s\u00e1ra v\u00e9gbemen\u0151 v\u00e1ltoz\u00e1sait mutatta be. A megfigyelt jelens\u00e9g egy \u00faj \u00e9s \u00e1ltal\u00e1nos stressz v\u00e1lasz illetve adapt\u00e1ci\u00f3s mechanizmus lehet.<\/strong><\/p>\n<p>A k\u00f6zlem\u00e9ny az \u00e9leszt\u0151 feh\u00e9rje-feh\u00e9rje interakci\u00f3s h\u00e1l\u00f3zat\u00e1nak h\u0151sokk hat\u00e1s\u00e1ra v\u00e9gbemen\u0151 v\u00e1ltoz\u00e1sait mutatta be. A megfigyelt jelens\u00e9g egy \u00faj \u00e9s \u00e1ltal\u00e1nos stressz v\u00e1lasz illetve adapt\u00e1ci\u00f3s mechanizmus lehet.<\/p>\n","protected":false},"excerpt":{"rendered":"<p>Megjelent Mihalik \u00c1goston VI. \u00e9ves \u00c1OK hallgat\u00f3 els\u0151szerz\u0151s cikke a PLoS Computational Biology foly\u00f3iratban \u201eHeat shock partially dissociates the overlapping modules of the yeast protein-protein interaction network: a systems level model of adaptation\u201d c\u00edmmel. A k\u00f6zlem\u00e9ny az \u00e9leszt\u0151 feh\u00e9rje-feh\u00e9rje interakci\u00f3s h\u00e1l\u00f3zat\u00e1nak h\u0151sokk hat\u00e1s\u00e1ra v\u00e9gbemen\u0151 v\u00e1ltoz\u00e1sait mutatta be. A megfigyelt jelens\u00e9g egy \u00faj \u00e9s \u00e1ltal\u00e1nos stressz &hellip;<\/p>\n","protected":false},"author":158,"featured_media":0,"parent":1074,"menu_order":16,"comment_status":"closed","ping_status":"closed","template":"","meta":{"_acf_changed":false,"footnotes":""},"categories":[],"tags":[],"class_list":["post-249","page","type-page","status-publish","hentry"],"acf":[],"_links":{"self":[{"href":"https:\/\/semmelweis.hu\/kerpel\/wp-json\/wp\/v2\/pages\/249","targetHints":{"allow":["GET"]}}],"collection":[{"href":"https:\/\/semmelweis.hu\/kerpel\/wp-json\/wp\/v2\/pages"}],"about":[{"href":"https:\/\/semmelweis.hu\/kerpel\/wp-json\/wp\/v2\/types\/page"}],"author":[{"embeddable":true,"href":"https:\/\/semmelweis.hu\/kerpel\/wp-json\/wp\/v2\/users\/158"}],"replies":[{"embeddable":true,"href":"https:\/\/semmelweis.hu\/kerpel\/wp-json\/wp\/v2\/comments?post=249"}],"version-history":[{"count":0,"href":"https:\/\/semmelweis.hu\/kerpel\/wp-json\/wp\/v2\/pages\/249\/revisions"}],"up":[{"embeddable":true,"href":"https:\/\/semmelweis.hu\/kerpel\/wp-json\/wp\/v2\/pages\/1074"}],"wp:attachment":[{"href":"https:\/\/semmelweis.hu\/kerpel\/wp-json\/wp\/v2\/media?parent=249"}],"wp:term":[{"taxonomy":"category","embeddable":true,"href":"https:\/\/semmelweis.hu\/kerpel\/wp-json\/wp\/v2\/categories?post=249"},{"taxonomy":"post_tag","embeddable":true,"href":"https:\/\/semmelweis.hu\/kerpel\/wp-json\/wp\/v2\/tags?post=249"}],"curies":[{"name":"wp","href":"https:\/\/api.w.org\/{rel}","templated":true}]}}