{"id":247,"date":"2019-05-08T00:00:00","date_gmt":"2019-05-08T00:00:00","guid":{"rendered":"http:\/\/test.semmelweis.hu\/kerpel\/150-40108\/"},"modified":"2019-05-08T00:00:00","modified_gmt":"2019-05-08T00:00:00","slug":"150-40108","status":"publish","type":"page","link":"https:\/\/semmelweis.hu\/kerpel\/elismeresek\/150-40108\/","title":{"rendered":"N\u00e9gyesi J\u00e1nos d\u00edjazott a moszkvai Students and Young Scientists konferenci\u00e1n."},"content":{"rendered":"<p><strong>N\u00e9gyesi J\u00e1nos PhD hallgat\u00f3 a Moszkv\u00e1ban 2011 november\u00e9ben megrendez\u00e9sre ker\u00fclt VI. International Scientific Conference of Students and Young Scientists konferenci\u00e1n els\u0151 helyez\u00e9st \u00e9rt el a Medical and Biological Aspects of Physical Education and Sports szekc\u00ed\u00f3ban. El\u0151ad\u00e1s\u00e1nak c\u00edme: \u201eAdaptation to the reactive strenght developement induced with strech-shortening cycle pretensions\u201d. M\u00e9g ebben a h\u00f3napban ProScientia Arany\u00e9rem kit\u00fcntet\u00e9st vehetett \u00e1t, illetve decemberben a Semmelweis Egyetem Kiv\u00e1l\u00f3 Di\u00e1kk\u00f6r\u00f6s\u00e9nek v\u00e1lasztott\u00e1k.<\/strong><\/p>\n<p>El\u0151ad\u00e1s\u00e1nak c\u00edme: \u201eAdaptation to the reactive strenght developement induced with strech-shortening cycle pretensions\u201d. M\u00e9g ebben a h\u00f3napban ProScientia Arany\u00e9rem kit\u00fcntet\u00e9st vehetett \u00e1t, illetve decemberben a Semmelweis Egyetem Kiv\u00e1l\u00f3 Di\u00e1kk\u00f6r\u00f6s\u00e9nek v\u00e1lasztott\u00e1k.<\/p>\n","protected":false},"excerpt":{"rendered":"<p>N\u00e9gyesi J\u00e1nos PhD hallgat\u00f3 a Moszkv\u00e1ban 2011 november\u00e9ben megrendez\u00e9sre ker\u00fclt VI. International Scientific Conference of Students and Young Scientists konferenci\u00e1n els\u0151 helyez\u00e9st \u00e9rt el a Medical and Biological Aspects of Physical Education and Sports szekc\u00ed\u00f3ban. El\u0151ad\u00e1s\u00e1nak c\u00edme: \u201eAdaptation to the reactive strenght developement induced with strech-shortening cycle pretensions\u201d. M\u00e9g ebben a h\u00f3napban ProScientia Arany\u00e9rem kit\u00fcntet\u00e9st &hellip;<\/p>\n","protected":false},"author":158,"featured_media":0,"parent":1074,"menu_order":14,"comment_status":"closed","ping_status":"closed","template":"","meta":{"_acf_changed":false,"footnotes":""},"categories":[],"tags":[],"class_list":["post-247","page","type-page","status-publish","hentry"],"acf":[],"_links":{"self":[{"href":"https:\/\/semmelweis.hu\/kerpel\/wp-json\/wp\/v2\/pages\/247","targetHints":{"allow":["GET"]}}],"collection":[{"href":"https:\/\/semmelweis.hu\/kerpel\/wp-json\/wp\/v2\/pages"}],"about":[{"href":"https:\/\/semmelweis.hu\/kerpel\/wp-json\/wp\/v2\/types\/page"}],"author":[{"embeddable":true,"href":"https:\/\/semmelweis.hu\/kerpel\/wp-json\/wp\/v2\/users\/158"}],"replies":[{"embeddable":true,"href":"https:\/\/semmelweis.hu\/kerpel\/wp-json\/wp\/v2\/comments?post=247"}],"version-history":[{"count":0,"href":"https:\/\/semmelweis.hu\/kerpel\/wp-json\/wp\/v2\/pages\/247\/revisions"}],"up":[{"embeddable":true,"href":"https:\/\/semmelweis.hu\/kerpel\/wp-json\/wp\/v2\/pages\/1074"}],"wp:attachment":[{"href":"https:\/\/semmelweis.hu\/kerpel\/wp-json\/wp\/v2\/media?parent=247"}],"wp:term":[{"taxonomy":"category","embeddable":true,"href":"https:\/\/semmelweis.hu\/kerpel\/wp-json\/wp\/v2\/categories?post=247"},{"taxonomy":"post_tag","embeddable":true,"href":"https:\/\/semmelweis.hu\/kerpel\/wp-json\/wp\/v2\/tags?post=247"}],"curies":[{"name":"wp","href":"https:\/\/api.w.org\/{rel}","templated":true}]}}