{"id":245,"date":"2019-05-08T00:00:00","date_gmt":"2019-05-08T00:00:00","guid":{"rendered":"http:\/\/test.semmelweis.hu\/kerpel\/150-40111\/"},"modified":"2019-05-08T00:00:00","modified_gmt":"2019-05-08T00:00:00","slug":"150-40111","status":"publish","type":"page","link":"https:\/\/semmelweis.hu\/kerpel\/elismeresek\/150-40111\/","title":{"rendered":"Sch\u00e4fer Betti doktori fokozatot szerzett, majd heidelebergi poszt-doktori \u00f6szt\u00f6nd\u00edjat nyert."},"content":{"rendered":"<p><strong>Sch\u00e4fer Betti n\u00e9met doktori fokozat\u00e1nak megszerz\u00e9se ut\u00e1n elnyerte a heidelbergi Ruprecht- Karls Egyetem 2 \u00e9ves poszt-doktori \u00f6szt\u00f6nd\u00edj\u00e1t.<\/strong><\/p>\n<p>2011\/12-ben h\u00e1rom els\u0151 \u00e9s k\u00e9t t\u00e1rsszerz\u0151s cikke jelent meg, sz\u00e1mos n\u00e9met \u00e9s nemzetk\u00f6zi konferenci\u00e1n ismertette kutat\u00e1sainak legfrissebb eredm\u00e9nyeit.<\/p>\n<p>Megjelent cikkei:<\/p>\n<p>2011. j\u00fanius<br \/>\nSchmitt CP, Zaloszyc A, Schaefer B, Fischbach M. Peritoneal Dialysis Tailored to Pediatric Needs. Int J Nephrol 2011: 940267<\/p>\n<p>2011. november<br \/>\nFischbach M, Zaloszyc A, Schaefer B, Schmitt CP. Optimal hemodialysis prescription: do children need more than a urea dialysis dose? Int J Nephrol 2011: 951391<\/p>\n<p>2011. november<br \/>\nSchaefer B, Schaefer F, Heckert KH, Meyburg J, Engelmann G, Zorn M, Schmitt CP. Comparison of Molecular Adsorbents Recirculating System (MARS) dialysis with combined plasma exchange and hemodialysis in children with acute liver failure. Nephrol Dial Transplant 2011; 26: 3633-3639 (IF: 3,3)<\/p>\n<p>2011. november<br \/>\nSchaefer B, Schaefer F, Wittmer D, Engelmann G, Wenning D, Schmitt CP. Molecular Adsorbents Recirculating System Dialysis in Children with Cholestatic Pruritus. PediatrNephrol 2011 Nov 15. (IF: 2,4)<\/p>\n<p>K\u00f6zl\u00e9s alatt:<br \/>\nSchaefer B, Rusai K, Toth A, Pasti K, Ujszaszi A, Kreko M, Horvath E, Sallay P, Reusz GS, Merkely B, Tulassay T, Szabo AJ. Cardiac magnetic resonance imaging (CMR) in children with chronic kidney disease and renal transplantation. Pediatr Transplant (IF: 1,9)<\/p>\n<p>2011 tavasz\u00e1n teljes\u00edtette a heidelbergi f\u00e9lmaratont.<\/p>\n","protected":false},"excerpt":{"rendered":"<p>Sch\u00e4fer Betti n\u00e9met doktori fokozat\u00e1nak megszerz\u00e9se ut\u00e1n elnyerte a heidelbergi Ruprecht- Karls Egyetem 2 \u00e9ves poszt-doktori \u00f6szt\u00f6nd\u00edj\u00e1t. 2011\/12-ben h\u00e1rom els\u0151 \u00e9s k\u00e9t t\u00e1rsszerz\u0151s cikke jelent meg, sz\u00e1mos n\u00e9met \u00e9s nemzetk\u00f6zi konferenci\u00e1n ismertette kutat\u00e1sainak legfrissebb eredm\u00e9nyeit. Megjelent cikkei: 2011. j\u00fanius Schmitt CP, Zaloszyc A, Schaefer B, Fischbach M. Peritoneal Dialysis Tailored to Pediatric Needs. Int J &hellip;<\/p>\n","protected":false},"author":158,"featured_media":0,"parent":1074,"menu_order":11,"comment_status":"closed","ping_status":"closed","template":"","meta":{"_acf_changed":false,"footnotes":""},"categories":[],"tags":[],"class_list":["post-245","page","type-page","status-publish","hentry"],"acf":[],"_links":{"self":[{"href":"https:\/\/semmelweis.hu\/kerpel\/wp-json\/wp\/v2\/pages\/245","targetHints":{"allow":["GET"]}}],"collection":[{"href":"https:\/\/semmelweis.hu\/kerpel\/wp-json\/wp\/v2\/pages"}],"about":[{"href":"https:\/\/semmelweis.hu\/kerpel\/wp-json\/wp\/v2\/types\/page"}],"author":[{"embeddable":true,"href":"https:\/\/semmelweis.hu\/kerpel\/wp-json\/wp\/v2\/users\/158"}],"replies":[{"embeddable":true,"href":"https:\/\/semmelweis.hu\/kerpel\/wp-json\/wp\/v2\/comments?post=245"}],"version-history":[{"count":0,"href":"https:\/\/semmelweis.hu\/kerpel\/wp-json\/wp\/v2\/pages\/245\/revisions"}],"up":[{"embeddable":true,"href":"https:\/\/semmelweis.hu\/kerpel\/wp-json\/wp\/v2\/pages\/1074"}],"wp:attachment":[{"href":"https:\/\/semmelweis.hu\/kerpel\/wp-json\/wp\/v2\/media?parent=245"}],"wp:term":[{"taxonomy":"category","embeddable":true,"href":"https:\/\/semmelweis.hu\/kerpel\/wp-json\/wp\/v2\/categories?post=245"},{"taxonomy":"post_tag","embeddable":true,"href":"https:\/\/semmelweis.hu\/kerpel\/wp-json\/wp\/v2\/tags?post=245"}],"curies":[{"name":"wp","href":"https:\/\/api.w.org\/{rel}","templated":true}]}}