{"id":1932,"date":"2019-05-22T09:57:59","date_gmt":"2019-05-22T09:57:59","guid":{"rendered":"http:\/\/test.semmelweis.hu\/kerpel\/?page_id=1932"},"modified":"2021-02-05T13:36:04","modified_gmt":"2021-02-05T12:36:04","slug":"prof-dr-sotonyi-peter","status":"publish","type":"page","link":"https:\/\/semmelweis.hu\/kerpel\/mentorok\/prof-dr-sotonyi-peter\/","title":{"rendered":"Prof. Dr. S\u00f3tonyi P\u00e9ter"},"content":{"rendered":"<p><strong>Prof. Dr. S\u00f3tonyi P\u00e9ter<img loading=\"lazy\" decoding=\"async\" class=\"size-medium wp-image-2952 alignright\" src=\"https:\/\/semmelweis.hu\/kerpel\/files\/2021\/02\/RS6364_20130924-IMG_2678-sotonyi-peter-interju-scr-267x400.jpg\" alt=\"\" width=\"267\" height=\"400\" srcset=\"https:\/\/semmelweis.hu\/kerpel\/files\/2021\/02\/RS6364_20130924-IMG_2678-sotonyi-peter-interju-scr-267x400.jpg 267w, https:\/\/semmelweis.hu\/kerpel\/files\/2021\/02\/RS6364_20130924-IMG_2678-sotonyi-peter-interju-scr.jpg 500w\" sizes=\"auto, (max-width: 267px) 100vw, 267px\" \/> <br \/>\nTiszteletbeli eln\u00f6k<br \/>\n<\/strong>Professor emeritus<\/p>\n<p>\nIgazs\u00e1g\u00fcgyi \u00e9s Biztos\u00edt\u00e1s-orvostani Int\u00e9zet<\/p>\n<p>S\u00f3tonyi P\u00e9ter egyetemi az orvostudom\u00e1nyok doktora, az MTA rendes tagja.<\/p>\n<p>1963-ban szerzett orvosi diplom\u00e1t a Budapesti Orvostudom\u00e1nyi Egyetem \u00c1ltal\u00e1nos Orvostudom\u00e1nyi kar\u00e1n.<\/p>\n<p>Megszak\u00edt\u00e1s n\u00e9lk\u00fcl dolgozik az egyetem Igazs\u00e1g\u00fcgyi Orvostani Int\u00e9zet\u00e9ben.<\/p>\n<p>1992 \u00e9s 2003 k\u00f6z\u00f6tt, mint tansz\u00e9kvezet\u0151 egyetemi tan\u00e1r. Szakorvosi k\u00e9pes\u00edt\u00e9st szerzett igazs\u00e1g\u00fcgyi orvostan, k\u00f3rbonctan \u00e9s k\u00f3rsz\u00f6vettanb\u00f3l, ill. eg\u00e9szs\u00e9gbiztos\u00edt\u00e1sb\u00f3l. 1997-t\u0151l 2000-ig az \u00c1OK d\u00e9k\u00e1nja, 2000-2003-ig a Semmelweis Egyetem rektora volt.<\/p>\n<p>2001-t\u0151l az Eg\u00e9szs\u00e9g\u00fcgyi Tudom\u00e1nyos Tan\u00e1cs Eln\u00f6ke.<\/p>\n<p>1993-t\u00f3l az Orsz\u00e1gos Igazs\u00e1g\u00fcgyi Orvostani Int\u00e9zet igazgat\u00f3ja. A Patol\u00f3giai Tudom\u00e1nyok Doktori Iskol\u00e1j\u00e1ban vezeti a K\u00f6zeg\u00e9szs\u00e9g\u00fcgyi \u00e9s Eg\u00e9szs\u00e9gtudom\u00e1nyi doktori programot.<\/p>\n<p>F\u0151bb \u00e9rdekl\u0151d\u00e9si ter\u00fclete a forenzikus patol\u00f3gia \u00e9s az \u00faj m\u00f3dszerek lehet\u0151s\u00e9ge az igazs\u00e1g\u00fcgyi orvostan gyakorlat\u00e1ban.<\/p>\n","protected":false},"excerpt":{"rendered":"<p>Prof. Dr. S\u00f3tonyi P\u00e9ter Tiszteletbeli eln\u00f6k Professor emeritus Igazs\u00e1g\u00fcgyi \u00e9s Biztos\u00edt\u00e1s-orvostani Int\u00e9zet S\u00f3tonyi P\u00e9ter egyetemi az orvostudom\u00e1nyok doktora, az MTA rendes tagja. 1963-ban szerzett orvosi diplom\u00e1t a Budapesti Orvostudom\u00e1nyi Egyetem \u00c1ltal\u00e1nos Orvostudom\u00e1nyi kar\u00e1n. Megszak\u00edt\u00e1s n\u00e9lk\u00fcl dolgozik az egyetem Igazs\u00e1g\u00fcgyi Orvostani Int\u00e9zet\u00e9ben. 1992 \u00e9s 2003 k\u00f6z\u00f6tt, mint tansz\u00e9kvezet\u0151 egyetemi tan\u00e1r. Szakorvosi k\u00e9pes\u00edt\u00e9st szerzett igazs\u00e1g\u00fcgyi orvostan, k\u00f3rbonctan &hellip;<\/p>\n","protected":false},"author":158,"featured_media":0,"parent":1028,"menu_order":13,"comment_status":"closed","ping_status":"closed","template":"","meta":{"_acf_changed":false,"footnotes":""},"categories":[],"tags":[],"class_list":["post-1932","page","type-page","status-publish","hentry"],"acf":[],"_links":{"self":[{"href":"https:\/\/semmelweis.hu\/kerpel\/wp-json\/wp\/v2\/pages\/1932","targetHints":{"allow":["GET"]}}],"collection":[{"href":"https:\/\/semmelweis.hu\/kerpel\/wp-json\/wp\/v2\/pages"}],"about":[{"href":"https:\/\/semmelweis.hu\/kerpel\/wp-json\/wp\/v2\/types\/page"}],"author":[{"embeddable":true,"href":"https:\/\/semmelweis.hu\/kerpel\/wp-json\/wp\/v2\/users\/158"}],"replies":[{"embeddable":true,"href":"https:\/\/semmelweis.hu\/kerpel\/wp-json\/wp\/v2\/comments?post=1932"}],"version-history":[{"count":2,"href":"https:\/\/semmelweis.hu\/kerpel\/wp-json\/wp\/v2\/pages\/1932\/revisions"}],"predecessor-version":[{"id":2953,"href":"https:\/\/semmelweis.hu\/kerpel\/wp-json\/wp\/v2\/pages\/1932\/revisions\/2953"}],"up":[{"embeddable":true,"href":"https:\/\/semmelweis.hu\/kerpel\/wp-json\/wp\/v2\/pages\/1028"}],"wp:attachment":[{"href":"https:\/\/semmelweis.hu\/kerpel\/wp-json\/wp\/v2\/media?parent=1932"}],"wp:term":[{"taxonomy":"category","embeddable":true,"href":"https:\/\/semmelweis.hu\/kerpel\/wp-json\/wp\/v2\/categories?post=1932"},{"taxonomy":"post_tag","embeddable":true,"href":"https:\/\/semmelweis.hu\/kerpel\/wp-json\/wp\/v2\/tags?post=1932"}],"curies":[{"name":"wp","href":"https:\/\/api.w.org\/{rel}","templated":true}]}}

Prof. Dr. Sótonyi Péter

<p><strong>Prof. Dr. Sótonyi Péter<img loading="lazy" decoding="async" class="size-medium wp-image-2952 alignright" src="https://semmelweis.hu/kerpel/files/2021/02/RS6364_20130924-IMG_2678-sotonyi-peter-interju-scr-267x400.jpg" alt="" width="267" height="400" srcset="https://semmelweis.hu/kerpel/files/2021/02/RS6364_20130924-IMG_2678-sotonyi-peter-interju-scr-267x400.jpg 267w, https://semmelweis.hu/kerpel/files/2021/02/RS6364_20130924-IMG_2678-sotonyi-peter-interju-scr.jpg 500w" sizes="auto, (max-width: 267px) 100vw, 267px" /> <br />
Tiszteletbeli elnök<br />
</strong>Professor emeritus</p>
<p>
Igazságügyi és Biztosítás-orvostani Intézet</p>
<p>Sótonyi Péter egyetemi az orvostudományok doktora, az MTA rendes tagja.</p>
<p>1963-ban szerzett orvosi diplomát a Budapesti Orvostudományi Egyetem Általános Orvostudományi karán.</p>
<p>Megszakítás nélkül dolgozik az egyetem Igazságügyi Orvostani Intézetében.</p>
<p>1992 és 2003 között, mint tanszékvezető egyetemi tanár. Szakorvosi képesítést szerzett igazságügyi orvostan, kórbonctan és kórszövettanból, ill. egészségbiztosításból. 1997-től 2000-ig az ÁOK dékánja, 2000-2003-ig a Semmelweis Egyetem rektora volt.</p>
<p>2001-től az Egészségügyi Tudományos Tanács Elnöke.</p>
<p>1993-tól az Országos Igazságügyi Orvostani Intézet igazgatója. A Patológiai Tudományok Doktori Iskolájában vezeti a Közegészségügyi és Egészségtudományi doktori programot.</p>
<p>Főbb érdeklődési területe a forenzikus patológia és az új módszerek lehetősége az igazságügyi orvostan gyakorlatában.</p>

<p>Prof. Dr. Sótonyi Péter Tiszteletbeli elnök Professor emeritus Igazságügyi és Biztosítás-orvostani Intézet Sótonyi Péter egyetemi az orvostudományok doktora, az MTA rendes tagja. 1963-ban szerzett orvosi diplomát a Budapesti Orvostudományi Egyetem Általános Orvostudományi karán. Megszakítás nélkül dolgozik az egyetem Igazságügyi Orvostani Intézetében. 1992 és 2003 között, mint tanszékvezető egyetemi tanár. Szakorvosi képesítést szerzett igazságügyi orvostan, kórbonctan &hellip;</p>
