{"id":1849,"date":"2019-05-22T07:51:07","date_gmt":"2019-05-22T07:51:07","guid":{"rendered":"http:\/\/test.semmelweis.hu\/kerpel\/?page_id=1849"},"modified":"2021-02-05T12:26:45","modified_gmt":"2021-02-05T11:26:45","slug":"dr-bodor-csaba","status":"publish","type":"page","link":"https:\/\/semmelweis.hu\/kerpel\/mentorok\/dr-bodor-csaba\/","title":{"rendered":"Dr. B\u00f6d\u00f6r Csaba"},"content":{"rendered":"<p><strong>Dr. B\u00f6d\u00f6r Csaba<img loading=\"lazy\" decoding=\"async\" class=\"size-medium wp-image-2938 alignright\" src=\"https:\/\/semmelweis.hu\/kerpel\/files\/2021\/02\/RS25544_KA-20141127-IMG_7978-bodor-csaba-interju-scr-267x400.jpg\" alt=\"\" width=\"267\" height=\"400\" srcset=\"https:\/\/semmelweis.hu\/kerpel\/files\/2021\/02\/RS25544_KA-20141127-IMG_7978-bodor-csaba-interju-scr-267x400.jpg 267w, https:\/\/semmelweis.hu\/kerpel\/files\/2021\/02\/RS25544_KA-20141127-IMG_7978-bodor-csaba-interju-scr.jpg 500w\" sizes=\"auto, (max-width: 267px) 100vw, 267px\" \/><br \/>\n<\/strong>tudom\u00e1nyos f\u0151munkat\u00e1rs<\/p>\n<p>I. sz. Patol\u00f3giai \u00e9s K\u00eds\u00e9rleti R\u00e1kkutat\u00f3 Int\u00e9zet<\/p>\n<p>Szakter\u00fclet: Molecular genomics and pathogenesis of lymphomas; Genomics, epigenetics; Personalised medicine, targeted therapy<\/p>\n<p>2008 \u00f3ta az I. sz. Patol\u00f3giai \u00e9s K\u00eds\u00e9rleti R\u00e1kkutat\u00f3 Int\u00e9zet munkat\u00e1rsa. Ezt megel\u0151z\u0151en tudom\u00e1nyos di\u00e1kk\u00f6ri valamint PhD hallgat\u00f3k\u00e9nt is az Int\u00e9zetben dolgozott. Ek\u00f6zben t\u00f6bb \u00e9vet t\u00f6lt\u00f6tt az Egyes\u00fclt Kir\u00e1lys\u00e1gban is.<\/p>\n<p>F\u0151 kutat\u00e1si ter\u00fclete az onkohematol\u00f3giai daganatok genetikai h\u00e1tter\u00e9nek vizsg\u00e1lata. Munkacsoportj\u00e1nak f\u0151 c\u00e9lkit\u0171z\u00e9se e betegs\u00e9gek kialakul\u00e1s\u00e1nak jobb meg\u00e9rt\u00e9s\u00e9n t\u00fal \u00faj biomarkerek \u00e9s ter\u00e1pi\u00e1s c\u00e9lpontok megismer\u00e9se. B\u00f6d\u00f6r Csaba az Int\u00e9zetben m\u0171k\u00f6d\u0151 Onkohematol\u00f3giai Centrum molekul\u00e1ris diagnosztikai laborat\u00f3rium\u00e1t is vezeti, amely Magyarorsz\u00e1g sz\u00e1mos hematol\u00f3giai k\u00f6zpontja sz\u00e1m\u00e1ra ny\u00fajt molekul\u00e1ris diagnosztikai ell\u00e1t\u00e1st. Csaba r\u00e9szt vesz tov\u00e1bb\u00e1 a gradu\u00e1lis \u00e9s posztgradu\u00e1lis oktat\u00e1sban is.<\/p>\n","protected":false},"excerpt":{"rendered":"<p>Dr. B\u00f6d\u00f6r Csaba tudom\u00e1nyos f\u0151munkat\u00e1rs I. sz. Patol\u00f3giai \u00e9s K\u00eds\u00e9rleti R\u00e1kkutat\u00f3 Int\u00e9zet Szakter\u00fclet: Molecular genomics and pathogenesis of lymphomas; Genomics, epigenetics; Personalised medicine, targeted therapy 2008 \u00f3ta az I. sz. Patol\u00f3giai \u00e9s K\u00eds\u00e9rleti R\u00e1kkutat\u00f3 Int\u00e9zet munkat\u00e1rsa. Ezt megel\u0151z\u0151en tudom\u00e1nyos di\u00e1kk\u00f6ri valamint PhD hallgat\u00f3k\u00e9nt is az Int\u00e9zetben dolgozott. Ek\u00f6zben t\u00f6bb \u00e9vet t\u00f6lt\u00f6tt az Egyes\u00fclt Kir\u00e1lys\u00e1gban is. &hellip;<\/p>\n","protected":false},"author":158,"featured_media":0,"parent":1028,"menu_order":4,"comment_status":"closed","ping_status":"closed","template":"","meta":{"_acf_changed":false,"footnotes":""},"categories":[],"tags":[],"class_list":["post-1849","page","type-page","status-publish","hentry"],"acf":[],"_links":{"self":[{"href":"https:\/\/semmelweis.hu\/kerpel\/wp-json\/wp\/v2\/pages\/1849","targetHints":{"allow":["GET"]}}],"collection":[{"href":"https:\/\/semmelweis.hu\/kerpel\/wp-json\/wp\/v2\/pages"}],"about":[{"href":"https:\/\/semmelweis.hu\/kerpel\/wp-json\/wp\/v2\/types\/page"}],"author":[{"embeddable":true,"href":"https:\/\/semmelweis.hu\/kerpel\/wp-json\/wp\/v2\/users\/158"}],"replies":[{"embeddable":true,"href":"https:\/\/semmelweis.hu\/kerpel\/wp-json\/wp\/v2\/comments?post=1849"}],"version-history":[{"count":2,"href":"https:\/\/semmelweis.hu\/kerpel\/wp-json\/wp\/v2\/pages\/1849\/revisions"}],"predecessor-version":[{"id":2941,"href":"https:\/\/semmelweis.hu\/kerpel\/wp-json\/wp\/v2\/pages\/1849\/revisions\/2941"}],"up":[{"embeddable":true,"href":"https:\/\/semmelweis.hu\/kerpel\/wp-json\/wp\/v2\/pages\/1028"}],"wp:attachment":[{"href":"https:\/\/semmelweis.hu\/kerpel\/wp-json\/wp\/v2\/media?parent=1849"}],"wp:term":[{"taxonomy":"category","embeddable":true,"href":"https:\/\/semmelweis.hu\/kerpel\/wp-json\/wp\/v2\/categories?post=1849"},{"taxonomy":"post_tag","embeddable":true,"href":"https:\/\/semmelweis.hu\/kerpel\/wp-json\/wp\/v2\/tags?post=1849"}],"curies":[{"name":"wp","href":"https:\/\/api.w.org\/{rel}","templated":true}]}}