{"id":1060,"date":"2019-05-10T08:16:10","date_gmt":"2019-05-10T08:16:10","guid":{"rendered":"http:\/\/test.semmelweis.hu\/kerpel\/?page_id=1060"},"modified":"2019-05-10T08:16:10","modified_gmt":"2019-05-10T08:16:10","slug":"eloadasok","status":"publish","type":"page","link":"https:\/\/semmelweis.hu\/kerpel\/partner_kozepiskolak\/eloadasok\/","title":{"rendered":"El\u0151ad\u00e1sok"},"content":{"rendered":"<div class=\"article\">\n<ul>\n<li><a href=\"https:\/\/semmelweis.hu\/kerpel\/files\/2019\/05\/kerpelfronius_dn_tehetsggondoz_program.pdf\">Kerpel-Fronius \u00d6d\u00f6n Tehets\u00e9ggondoz\u00f3 Program<\/a><\/li>\n<li><a href=\"https:\/\/semmelweis.hu\/kerpel\/files\/2019\/05\/szaboandrastataieloadas.pdf\" target=\"_blank\" rel=\"noopener noreferrer\">Prof. Dr. Szab\u00f3 Andr\u00e1s: Naps\u00fct\u00e9s hat\u00e1sa a sejtek g\u00e9nregul\u00e1ci\u00f3j\u00e1ra<\/a><\/li>\n<li><a href=\"https:\/\/semmelweis.hu\/kerpel\/files\/2019\/05\/hogyan_s_meddig_mkdik_egy_idegen_szerv_a_testnkben_.pdf\">Dr. Szab\u00f3 Attila: Hogyan \u00e9s meddig m\u0171k\u00f6dik egy idegen szerv a test\u00fcnkben?<\/a><\/li>\n<li><a href=\"https:\/\/semmelweis.hu\/kerpel\/files\/2019\/05\/civilizcis_betegsgek.pdf\">Prof. Dr. Tulassay Tivadar &#8211; Dr. Szab\u00f3 Attila: Civiliz\u00e1ci\u00f3s betegs\u00e9gek<\/a><\/li>\n<li><a href=\"https:\/\/semmelweis.hu\/kerpel\/files\/2019\/05\/vilgt_fehrjk\" target=\"_blank\" rel=\"noopener noreferrer\">Dr. V\u00e1rnai P\u00e9ter: Vil\u00e1g\u00edt\u00f3 feh\u00e9rj\u00e9k<\/a><\/li>\n<li><a href=\"https:\/\/semmelweis.hu\/kerpel\/files\/2019\/05\/hlzatok_haszna\" target=\"_blank\" rel=\"noopener noreferrer\">Prof. Dr. Csermely P\u00e9ter: H\u00e1l\u00f3zatok haszna v\u00e1ls\u00e1g idej\u00e9n<\/a><\/li>\n<li><a href=\"https:\/\/semmelweis.hu\/kerpel\/files\/2019\/05\/baktriumok\" target=\"_blank\" rel=\"noopener noreferrer\">Dr. Barcs Istv\u00e1n: Kell-e f\u00e9ln\u00fcnk a bakt\u00e9riumokt\u00f3l?<\/a><\/li>\n<li><a href=\"https:\/\/semmelweis.hu\/kerpel\/files\/2019\/05\/evszavarok\" target=\"_blank\" rel=\"noopener noreferrer\">Prof. Dr. T\u00fary Ferenc: Ev\u00e9szavarok<\/a><\/li>\n<li><a href=\"https:\/\/semmelweis.hu\/kerpel\/files\/2019\/05\/evsi_zavarok\" target=\"_blank\" rel=\"noopener noreferrer\">Arat\u00f3-Rihmer-T\u00fary: Mindennapi lelki szenved\u00e9seink, X. fejezet: Ev\u00e9si zavarok<\/a><\/li>\n<li><a href=\"https:\/\/semmelweis.hu\/kerpel\/files\/2019\/05\/tehetsggondozseladsveres_gbor.pdf\" target=\"_blank\" rel=\"noopener noreferrer\">Dr. Veres G\u00e1bor: Hogyan n\u00e9z ki bel\u00fclr\u0151l a gyomor \u00e9s a b\u00e9l?<\/a><\/li>\n<li><a href=\"https:\/\/semmelweis.hu\/kerpel\/files\/2019\/05\/dohnyzsnikotin_addikci.pdf\" target=\"_blank\" rel=\"noopener noreferrer\">Doh\u00e1nyz\u00e1s-nikotin addikci\u00f3<\/a><\/li>\n<li><a href=\"https:\/\/semmelweis.hu\/kerpel\/files\/2019\/05\/alvszavarok_gyermekkorban.pdf\" target=\"_blank\" rel=\"noopener noreferrer\">Alv\u00e1szavarok gyermekkorban<\/a><\/li>\n<li><a href=\"https:\/\/semmelweis.hu\/kerpel\/files\/2019\/05\/dr._bni_szabolcs__fbenfban\">Dr. B\u00e9ni Szabolcs &#8211; &#8222;F\u0171ben-f\u00e1ban orvoss\u00e1g: term\u00e9szetes vegy\u00fcletek a gy\u00f3gyszerkincsben&#8221;<\/a><\/li>\n<li><a href=\"https:\/\/semmelweis.hu\/kerpel\/files\/2019\/05\/vese_mese.pdf\">Prof. Dr. Rosivall L\u00e1szl\u00f3 &#8211; &#8222;Inni vagy nem inni?! &#8211; Vese mese&#8221;<\/a><\/li>\n<li><a href=\"https:\/\/semmelweis.hu\/kerpel\/files\/2019\/05\/bennunk_elo_vadvilag_dr.ghidan.pdf\" target=\"_blank\" rel=\"noopener noreferrer\">Dr. Ghid\u00e1n \u00c1goston &#8211; A Benn\u00fcnk \u00e9l\u0151 vil\u00e1g<\/a><\/li>\n<li><a href=\"https:\/\/semmelweis.hu\/kerpel\/files\/2019\/05\/civilizcis_betegsgek__szab_andrs.pdf\" target=\"_blank\" rel=\"noopener noreferrer\">Prof. Dr. Szab\u00f3 Andr\u00e1s: A civiliz\u00e1ci\u00f3s betegs\u00e9gek genetikai h\u00e1ttere<\/a><\/li>\n<\/ul>\n<\/div>\n","protected":false},"excerpt":{"rendered":"<p><a href=\"https:\/\/semmelweis.hu\/kerpel\/files\/2019\/05\/kerpelfronius_dn_tehetsggondoz_program.pdf\">Kerpel-Fronius \u00d6d\u00f6n Tehets\u00e9ggondoz\u00f3 Program<\/a><br \/>\n<a href=\"https:\/\/semmelweis.hu\/kerpel\/files\/2019\/05\/szaboandrastataieloadas.pdf\" target=\"_blank\" rel=\"noopener noreferrer\">Prof. Dr. Szab\u00f3 Andr\u00e1s: Naps\u00fct\u00e9s hat\u00e1sa a sejtek g\u00e9nregul\u00e1ci\u00f3j\u00e1ra<\/a><br \/>\n<a href=\"https:\/\/semmelweis.hu\/kerpel\/files\/2019\/05\/hogyan_s_meddig_mkdik_egy_idegen_szerv_a_testnkben_.pdf\">Dr. Szab\u00f3 Attila: Hogyan \u00e9s meddig m\u0171k\u00f6dik egy idegen szerv a test\u00fcnkben?<\/a><br \/>\n<a href=\"https:\/\/semmelweis.hu\/kerpel\/files\/2019\/05\/civilizcis_betegsgek.pdf\">Prof. Dr. Tulassay Tivadar &#8211; Dr. Szab\u00f3 Attila: Civiliz\u00e1ci\u00f3s betegs\u00e9gek<\/a><br \/>\n<a href=\"https:\/\/semmelweis.hu\/kerpel\/files\/2019\/05\/vilgt_fehrjk\" target=\"_blank\" rel=\"noopener noreferrer\">Dr. V\u00e1rnai P\u00e9ter: Vil\u00e1g\u00edt\u00f3 feh\u00e9rj\u00e9k<\/a><br \/>\n<a href=\"https:\/\/semmelweis.hu\/kerpel\/files\/2019\/05\/hlzatok_haszna\" target=\"_blank\" rel=\"noopener noreferrer\">Prof. Dr. Csermely P\u00e9ter: H\u00e1l\u00f3zatok haszna v\u00e1ls\u00e1g idej\u00e9n<\/a><br \/>\n<a href=\"https:\/\/semmelweis.hu\/kerpel\/files\/2019\/05\/baktriumok\" target=\"_blank\" rel=\"noopener noreferrer\">Dr. Barcs Istv\u00e1n: Kell-e f\u00e9ln\u00fcnk a bakt\u00e9riumokt\u00f3l?<\/a><br \/>\n<a href=\"https:\/\/semmelweis.hu\/kerpel\/files\/2019\/05\/evszavarok\" target=\"_blank\" rel=\"noopener noreferrer\">Prof. Dr. T\u00fary Ferenc: Ev\u00e9szavarok<\/a><br \/>\n<a href=\"https:\/\/semmelweis.hu\/kerpel\/files\/2019\/05\/evsi_zavarok\" target=\"_blank\" rel=\"noopener noreferrer\">Arat\u00f3-Rihmer-T\u00fary: Mindennapi lelki szenved\u00e9seink, X. fejezet: Ev\u00e9si zavarok<\/a><br \/>\n<a href=\"https:\/\/semmelweis.hu\/kerpel\/files\/2019\/05\/tehetsggondozseladsveres_gbor.pdf\" target=\"_blank\" rel=\"noopener noreferrer\">Dr. Veres G\u00e1bor: Hogyan n\u00e9z ki bel\u00fclr\u0151l a gyomor \u00e9s a b\u00e9l?<\/a><br \/>\n<a href=\"https:\/\/semmelweis.hu\/kerpel\/files\/2019\/05\/dohnyzsnikotin_addikci.pdf\" target=\"_blank\" rel=\"noopener noreferrer\">Doh\u00e1nyz\u00e1s-nikotin addikci\u00f3<\/a><br \/>\n<a href=\"https:\/\/semmelweis.hu\/kerpel\/files\/2019\/05\/alvszavarok_gyermekkorban.pdf\" target=\"_blank\" rel=\"noopener noreferrer\">Alv\u00e1szavarok gyermekkorban<\/a><br \/>\n<a href=\"https:\/\/semmelweis.hu\/kerpel\/files\/2019\/05\/dr._bni_szabolcs__fbenfban\">Dr. B\u00e9ni Szabolcs &#8211; &#8222;F\u0171ben-f\u00e1ban orvoss\u00e1g: term\u00e9szetes vegy\u00fcletek a gy\u00f3gyszerkincsben&#8221;<\/a><br \/>\n<a href=\"https:\/\/semmelweis.hu\/kerpel\/files\/2019\/05\/vese_mese.pdf\">Prof. Dr. Rosivall L\u00e1szl\u00f3 &#8211; &#8222;Inni vagy nem inni?! &#8211; Vese mese&#8221;<\/a><br \/>\n<a href=\"https:\/\/semmelweis.hu\/kerpel\/files\/2019\/05\/bennunk_elo_vadvilag_dr.ghidan.pdf\" target=\"_blank\" rel=\"noopener noreferrer\">Dr. Ghid\u00e1n \u00c1goston &#8211; A Benn\u00fcnk \u00e9l\u0151 vil\u00e1g<\/a><br \/>\n<a href=\"https:\/\/semmelweis.hu\/kerpel\/files\/2019\/05\/civilizcis_betegsgek__szab_andrs.pdf\" target=\"_blank\" rel=\"noopener noreferrer\">Prof. Dr. Szab\u00f3 Andr\u00e1s: A civiliz\u00e1ci\u00f3s betegs\u00e9gek genetikai h\u00e1ttere<\/a><\/p>\n","protected":false},"author":158,"featured_media":0,"parent":10,"menu_order":3,"comment_status":"closed","ping_status":"closed","template":"","meta":{"_acf_changed":false,"footnotes":""},"categories":[],"tags":[],"class_list":["post-1060","page","type-page","status-publish","hentry"],"acf":[],"_links":{"self":[{"href":"https:\/\/semmelweis.hu\/kerpel\/wp-json\/wp\/v2\/pages\/1060","targetHints":{"allow":["GET"]}}],"collection":[{"href":"https:\/\/semmelweis.hu\/kerpel\/wp-json\/wp\/v2\/pages"}],"about":[{"href":"https:\/\/semmelweis.hu\/kerpel\/wp-json\/wp\/v2\/types\/page"}],"author":[{"embeddable":true,"href":"https:\/\/semmelweis.hu\/kerpel\/wp-json\/wp\/v2\/users\/158"}],"replies":[{"embeddable":true,"href":"https:\/\/semmelweis.hu\/kerpel\/wp-json\/wp\/v2\/comments?post=1060"}],"version-history":[{"count":0,"href":"https:\/\/semmelweis.hu\/kerpel\/wp-json\/wp\/v2\/pages\/1060\/revisions"}],"up":[{"embeddable":true,"href":"https:\/\/semmelweis.hu\/kerpel\/wp-json\/wp\/v2\/pages\/10"}],"wp:attachment":[{"href":"https:\/\/semmelweis.hu\/kerpel\/wp-json\/wp\/v2\/media?parent=1060"}],"wp:term":[{"taxonomy":"category","embeddable":true,"href":"https:\/\/semmelweis.hu\/kerpel\/wp-json\/wp\/v2\/categories?post=1060"},{"taxonomy":"post_tag","embeddable":true,"href":"https:\/\/semmelweis.hu\/kerpel\/wp-json\/wp\/v2\/tags?post=1060"}],"curies":[{"name":"wp","href":"https:\/\/api.w.org\/{rel}","templated":true}]}}

Előadások

<div class="article">
<ul>
<li><a href="https://semmelweis.hu/kerpel/files/2019/05/kerpelfronius_dn_tehetsggondoz_program.pdf">Kerpel-Fronius Ödön Tehetséggondozó Program</a></li>
<li><a href="https://semmelweis.hu/kerpel/files/2019/05/szaboandrastataieloadas.pdf" target="_blank" rel="noopener noreferrer">Prof. Dr. Szabó András: Napsütés hatása a sejtek génregulációjára</a></li>
<li><a href="https://semmelweis.hu/kerpel/files/2019/05/hogyan_s_meddig_mkdik_egy_idegen_szerv_a_testnkben_.pdf">Dr. Szabó Attila: Hogyan és meddig működik egy idegen szerv a testünkben?</a></li>
<li><a href="https://semmelweis.hu/kerpel/files/2019/05/civilizcis_betegsgek.pdf">Prof. Dr. Tulassay Tivadar &#8211; Dr. Szabó Attila: Civilizációs betegségek</a></li>
<li><a href="https://semmelweis.hu/kerpel/files/2019/05/vilgt_fehrjk" target="_blank" rel="noopener noreferrer">Dr. Várnai Péter: Világító fehérjék</a></li>
<li><a href="https://semmelweis.hu/kerpel/files/2019/05/hlzatok_haszna" target="_blank" rel="noopener noreferrer">Prof. Dr. Csermely Péter: Hálózatok haszna válság idején</a></li>
<li><a href="https://semmelweis.hu/kerpel/files/2019/05/baktriumok" target="_blank" rel="noopener noreferrer">Dr. Barcs István: Kell-e félnünk a baktériumoktól?</a></li>
<li><a href="https://semmelweis.hu/kerpel/files/2019/05/evszavarok" target="_blank" rel="noopener noreferrer">Prof. Dr. Túry Ferenc: Evészavarok</a></li>
<li><a href="https://semmelweis.hu/kerpel/files/2019/05/evsi_zavarok" target="_blank" rel="noopener noreferrer">Arató-Rihmer-Túry: Mindennapi lelki szenvedéseink, X. fejezet: Evési zavarok</a></li>
<li><a href="https://semmelweis.hu/kerpel/files/2019/05/tehetsggondozseladsveres_gbor.pdf" target="_blank" rel="noopener noreferrer">Dr. Veres Gábor: Hogyan néz ki belülről a gyomor és a bél?</a></li>
<li><a href="https://semmelweis.hu/kerpel/files/2019/05/dohnyzsnikotin_addikci.pdf" target="_blank" rel="noopener noreferrer">Dohányzás-nikotin addikció</a></li>
<li><a href="https://semmelweis.hu/kerpel/files/2019/05/alvszavarok_gyermekkorban.pdf" target="_blank" rel="noopener noreferrer">Alvászavarok gyermekkorban</a></li>
<li><a href="https://semmelweis.hu/kerpel/files/2019/05/dr._bni_szabolcs__fbenfban">Dr. Béni Szabolcs &#8211; &#8222;Fűben-fában orvosság: természetes vegyületek a gyógyszerkincsben&#8221;</a></li>
<li><a href="https://semmelweis.hu/kerpel/files/2019/05/vese_mese.pdf">Prof. Dr. Rosivall László &#8211; &#8222;Inni vagy nem inni?! &#8211; Vese mese&#8221;</a></li>
<li><a href="https://semmelweis.hu/kerpel/files/2019/05/bennunk_elo_vadvilag_dr.ghidan.pdf" target="_blank" rel="noopener noreferrer">Dr. Ghidán Ágoston &#8211; A Bennünk élő világ</a></li>
<li><a href="https://semmelweis.hu/kerpel/files/2019/05/civilizcis_betegsgek__szab_andrs.pdf" target="_blank" rel="noopener noreferrer">Prof. Dr. Szabó András: A civilizációs betegségek genetikai háttere</a></li>
</ul>
</div>

<p><a href="https://semmelweis.hu/kerpel/files/2019/05/kerpelfronius_dn_tehetsggondoz_program.pdf">Kerpel-Fronius Ödön Tehetséggondozó Program</a><br />
<a href="https://semmelweis.hu/kerpel/files/2019/05/szaboandrastataieloadas.pdf" target="_blank" rel="noopener noreferrer">Prof. Dr. Szabó András: Napsütés hatása a sejtek génregulációjára</a><br />
<a href="https://semmelweis.hu/kerpel/files/2019/05/hogyan_s_meddig_mkdik_egy_idegen_szerv_a_testnkben_.pdf">Dr. Szabó Attila: Hogyan és meddig működik egy idegen szerv a testünkben?</a><br />
<a href="https://semmelweis.hu/kerpel/files/2019/05/civilizcis_betegsgek.pdf">Prof. Dr. Tulassay Tivadar &#8211; Dr. Szabó Attila: Civilizációs betegségek</a><br />
<a href="https://semmelweis.hu/kerpel/files/2019/05/vilgt_fehrjk" target="_blank" rel="noopener noreferrer">Dr. Várnai Péter: Világító fehérjék</a><br />
<a href="https://semmelweis.hu/kerpel/files/2019/05/hlzatok_haszna" target="_blank" rel="noopener noreferrer">Prof. Dr. Csermely Péter: Hálózatok haszna válság idején</a><br />
<a href="https://semmelweis.hu/kerpel/files/2019/05/baktriumok" target="_blank" rel="noopener noreferrer">Dr. Barcs István: Kell-e félnünk a baktériumoktól?</a><br />
<a href="https://semmelweis.hu/kerpel/files/2019/05/evszavarok" target="_blank" rel="noopener noreferrer">Prof. Dr. Túry Ferenc: Evészavarok</a><br />
<a href="https://semmelweis.hu/kerpel/files/2019/05/evsi_zavarok" target="_blank" rel="noopener noreferrer">Arató-Rihmer-Túry: Mindennapi lelki szenvedéseink, X. fejezet: Evési zavarok</a><br />
<a href="https://semmelweis.hu/kerpel/files/2019/05/tehetsggondozseladsveres_gbor.pdf" target="_blank" rel="noopener noreferrer">Dr. Veres Gábor: Hogyan néz ki belülről a gyomor és a bél?</a><br />
<a href="https://semmelweis.hu/kerpel/files/2019/05/dohnyzsnikotin_addikci.pdf" target="_blank" rel="noopener noreferrer">Dohányzás-nikotin addikció</a><br />
<a href="https://semmelweis.hu/kerpel/files/2019/05/alvszavarok_gyermekkorban.pdf" target="_blank" rel="noopener noreferrer">Alvászavarok gyermekkorban</a><br />
<a href="https://semmelweis.hu/kerpel/files/2019/05/dr._bni_szabolcs__fbenfban">Dr. Béni Szabolcs &#8211; &#8222;Fűben-fában orvosság: természetes vegyületek a gyógyszerkincsben&#8221;</a><br />
<a href="https://semmelweis.hu/kerpel/files/2019/05/vese_mese.pdf">Prof. Dr. Rosivall László &#8211; &#8222;Inni vagy nem inni?! &#8211; Vese mese&#8221;</a><br />
<a href="https://semmelweis.hu/kerpel/files/2019/05/bennunk_elo_vadvilag_dr.ghidan.pdf" target="_blank" rel="noopener noreferrer">Dr. Ghidán Ágoston &#8211; A Bennünk élő világ</a><br />
<a href="https://semmelweis.hu/kerpel/files/2019/05/civilizcis_betegsgek__szab_andrs.pdf" target="_blank" rel="noopener noreferrer">Prof. Dr. Szabó András: A civilizációs betegségek genetikai háttere</a></p>
