{"id":4045,"date":"2023-11-13T09:32:00","date_gmt":"2023-11-13T08:32:00","guid":{"rendered":"https:\/\/semmelweis.hu\/kepalkotas\/?page_id=4045"},"modified":"2025-01-18T12:56:27","modified_gmt":"2025-01-18T11:56:27","slug":"gyakorlatra-jelentkezes","status":"publish","type":"page","link":"https:\/\/semmelweis.hu\/kepalkotas\/oktatas\/postgradualis-oktatas\/gyakorlatra-jelentkezes\/","title":{"rendered":"Gyakorlatra jelentkez\u00e9s"},"content":{"rendered":"<p>&nbsp;<\/p>\n<p class=\"x_elementToProof\" style=\"text-align: justify\">Az Orvosi K\u00e9palkot\u00f3 Klinika a Semmelweis Egyetem klinik\u00e1inak ny\u00fajt seg\u00edts\u00e9get a betegell\u00e1t\u00e1sban, valamint az orsz\u00e1g eg\u00e9sz ter\u00fclet\u00e9r\u0151l fogad p\u00e1cienseket. Int\u00e9zm\u00e9ny\u00fcnkben napi t\u00f6bb, mint 200 CT, 30 MR, 400 r\u00f6ntgen \u00e9s 20 PET\/CT-vizsg\u00e1lat, valamint izot\u00f3pdiagnosztikai vizsg\u00e1latok sz\u00e9les spektruma k\u00e9sz\u00fcl, melyek k\u00f6z\u00f6tt seb\u00e9szeti, traumatol\u00f3giai, onkol\u00f3giai, belgy\u00f3gy\u00e1szati, \u00e9s neurol\u00f3giai esetek is el\u0151fordulnak nagy sz\u00e1mban, lehet\u0151s\u00e9get adva a gyakorlat sor\u00e1n egy sz\u00e9les spektrum\u00fa diagnosztikus tud\u00e1s elsaj\u00e1t\u00edt\u00e1s\u00e1ra.<\/p>\n<p style=\"text-align: justify\">A gyakorlat sor\u00e1n hozz\u00e1f\u00e9r\u00e9st kaphattok az orsz\u00e1gban egyed\u00fcl\u00e1ll\u00f3 PCCT k\u00e9panyag\u00e1hoz \u00e9s r\u00e9szt vehettek a rezidenseknek szervezett oktat\u00e1sokon, el\u0151ad\u00e1sokon.<\/p>\n<p style=\"text-align: justify\">Klinik\u00e1nk ultrahang, CT, MR, r\u00f6ntgen, mammogr\u00e1fia, neuroradiol\u00f3gia \u00e9s nukle\u00e1ris medicina gyakorlat teljes\u00edt\u00e9s\u00e9re is akkredit\u00e1lt.<\/p>\n<p class=\"x_elementToProof\" style=\"text-align: justify\">A cselekv\u00e9s \u00e1ltali tanul\u00e1sban hisz\u00fcnk, ez\u00e9rt a gyakorlatra \u00e9rkez\u0151kt\u0151l a Klinika rezidenseihez hasonl\u00f3an elv\u00e1rt az akt\u00edv r\u00e9szv\u00e9tel a betegell\u00e1t\u00e1si-el\u0151leletez\u00e9si tev\u00e9kenys\u00e9gben (napi 12 CT \/ MR vizsg\u00e1lat el\u0151leletez\u00e9se), melyhez minden szakmai t\u00e1mogat\u00e1st \u00e9s technikai felt\u00e9telt biztos\u00edtunk.<\/p>\n<p style=\"text-align: justify\">Korl\u00e1tozott sz\u00e1mban tudunk rezidenseket fogadni gyakorlatra, \u00edgy k\u00e9rj\u00fck min\u00e9l hamarabb tervezz\u00e9k be a RENY-port\u00e1lon, a gyakorlat csak abban az esetben megkezdhet\u0151, amennyiben kapott visszajelz\u00e9st a klinik\u00e1t\u00f3l.<\/p>\n<p style=\"text-align: justify\">A gyakorlat foglal\u00e1sakor k\u00e9rj\u00fck vedd figyelembe az al\u00e1bbiakat, mert csak a jogszab\u00e1lyban el\u0151\u00edrtak szerint teljes\u00edtett gyakorlat ker\u00fcl a tutorok \u00e1ltal igazol\u00e1sra:<\/p>\n<p style=\"text-align: justify\">162\/2015. (VI. 30.) Korm. Rendelet 5. \u00a7 (3) bekezd\u00e9s: A munk\u00e1ltat\u00f3nak biztos\u00edtani kell a szakk\u00e9pz\u00e9s ideje alatt a k\u00fcls\u0151 k\u00e9pz\u0151helyen t\u00f6ltend\u0151 gyakorlatokon val\u00f3 r\u00e9szv\u00e9telt.<\/p>\n<p style=\"text-align: justify\">A 162\/2015. (VI. 30.) Korm. rendelet 7. \u00a7 (3) alapj\u00e1n k\u00fcls\u0151 k\u00e9pz\u0151helyen t\u00f6lt\u00f6tt gyakorlat eset\u00e9n a foglalkoztat\u00f3 a rezidenst legfeljebb havonta 3 alkalommal \u201eh\u00edvhatja vissza\u201d \u00fcgyeleti feladatell\u00e1t\u00e1s teljes\u00edt\u00e9se c\u00e9lj\u00e1b\u00f3l. A visszarendelt \u00fcgyeleti feladatell\u00e1t\u00e1s nem vesz\u00e9lyeztetheti a rezidens k\u00fcls\u0151 k\u00e9pz\u0151helyen t\u00f6lt\u00f6tt teljes munkaid\u0151s tev\u00e9kenys\u00e9g\u00e9t.<\/p>\n<ol start=\"1\" data-listchain=\"__List_Chain_71\">\n<li>\u00a7 (2) A szakorvos k\u00e9pz\u00e9s miniszteri rendeletben meghat\u00e1rozott k\u00e9pz\u00e9si elemeinek teljes\u00edt\u00e9se akkor fogadhat\u00f3 el, ha<\/li>\n<li>a) a jel\u00f6lt azt akkredit\u00e1lt k\u00e9pz\u0151helyen teljes\u00edtette \u00e9s<\/li>\n<li>b) a k\u00e9pz\u00e9si elem teljes\u00edt\u00e9se sor\u00e1n ig\u00e9nybe vett szabads\u00e1g vagy betegszabads\u00e1g id\u0151tartama<\/li>\n<li>ba) 1\u20134 h\u00f3nap id\u0151tartam\u00fa k\u00e9pz\u00e9si elemn\u00e9l az adott k\u00e9pz\u00e9si elem egy\u00f6t\u00f6d r\u00e9sz\u00e9t,<\/li>\n<li>bb) 5\u201312 h\u00f3nap id\u0151tartam\u00fa k\u00e9pz\u00e9si elemn\u00e9l az egy h\u00f3napot,<\/li>\n<li>bc) 12 h\u00f3nap id\u0151tartamot meghalad\u00f3 k\u00e9pz\u00e9si elemn\u00e9l ar\u00e1nyosan az \u00e9ves rendes szabads\u00e1g m\u00e9rt\u00e9k\u00e9t nem haladja meg.<\/li>\n<\/ol>\n<p>(2a) Az 1 h\u00f3napn\u00e1l r\u00f6videbb id\u0151tartam\u00fa k\u00e9pz\u00e9si elem csak akkor fogadhat\u00f3 el, ha a jel\u00f6lt azt teljes id\u0151tartam\u00e1ban teljes\u00edtette.<\/p>\n<p class=\"x_elementToProof\">Vezet\u0151 rezidensek el\u00e9rhet\u0151s\u00e9ge:\u00a0<a id=\"OWA8575b5f8-0ec7-7f6a-e898-999275775750\" class=\"x_OWAAutoLink\" href=\"mailto:okk.rezidens@semmelweis.hu\">okk.rezidens@semmelweis.hu<\/a><\/p>\n<div class=\"x_elementToProof\">\u00a0<\/div>\n<p>&nbsp;<\/p>\n","protected":false},"excerpt":{"rendered":"<p>&nbsp; Az Orvosi K\u00e9palkot\u00f3 Klinika a Semmelweis Egyetem klinik\u00e1inak ny\u00fajt seg\u00edts\u00e9get a betegell\u00e1t\u00e1sban, valamint az orsz\u00e1g eg\u00e9sz ter\u00fclet\u00e9r\u0151l fogad p\u00e1cienseket. Int\u00e9zm\u00e9ny\u00fcnkben napi t\u00f6bb, mint 200 CT, 30 MR, 400 r\u00f6ntgen \u00e9s 20 PET\/CT-vizsg\u00e1lat, valamint izot\u00f3pdiagnosztikai vizsg\u00e1latok sz\u00e9les spektruma k\u00e9sz\u00fcl, melyek k\u00f6z\u00f6tt seb\u00e9szeti, traumatol\u00f3giai, onkol\u00f3giai, belgy\u00f3gy\u00e1szati, \u00e9s neurol\u00f3giai esetek is el\u0151fordulnak nagy sz\u00e1mban, lehet\u0151s\u00e9get adva a &hellip;<\/p>\n","protected":false},"author":41,"featured_media":0,"parent":2194,"menu_order":1,"comment_status":"closed","ping_status":"closed","template":"","meta":{"_acf_changed":false,"footnotes":""},"categories":[],"tags":[],"class_list":["post-4045","page","type-page","status-publish","hentry"],"acf":[],"_links":{"self":[{"href":"https:\/\/semmelweis.hu\/kepalkotas\/wp-json\/wp\/v2\/pages\/4045","targetHints":{"allow":["GET"]}}],"collection":[{"href":"https:\/\/semmelweis.hu\/kepalkotas\/wp-json\/wp\/v2\/pages"}],"about":[{"href":"https:\/\/semmelweis.hu\/kepalkotas\/wp-json\/wp\/v2\/types\/page"}],"author":[{"embeddable":true,"href":"https:\/\/semmelweis.hu\/kepalkotas\/wp-json\/wp\/v2\/users\/41"}],"replies":[{"embeddable":true,"href":"https:\/\/semmelweis.hu\/kepalkotas\/wp-json\/wp\/v2\/comments?post=4045"}],"version-history":[{"count":10,"href":"https:\/\/semmelweis.hu\/kepalkotas\/wp-json\/wp\/v2\/pages\/4045\/revisions"}],"predecessor-version":[{"id":4208,"href":"https:\/\/semmelweis.hu\/kepalkotas\/wp-json\/wp\/v2\/pages\/4045\/revisions\/4208"}],"up":[{"embeddable":true,"href":"https:\/\/semmelweis.hu\/kepalkotas\/wp-json\/wp\/v2\/pages\/2194"}],"wp:attachment":[{"href":"https:\/\/semmelweis.hu\/kepalkotas\/wp-json\/wp\/v2\/media?parent=4045"}],"wp:term":[{"taxonomy":"category","embeddable":true,"href":"https:\/\/semmelweis.hu\/kepalkotas\/wp-json\/wp\/v2\/categories?post=4045"},{"taxonomy":"post_tag","embeddable":true,"href":"https:\/\/semmelweis.hu\/kepalkotas\/wp-json\/wp\/v2\/tags?post=4045"}],"curies":[{"name":"wp","href":"https:\/\/api.w.org\/{rel}","templated":true}]}}

Gyakorlatra jelentkezés

<p>&nbsp;</p>
<p class="x_elementToProof" style="text-align: justify">Az Orvosi Képalkotó Klinika a Semmelweis Egyetem klinikáinak nyújt segítséget a betegellátásban, valamint az ország egész területéről fogad pácienseket. Intézményünkben napi több, mint 200 CT, 30 MR, 400 röntgen és 20 PET/CT-vizsgálat, valamint izotópdiagnosztikai vizsgálatok széles spektruma készül, melyek között sebészeti, traumatológiai, onkológiai, belgyógyászati, és neurológiai esetek is előfordulnak nagy számban, lehetőséget adva a gyakorlat során egy széles spektrumú diagnosztikus tudás elsajátítására.</p>
<p style="text-align: justify">A gyakorlat során hozzáférést kaphattok az országban egyedülálló PCCT képanyagához és részt vehettek a rezidenseknek szervezett oktatásokon, előadásokon.</p>
<p style="text-align: justify">Klinikánk ultrahang, CT, MR, röntgen, mammográfia, neuroradiológia és nukleáris medicina gyakorlat teljesítésére is akkreditált.</p>
<p class="x_elementToProof" style="text-align: justify">A cselekvés általi tanulásban hiszünk, ezért a gyakorlatra érkezőktől a Klinika rezidenseihez hasonlóan elvárt az aktív részvétel a betegellátási-előleletezési tevékenységben (napi 12 CT / MR vizsgálat előleletezése), melyhez minden szakmai támogatást és technikai feltételt biztosítunk.</p>
<p style="text-align: justify">Korlátozott számban tudunk rezidenseket fogadni gyakorlatra, így kérjük minél hamarabb tervezzék be a RENY-portálon, a gyakorlat csak abban az esetben megkezdhető, amennyiben kapott visszajelzést a klinikától.</p>
<p style="text-align: justify">A gyakorlat foglalásakor kérjük vedd figyelembe az alábbiakat, mert csak a jogszabályban előírtak szerint teljesített gyakorlat kerül a tutorok által igazolásra:</p>
<p style="text-align: justify">162/2015. (VI. 30.) Korm. Rendelet 5. § (3) bekezdés: A munkáltatónak biztosítani kell a szakképzés ideje alatt a külső képzőhelyen töltendő gyakorlatokon való részvételt.</p>
<p style="text-align: justify">A 162/2015. (VI. 30.) Korm. rendelet 7. § (3) alapján külső képzőhelyen töltött gyakorlat esetén a foglalkoztató a rezidenst legfeljebb havonta 3 alkalommal „hívhatja vissza” ügyeleti feladatellátás teljesítése céljából. A visszarendelt ügyeleti feladatellátás nem veszélyeztetheti a rezidens külső képzőhelyen töltött teljes munkaidős tevékenységét.</p>
<ol start="1" data-listchain="__List_Chain_71">
<li>§ (2) A szakorvos képzés miniszteri rendeletben meghatározott képzési elemeinek teljesítése akkor fogadható el, ha</li>
<li>a) a jelölt azt akkreditált képzőhelyen teljesítette és</li>
<li>b) a képzési elem teljesítése során igénybe vett szabadság vagy betegszabadság időtartama</li>
<li>ba) 1–4 hónap időtartamú képzési elemnél az adott képzési elem egyötöd részét,</li>
<li>bb) 5–12 hónap időtartamú képzési elemnél az egy hónapot,</li>
<li>bc) 12 hónap időtartamot meghaladó képzési elemnél arányosan az éves rendes szabadság mértékét nem haladja meg.</li>
</ol>
<p>(2a) Az 1 hónapnál rövidebb időtartamú képzési elem csak akkor fogadható el, ha a jelölt azt teljes időtartamában teljesítette.</p>
<p class="x_elementToProof">Vezető rezidensek elérhetősége: <a id="OWA8575b5f8-0ec7-7f6a-e898-999275775750" class="x_OWAAutoLink" href="mailto:okk.rezidens@semmelweis.hu">okk.rezidens@semmelweis.hu</a></p>
<div class="x_elementToProof"> </div>
<p>&nbsp;</p>

<p>&nbsp; Az Orvosi Képalkotó Klinika a Semmelweis Egyetem klinikáinak nyújt segítséget a betegellátásban, valamint az ország egész területéről fogad pácienseket. Intézményünkben napi több, mint 200 CT, 30 MR, 400 röntgen és 20 PET/CT-vizsgálat, valamint izotópdiagnosztikai vizsgálatok széles spektruma készül, melyek között sebészeti, traumatológiai, onkológiai, belgyógyászati, és neurológiai esetek is előfordulnak nagy számban, lehetőséget adva a &hellip;</p>
