{"id":4015,"date":"2023-10-17T16:11:07","date_gmt":"2023-10-17T14:11:07","guid":{"rendered":"https:\/\/semmelweis.hu\/kepalkotas\/?page_id=4015"},"modified":"2025-01-17T14:24:04","modified_gmt":"2025-01-17T13:24:04","slug":"adatvedelem","status":"publish","type":"page","link":"https:\/\/semmelweis.hu\/kepalkotas\/klinikankrol\/adatvedelem\/","title":{"rendered":"Adatv\u00e9delem"},"content":{"rendered":"<p>A Semmelweis Egyetem Orvosi K\u00e9palkot\u00f3 Klinik\u00e1j\u00e1n a szem\u00e9lyes \u00e9s k\u00fcl\u00f6nleges szem\u00e9lyes adatok kezel\u00e9se \u00e9s v\u00e9delme a jogszab\u00e1lyoknak megfelel\u0151en, biztons\u00e1gosan t\u00f6rt\u00e9nik.<\/p>\n<p><a href=\"https:\/\/semmelweis.hu\/kepalkotas\/files\/OKK-Adatkezelesi-nyilvantartas-Oktatas-1.xlsx\">OKK Adatkezel\u00e9si nyilv\u00e1ntart\u00e1s Oktat\u00e1s<\/a><\/p>\n<p><a href=\"https:\/\/semmelweis.hu\/kepalkotas\/files\/OKK-Adatkezelesi-nyilvantartas-Titkarsag-es-Humaneroforras-1.xlsx\">OKK Adatkezel\u00e9si nyilv\u00e1ntart\u00e1s Titk\u00e1rs\u00e1g \u00e9s Hum\u00e1ner\u0151forr\u00e1s<\/a><\/p>\n<p><a href=\"https:\/\/semmelweis.hu\/kepalkotas\/files\/OKK-Adatkezelesi-nyilvantartas-Betegellatas-1.xlsx\">OKK Adatkezel\u00e9si nyilv\u00e1ntart\u00e1s Betegell\u00e1t\u00e1s<\/a><\/p>\n<p><a href=\"https:\/\/semmelweis.hu\/kepalkotas\/files\/OKK-Adatkezelesi-nyilvantartas-Gazdasagi-1.xlsx\">OKK Adatkezel\u00e9si nyilv\u00e1ntart\u00e1s Gazdas\u00e1gi<\/a><\/p>\n<p>&nbsp;<\/p>\n<p>A Semmelweis Egyetem Adatv\u00e9delmi inform\u00e1ci\u00f3i a\u00a0<a href=\"https:\/\/semmelweis.hu\/jogigfoig\/adatvedelem-betegjog\/\">linkre <\/a>kattintva \u00e9rhet\u0151ek el.<\/p>\n<p>&nbsp;<\/p>\n","protected":false},"excerpt":{"rendered":"<p>A Semmelweis Egyetem Orvosi K\u00e9palkot\u00f3 Klinik\u00e1j\u00e1n a szem\u00e9lyes \u00e9s k\u00fcl\u00f6nleges szem\u00e9lyes adatok kezel\u00e9se \u00e9s v\u00e9delme a jogszab\u00e1lyoknak megfelel\u0151en, biztons\u00e1gosan t\u00f6rt\u00e9nik.<br \/>\n<a href=\"https:\/\/semmelweis.hu\/kepalkotas\/files\/OKK-Adatkezelesi-nyilvantartas-Oktatas-1.xlsx\">OKK Adatkezel\u00e9si nyilv\u00e1ntart\u00e1s Oktat\u00e1s<\/a><br \/>\n<a href=\"https:\/\/semmelweis.hu\/kepalkotas\/files\/OKK-Adatkezelesi-nyilvantartas-Titkarsag-es-Humaneroforras-1.xlsx\">OKK Adatkezel\u00e9si nyilv\u00e1ntart\u00e1s Titk\u00e1rs\u00e1g \u00e9s Hum\u00e1ner\u0151forr\u00e1s<\/a><br \/>\n<a href=\"https:\/\/semmelweis.hu\/kepalkotas\/files\/OKK-Adatkezelesi-nyilvantartas-Betegellatas-1.xlsx\">OKK Adatkezel\u00e9si nyilv\u00e1ntart\u00e1s Betegell\u00e1t\u00e1s<\/a><br \/>\n<a href=\"https:\/\/semmelweis.hu\/kepalkotas\/files\/OKK-Adatkezelesi-nyilvantartas-Gazdasagi-1.xlsx\">OKK Adatkezel\u00e9si nyilv\u00e1ntart\u00e1s Gazdas\u00e1gi<\/a><br \/>\n&nbsp;<br \/>\nA Semmelweis Egyetem Adatv\u00e9delmi inform\u00e1ci\u00f3i a\u00a0<a href=\"https:\/\/semmelweis.hu\/jogigfoig\/adatvedelem-betegjog\/\">linkre <\/a>kattintva \u00e9rhet\u0151ek el.<br \/>\n&nbsp;<\/p>\n","protected":false},"author":102232,"featured_media":0,"parent":906,"menu_order":6,"comment_status":"closed","ping_status":"closed","template":"","meta":{"_acf_changed":false,"footnotes":""},"categories":[],"tags":[],"class_list":["post-4015","page","type-page","status-publish","hentry"],"acf":[],"_links":{"self":[{"href":"https:\/\/semmelweis.hu\/kepalkotas\/wp-json\/wp\/v2\/pages\/4015","targetHints":{"allow":["GET"]}}],"collection":[{"href":"https:\/\/semmelweis.hu\/kepalkotas\/wp-json\/wp\/v2\/pages"}],"about":[{"href":"https:\/\/semmelweis.hu\/kepalkotas\/wp-json\/wp\/v2\/types\/page"}],"author":[{"embeddable":true,"href":"https:\/\/semmelweis.hu\/kepalkotas\/wp-json\/wp\/v2\/users\/102232"}],"replies":[{"embeddable":true,"href":"https:\/\/semmelweis.hu\/kepalkotas\/wp-json\/wp\/v2\/comments?post=4015"}],"version-history":[{"count":7,"href":"https:\/\/semmelweis.hu\/kepalkotas\/wp-json\/wp\/v2\/pages\/4015\/revisions"}],"predecessor-version":[{"id":4290,"href":"https:\/\/semmelweis.hu\/kepalkotas\/wp-json\/wp\/v2\/pages\/4015\/revisions\/4290"}],"up":[{"embeddable":true,"href":"https:\/\/semmelweis.hu\/kepalkotas\/wp-json\/wp\/v2\/pages\/906"}],"wp:attachment":[{"href":"https:\/\/semmelweis.hu\/kepalkotas\/wp-json\/wp\/v2\/media?parent=4015"}],"wp:term":[{"taxonomy":"category","embeddable":true,"href":"https:\/\/semmelweis.hu\/kepalkotas\/wp-json\/wp\/v2\/categories?post=4015"},{"taxonomy":"post_tag","embeddable":true,"href":"https:\/\/semmelweis.hu\/kepalkotas\/wp-json\/wp\/v2\/tags?post=4015"}],"curies":[{"name":"wp","href":"https:\/\/api.w.org\/{rel}","templated":true}]}}