{"id":3440,"date":"2022-02-07T08:40:19","date_gmt":"2022-02-07T07:40:19","guid":{"rendered":"https:\/\/semmelweis.hu\/kepalkotas\/?page_id=3440"},"modified":"2025-05-20T09:16:21","modified_gmt":"2025-05-20T07:16:21","slug":"gastroenterologiai-ultrahang-tanfolyam-2022","status":"publish","type":"page","link":"https:\/\/semmelweis.hu\/kepalkotas\/oktatas\/postgradualis-oktatas\/gastroenterologiai-ultrahang-tanfolyam-2022\/","title":{"rendered":"Gasztroenterol\u00f3giai Ultrahang Tanfolyam"},"content":{"rendered":"<div dir=\"ltr\">\n<div>\n<h1>GASZTROENTEROL\u00d3GIAI ULTRAHANG TANFOLYAM<\/h1>\n<p>Tisztelt Jelentkez\u0151! K\u00f6sz\u00f6nj\u00fck \u00e9rdekl\u0151d\u00e9s\u00e9t a <strong>Gasztroenterol\u00f3giai<\/strong> <b>Ultrahang <\/b>tanfolyamunk ir\u00e1nt.<\/p>\n<\/div>\n<\/div>\n<div>\n<div class=\"x_elementToProof\" data-olk-copy-source=\"MessageBody\">K\u00e9rj\u00fck, olvassa el figyelmesen az al\u00e1bbi t\u00e1j\u00e9koztat\u00f3t, mely a tanfolyam d\u00edj befizet\u00e9s r\u00e9szleteit tartalmazza.<\/div>\n<div class=\"x_elementToProof\"><b>A r\u00e9szv\u00e9teli d\u00edj befizet\u00e9s\u00e9nek lehets\u00e9ges m\u00f3djai:<\/b><br \/>\n\u00a0<\/div>\n<p><b><u>Nyilatkozat a tanfolyam d\u00edj\u00e1nak megfizet\u00e9s\u00e9r\u0151l (Ki fizeti a d\u00edjat?)<\/u><\/b><\/p>\n<div class=\"x_elementToProof\">Azon szem\u00e9ly,<\/div>\n<div class=\"x_elementToProof\">\u2013 akin\u00e9l<b>\u00a0int\u00e9zm\u00e9ny viseli (saj\u00e1t Egyetem, Orvosi Kamara, saj\u00e1t c\u00e9g\u2026stb.) a tanfolyam k\u00f6lts\u00e9geit<\/b>, k\u00e9rj\u00fck, hogy a <a href=\"https:\/\/semmelweis.hu\/kepalkotas\/files\/Koltsegatvallaloi-nyilatkozat.docx\">K\u00f6lts\u00e9g\u00e1tv\u00e1llal\u00f3i nyilatkozat<\/a>ot k\u00e9k tollal olvashat\u00f3an \u00e9s c\u00e9g pecs\u00e9ttel ell\u00e1tva,-\u00a0aki<b>\u00a0\u00f6nk\u00f6lts\u00e9gesen (saj\u00e1t maga, mint mag\u00e1nszem\u00e9ly fizeti) vesz r\u00e9szt<\/b>\u00a0a k\u00e9pz\u00e9sen a\u00a0<u>\u201e<a href=\"https:\/\/semmelweis.hu\/kepalkotas\/files\/Maganyszemely-szamlaigenylo-formanyomtatvany.docx\">Mag\u00e1nyszem\u00e9ly sz\u00e1mlaig\u00e9nyl\u0151 formanyomtatv\u00e1ny<\/a><\/u><b><i><u>t\u201d<\/u>\u00a0<\/i><\/b>k\u00e9k tollal olvashat\u00f3an kit\u00f6ltve a gazdas\u00e1gi irodavezet\u0151 Asszony r\u00e9sz\u00e9re a\u00a0<b><u><a id=\"OWAb559e094-5134-d9e2-6ccd-4de2f0dacb18\" class=\"x_OWAAutoLink\" href=\"mailto:farkas.eva@semmelweis.hu\">farkas.eva@semmelweis.hu<\/a><\/u><\/b><b>\u00a0<\/b>e-mail c\u00edmre tov\u00e1bb\u00e1 p\u00e9nz\u00fcgyi \u00fcgyint\u00e9z\u0151inknek a\u00a0<b><i><u><a id=\"OWAb764cfc4-909d-e177-1d87-9f98aca9b529\" class=\"x_OWAAutoLink\" href=\"mailto:karacsony.gabriella@semmelweis.hu\">karacsony.gabriella@semmelweis.hu<\/a><\/u><\/i><\/b><i>\u00a0<\/i>valamint<i>\u00a0<\/i><b><i><u><a id=\"OWAbdae1ae4-3bc8-c808-2f63-1177383b9edd\" class=\"x_OWAAutoLink\" href=\"mailto:szagos.viktoria@semmelweis.hu\">szagos.viktoria@semmelweis.hu<\/a><\/u><\/i><\/b><i>\u00a0<\/i>c\u00edmekre megk\u00fcldeni sz\u00edveskedj\u00e9k.<\/div>\n<div class=\"x_elementToProof\" aria-hidden=\"true\">\u00a0<\/div>\n<p><b><u>A sz\u00e1mla befizet\u00e9se<\/u><\/b><\/p>\n<div class=\"x_elementToProof\">A megadott e-mail c\u00edmre kik\u00fcld\u00f6tt sz\u00e1mla teljes\u00edt\u00e9se: az utal\u00e1s ind\u00edt\u00e1sakor k\u00e9rj\u00fck a\u00a0<b>megjegyz\u00e9s rovatba<\/b>\u00a0felvinni a sz\u00e1mla sorsz\u00e1m\u00e1t, tov\u00e1bb\u00e1 a tanfolyam nev\u00e9t \u00e9s sz\u00e1m\u00e1t.<\/div>\n<p><b><u><br \/>\nA befizet\u00e9s igazol\u00e1sa<\/u><\/b><\/p>\n<div class=\"x_elementToProof\">A tanfolyamon val\u00f3 r\u00e9szv\u00e9tel felt\u00e9tele a tanfolyam d\u00edj\u00e1nak rendez\u00e9se, \u00e9s az igazol\u00f3 dokumentum megk\u00fcld\u00e9se.<\/div>\n<div class=\"x_elementToProof\">\u00a0\u00a0<\/div>\n<div class=\"x_elementToProof\">Fizet\u00e9ssel kapcsolatos k\u00e9rd\u00e9sekkel kapcsolatban keress\u00e9k Farkas \u00c9va gazdas\u00e1gi irodavezet\u0151 Asszonyt a\u00a0<u><a id=\"OWA4bb7e1c1-ec18-fe07-3a98-228bb49daf9e\" class=\"x_OWAAutoLink\" href=\"mailto:farkas.eva@semmelweis.hu\">farkas.eva@semmelweis.hu<\/a><\/u>\u00a0e-mail c\u00edmen, tov\u00e1bb\u00e1 p\u00e9nz\u00fcgyi \u00fcgyint\u00e9z\u0151ink\u00a0 Kar\u00e1csony Gabriell\u00e1t \u00e9s Sz\u0171csn\u00e9 Sz\u00e1gos Vikt\u00f3ri\u00e1t a\u00a0<u><a id=\"OWAdfd4d4c0-813f-3fa5-6e70-fe963428870b\" class=\"x_OWAAutoLink\" href=\"mailto:karacsony.gabriella@semmelweis.hu\">karacsony.gabriella@semmelweis.hu<\/a><\/u><u>\u00a0<\/u>valamint\u00a0<u><a id=\"OWA67a8af1a-0829-b4ca-796b-cb15469e9c93\" class=\"x_OWAAutoLink\" href=\"mailto:szagos.viktoria@semmelweis.hu\">szagos.viktoria@semmelweis.hu<\/a><\/u><u>\u00a0<\/u>e-mail c\u00edmen.<\/div>\n<div class=\"x_elementToProof\">Az utal\u00e1st igazol\u00f3 banki bizonylatot szint\u00e9n a fent megadott gazdas\u00e1gi iroda vezet\u0151 Asszony \u00e9s p\u00e9nz\u00fcgyi \u00fcgyint\u00e9z\u0151k r\u00e9sz\u00e9re sz\u00edveskedjenek megk\u00fcldeni.<\/div>\n<div class=\"x_elementToProof\">Befizet\u00e9si \u00e9s a bizonylat megk\u00fcld\u00e9s\u00e9nek hat\u00e1rideje a tanfolyam kezdete el\u0151tt egy h\u00e9ttel.<\/div>\n<div class=\"x_elementToProof\" aria-hidden=\"true\">\u00a0<\/div>\n<div class=\"x_elementToProof\">A tanfolyammal kapcsolatos elm\u00e9leti k\u00e9rd\u00e9sekkel kapcsolatban az\u00a0<u><a id=\"OWA522af19e-bf1e-d6d3-f9af-678a1fc166d7\" class=\"x_OWAAutoLink\" href=\"mailto:okk.oktatas@semmelweis.hu\">okk.oktatas@semmelweis.hu<\/a><\/u>\u00a0e-mail c\u00edmen tudnak \u00e9rdekl\u0151dni Ma\u00e1r-Sipos Edina tanulm\u00e1nyi szak\u00e9rt\u0151 \u00e9s Csorba Regina tanulm\u00e1nyi \u00fcgyint\u00e9z\u0151n\u00e9l.&#8221;<\/div>\n<\/div>\n<div>\u00a0<\/div>\n<div>K\u00e9rj\u00fck , hogy a tanfolyam kezdete el\u0151tt legal\u00e1bb 1 munkanappal rendezze a tanfolyam d\u00edj\u00e1t \u00e9s a befizet\u00e9si bizonylatot a tanfolyam kezdete el\u0151tti munkanap 12:00 \u00f3r\u00e1ig k\u00fcldje meg, tekintettel arra, hogy hozz\u00e1f\u00e9r\u00e9st csak azok sz\u00e1m\u00e1ra tudunk biztos\u00edtani, akik teljes\u00edtett\u00e9k azt.<\/div>\n<div>\u00a0<\/div>\n<div dir=\"ltr\">\n<div>Program:<\/div>\n<div>Felt\u00f6lt\u00e9s alatt.<\/div>\n<div>\u00a0<\/div>\n<\/div>\n","protected":false},"excerpt":{"rendered":"<p>GASZTROENTEROL\u00d3GIAI ULTRAHANG TANFOLYAM Tisztelt Jelentkez\u0151! K\u00f6sz\u00f6nj\u00fck \u00e9rdekl\u0151d\u00e9s\u00e9t a Gasztroenterol\u00f3giai Ultrahang tanfolyamunk ir\u00e1nt. K\u00e9rj\u00fck, olvassa el figyelmesen az al\u00e1bbi t\u00e1j\u00e9koztat\u00f3t, mely a tanfolyam d\u00edj befizet\u00e9s r\u00e9szleteit tartalmazza. A r\u00e9szv\u00e9teli d\u00edj befizet\u00e9s\u00e9nek lehets\u00e9ges m\u00f3djai: \u00a0 Nyilatkozat a tanfolyam d\u00edj\u00e1nak megfizet\u00e9s\u00e9r\u0151l (Ki fizeti a d\u00edjat?) Azon szem\u00e9ly, \u2013 akin\u00e9l\u00a0int\u00e9zm\u00e9ny viseli (saj\u00e1t Egyetem, Orvosi Kamara, saj\u00e1t c\u00e9g\u2026stb.) a tanfolyam &hellip;<\/p>\n","protected":false},"author":108,"featured_media":0,"parent":2194,"menu_order":3,"comment_status":"closed","ping_status":"closed","template":"","meta":{"_acf_changed":false,"footnotes":""},"categories":[],"tags":[],"class_list":["post-3440","page","type-page","status-publish","hentry"],"acf":[],"_links":{"self":[{"href":"https:\/\/semmelweis.hu\/kepalkotas\/wp-json\/wp\/v2\/pages\/3440","targetHints":{"allow":["GET"]}}],"collection":[{"href":"https:\/\/semmelweis.hu\/kepalkotas\/wp-json\/wp\/v2\/pages"}],"about":[{"href":"https:\/\/semmelweis.hu\/kepalkotas\/wp-json\/wp\/v2\/types\/page"}],"author":[{"embeddable":true,"href":"https:\/\/semmelweis.hu\/kepalkotas\/wp-json\/wp\/v2\/users\/108"}],"replies":[{"embeddable":true,"href":"https:\/\/semmelweis.hu\/kepalkotas\/wp-json\/wp\/v2\/comments?post=3440"}],"version-history":[{"count":10,"href":"https:\/\/semmelweis.hu\/kepalkotas\/wp-json\/wp\/v2\/pages\/3440\/revisions"}],"predecessor-version":[{"id":4437,"href":"https:\/\/semmelweis.hu\/kepalkotas\/wp-json\/wp\/v2\/pages\/3440\/revisions\/4437"}],"up":[{"embeddable":true,"href":"https:\/\/semmelweis.hu\/kepalkotas\/wp-json\/wp\/v2\/pages\/2194"}],"wp:attachment":[{"href":"https:\/\/semmelweis.hu\/kepalkotas\/wp-json\/wp\/v2\/media?parent=3440"}],"wp:term":[{"taxonomy":"category","embeddable":true,"href":"https:\/\/semmelweis.hu\/kepalkotas\/wp-json\/wp\/v2\/categories?post=3440"},{"taxonomy":"post_tag","embeddable":true,"href":"https:\/\/semmelweis.hu\/kepalkotas\/wp-json\/wp\/v2\/tags?post=3440"}],"curies":[{"name":"wp","href":"https:\/\/api.w.org\/{rel}","templated":true}]}}