{"id":2922,"date":"2020-09-03T11:46:56","date_gmt":"2020-09-03T09:46:56","guid":{"rendered":"https:\/\/semmelweis.hu\/kepalkotas\/?page_id=2922"},"modified":"2025-03-03T15:05:00","modified_gmt":"2025-03-03T14:05:00","slug":"6-eves-gradualis-oktatas","status":"publish","type":"page","link":"https:\/\/semmelweis.hu\/kepalkotas\/oktatas\/oktatas-magyar-altalanos-ismeretek\/6-eves-gradualis-oktatas\/","title":{"rendered":"VI. \u00e9ves gradu\u00e1lis oktat\u00e1s"},"content":{"rendered":"<p><strong>Gradu\u00e1lis el\u0151ad\u00e1sok \u00e9s gyakorlatok 6. \u00e9veseknek<br \/>\n<\/strong><\/p>\n<h4><strong>VI. \u00c9VES HATHETES V\u00c1LASZTHAT\u00d3 GYAKORLAT<\/strong><span style=\"color: #0000ff;\"><strong style=\"font-size: 1rem;\"><br \/>\n<\/strong><\/span><\/h4>\n<p>Minden tan\u00e9v tavaszi szemeszter\u00e9ben <strong>20 f\u0151 VI. \u00e9ves hallgat\u00f3t fogadunk<\/strong> a hathetes v\u00e1laszthat\u00f3 gyakorlat keret\u00e9ben.<\/p>\n<p>A hallgat\u00f3k kiscsoportokba osztva (2-3 f\u0151),\u00a0<strong>klinikai &#8222;shadowing&#8221;<\/strong>\u00a0jelleggel k\u00f6zelr\u0151l ismerhetik meg az egyes r\u00e9szlegek m\u0171k\u00f6d\u00e9s\u00e9t \u00e9s a radiol\u00f3gusi munk\u00e1t.<\/p>\n<p>A hallgat\u00f3k minden r\u00e9szlegen 2-3 napot t\u00f6ltenek.<\/p>\n<ul>\n<li>hagyom\u00e1nyos r\u00f6ntgen-diagnosztika<\/li>\n<li>ultrahang<\/li>\n<li>eml\u0151diagnosztika<\/li>\n<li>intervenci\u00f3s radiol\u00f3gia<\/li>\n<li>CT<\/li>\n<li>MR (1,5 \u00e9s 3 T k\u00e9sz\u00fcl\u00e9k)<\/li>\n<li>Nukle\u00e1ris Medicina<\/li>\n<li>s\u00fcrg\u0151ss\u00e9gi radiol\u00f3gia<\/li>\n<\/ul>\n<p>Helysz\u00ednek: az <strong>Orvosi K\u00e9palkot\u00f3 Klinika<\/strong> \u00e9s a <strong>Transzplant\u00e1ci\u00f3s \u00e9s Seb\u00e9szeti Klinika radiol\u00f3gia oszt\u00e1lya<\/strong><\/p>\n<p>A hathetes blokk <strong>tesztvizsg\u00e1val<\/strong> z\u00e1rul.<\/p>\n<p>Kontakt: <a href=\"mailto:okk.oktatas@semmelweis.hu\"><strong>okk.oktatas@semmelweis.hu<\/strong><\/a><\/p>\n","protected":false},"excerpt":{"rendered":"<p>Gradu\u00e1lis el\u0151ad\u00e1sok \u00e9s gyakorlatok 6. \u00e9veseknek VI. \u00c9VES HATHETES V\u00c1LASZTHAT\u00d3 GYAKORLAT Minden tan\u00e9v tavaszi szemeszter\u00e9ben 20 f\u0151 VI. \u00e9ves hallgat\u00f3t fogadunk a hathetes v\u00e1laszthat\u00f3 gyakorlat keret\u00e9ben. A hallgat\u00f3k kiscsoportokba osztva (2-3 f\u0151),\u00a0klinikai &#8222;shadowing&#8221;\u00a0jelleggel k\u00f6zelr\u0151l ismerhetik meg az egyes r\u00e9szlegek m\u0171k\u00f6d\u00e9s\u00e9t \u00e9s a radiol\u00f3gusi munk\u00e1t. A hallgat\u00f3k minden r\u00e9szlegen 2-3 napot t\u00f6ltenek. hagyom\u00e1nyos r\u00f6ntgen-diagnosztika ultrahang eml\u0151diagnosztika &hellip;<\/p>\n","protected":false},"author":108,"featured_media":0,"parent":84,"menu_order":0,"comment_status":"closed","ping_status":"closed","template":"","meta":{"_acf_changed":false,"footnotes":""},"categories":[],"tags":[],"class_list":["post-2922","page","type-page","status-publish","hentry"],"acf":[],"_links":{"self":[{"href":"https:\/\/semmelweis.hu\/kepalkotas\/wp-json\/wp\/v2\/pages\/2922","targetHints":{"allow":["GET"]}}],"collection":[{"href":"https:\/\/semmelweis.hu\/kepalkotas\/wp-json\/wp\/v2\/pages"}],"about":[{"href":"https:\/\/semmelweis.hu\/kepalkotas\/wp-json\/wp\/v2\/types\/page"}],"author":[{"embeddable":true,"href":"https:\/\/semmelweis.hu\/kepalkotas\/wp-json\/wp\/v2\/users\/108"}],"replies":[{"embeddable":true,"href":"https:\/\/semmelweis.hu\/kepalkotas\/wp-json\/wp\/v2\/comments?post=2922"}],"version-history":[{"count":8,"href":"https:\/\/semmelweis.hu\/kepalkotas\/wp-json\/wp\/v2\/pages\/2922\/revisions"}],"predecessor-version":[{"id":4409,"href":"https:\/\/semmelweis.hu\/kepalkotas\/wp-json\/wp\/v2\/pages\/2922\/revisions\/4409"}],"up":[{"embeddable":true,"href":"https:\/\/semmelweis.hu\/kepalkotas\/wp-json\/wp\/v2\/pages\/84"}],"wp:attachment":[{"href":"https:\/\/semmelweis.hu\/kepalkotas\/wp-json\/wp\/v2\/media?parent=2922"}],"wp:term":[{"taxonomy":"category","embeddable":true,"href":"https:\/\/semmelweis.hu\/kepalkotas\/wp-json\/wp\/v2\/categories?post=2922"},{"taxonomy":"post_tag","embeddable":true,"href":"https:\/\/semmelweis.hu\/kepalkotas\/wp-json\/wp\/v2\/tags?post=2922"}],"curies":[{"name":"wp","href":"https:\/\/api.w.org\/{rel}","templated":true}]}}

VI. éves graduális oktatás

<p><strong>Graduális előadások és gyakorlatok 6. éveseknek<br />
</strong></p>
<h4><strong>VI. ÉVES HATHETES VÁLASZTHATÓ GYAKORLAT</strong><span style="color: #0000ff;"><strong style="font-size: 1rem;"><br />
</strong></span></h4>
<p>Minden tanév tavaszi szemeszterében <strong>20 fő VI. éves hallgatót fogadunk</strong> a hathetes választható gyakorlat keretében.</p>
<p>A hallgatók kiscsoportokba osztva (2-3 fő), <strong>klinikai &#8222;shadowing&#8221;</strong> jelleggel közelről ismerhetik meg az egyes részlegek működését és a radiológusi munkát.</p>
<p>A hallgatók minden részlegen 2-3 napot töltenek.</p>
<ul>
<li>hagyományos röntgen-diagnosztika</li>
<li>ultrahang</li>
<li>emlődiagnosztika</li>
<li>intervenciós radiológia</li>
<li>CT</li>
<li>MR (1,5 és 3 T készülék)</li>
<li>Nukleáris Medicina</li>
<li>sürgősségi radiológia</li>
</ul>
<p>Helyszínek: az <strong>Orvosi Képalkotó Klinika</strong> és a <strong>Transzplantációs és Sebészeti Klinika radiológia osztálya</strong></p>
<p>A hathetes blokk <strong>tesztvizsgával</strong> zárul.</p>
<p>Kontakt: <a href="mailto:okk.oktatas@semmelweis.hu"><strong>okk.oktatas@semmelweis.hu</strong></a></p>

<p>Graduális előadások és gyakorlatok 6. éveseknek VI. ÉVES HATHETES VÁLASZTHATÓ GYAKORLAT Minden tanév tavaszi szemeszterében 20 fő VI. éves hallgatót fogadunk a hathetes választható gyakorlat keretében. A hallgatók kiscsoportokba osztva (2-3 fő), klinikai &#8222;shadowing&#8221; jelleggel közelről ismerhetik meg az egyes részlegek működését és a radiológusi munkát. A hallgatók minden részlegen 2-3 napot töltenek. hagyományos röntgen-diagnosztika ultrahang emlődiagnosztika &hellip;</p>
