{"id":2290,"date":"2019-11-25T08:34:57","date_gmt":"2019-11-25T08:34:57","guid":{"rendered":"http:\/\/test.semmelweis.hu\/kepalkotas\/?page_id=2290"},"modified":"2025-03-12T08:40:57","modified_gmt":"2025-03-12T07:40:57","slug":"eloadasok","status":"publish","type":"page","link":"https:\/\/semmelweis.hu\/kepalkotas\/oktatas\/oktatas-magyar-altalanos-ismeretek\/eloadasok\/","title":{"rendered":"IV. \u00e9ves gradu\u00e1lis oktat\u00e1s"},"content":{"rendered":"<h4><strong>IV. \u00c9VES K\u00c9THETES BLOKK<\/strong><\/h4>\n<p><strong>A gradu\u00e1lis Orvosi K\u00e9palkot\u00e1s oktat\u00e1s c\u00e9ljai<\/strong><\/p>\n<ul>\n<li>k\u00fcl\u00f6nb\u00f6z\u0151 radiol\u00f3giai modalit\u00e1sok alapelveinek, klinikai felhaszn\u00e1l\u00e1s\u00e1nak elsaj\u00e1t\u00edt\u00e1sa<\/li>\n<li>radiol\u00f3giai k\u00e9pek alapszint\u0171 elemz\u00e9se<\/li>\n<li>annak elsaj\u00e1t\u00edt\u00e1sa, hogy mely k\u00f3rk\u00e9pekben milyen radiol\u00f3giai modalit\u00e1s, mely kivizsg\u00e1l\u00e1si algoritmus a leghat\u00e9konyabb<\/li>\n<li>a radiol\u00f3gus multidiszciplin\u00e1ris team-ben bet\u00f6lt\u00f6tt szerep\u00e9nek meg\u00e9rt\u00e9se<\/li>\n<\/ul>\n<p><strong>Oktat\u00e1si anyagok<\/strong><\/p>\n<ul>\n<li><strong>el\u0151ad\u00e1sok, esetismertet\u00e9sek, r\u00f6gz\u00edtett el\u0151ad\u00e1sok, ppt-k<\/strong>(Moodle platformunkon \u00e9rhet\u0151k el)<\/li>\n<li><strong>hivatalos Orvosi K\u00e9palkot\u00e1s jegyzet: <\/strong><a href=\"https:\/\/dtk.tankonyvtar.hu\/handle\/123456789\/7951\">https:\/\/dtk.tankonyvtar.hu\/handle\/123456789\/7951<\/a><\/li>\n<li>hivatalos tank\u00f6nyv:\u00a0<strong>Palk\u00f3 Andr\u00e1s: A Radiol\u00f3gia Tank\u00f6nyve<\/strong>(Medicina Kiad\u00f3, 2020)\u00a0ISBN: 9789632267401<\/li>\n<li>aj\u00e1nlott honlap:\u00a0<a href=\"http:\/\/www.learningradiology.com\/\"><strong>LearningRadiology<\/strong><\/a>,\u00a0<a href=\"https:\/\/radiopaedia.org\/\"><strong>org, the wiki-basedcollaborativeRadiologyresource<\/strong><\/a><\/li>\n<\/ul>\n<p><a href=\"https:\/\/semmelweis.hu\/kepalkotas\/files\/educational-sites-maps_Medical-Imaging-Centre.pdf\">Oktat\u00e1si helysz\u00ednek, alaprajz<\/a><\/p>\n<p><a href=\"https:\/\/semmelweis.hu\/kepalkotas\/files\/intezkedesi-terv-OKK-HU_2022-23-1.-feleves-OMHV-alapjan.pdf\">Int\u00e9zked\u00e9si terv a 2022\/23-as tan\u00e9v I. szemeszter OMHV adatai alapj\u00e1n<\/a><\/p>\n<p><span data-olk-copy-source=\"MessageBody\">Kedves Hallgat\u00f3k!<\/span><\/p>\n<p>T\u00e1j\u00e9koztatjuk \u00d6n\u00f6ket, hogy Dr. med habil. Dr. h. c. mult. Dirk Pikuth a CaritasKlinikum Saarbr\u00fcckent\u0151l is el\u0151ad\u00e1sokat tart az Orvosi K\u00e9palkot\u00f3 Klinik\u00e1n ebben az \u00e9vben.<\/p>\n<p>2025. m\u00e1rcius 28. p\u00e9ntek, 15.00:<\/p>\n<p>Pickuth professzor\u00a0<b>friss\u00edt\u0151 tanfolyamot<\/b>\u00a0k\u00e9sz\u00edtett a n\u00e9met orvostanhallgat\u00f3k sz\u00e1m\u00e1ra (n\u00e9met nyelven).<\/p>\n<p>Az el\u0151ad\u00e1sok az Orvosi K\u00e9palkot\u00f3 Int\u00e9zet k\u00f6nyvt\u00e1r\u00e1ban zajlanak.<\/p>\n<p>Regisztr\u00e1ci\u00f3 (Moodle Event):<\/p>\n<div><a class=\"ms-outlook-linkify\" href=\"https:\/\/itc.semmelweis.hu\/moodle\/course\/section.php?id=60005\" target=\"_blank\" rel=\"noopener\">https:\/\/itc.semmelweis.hu\/moodle\/course\/section.php?id=60005<\/a><\/div>\n<div>\u00a0<\/div>\n<div>Ha b\u00e1rmilyen probl\u00e9m\u00e1ja vagy k\u00e9rd\u00e9se van, hivatkozzon erre az e-mail c\u00edmre:<\/div>\n<div>dsvs@semmelweis.hu<\/div>\n<div>\u00a0<\/div>\n<p>V\u00e1rjuk \u00e9rdekl\u0151d\u00e9s\u00e9t!<\/p>\n<p>\u00dcdv\u00f6zlettel:<\/p>\n<p>Dr. med. Gy\u00f6ngyi Juharosi<\/p>\n<p>Dr. med. \u00c1d\u00e1m und David T\u00e1rnoki<\/p>\n<p>\u00e9s a Kurrikulum Orvosi K\u00e9palkot\u00f3 Tansz\u00e9k csapata<\/p>\n<p>&nbsp;<\/p>\n","protected":false},"excerpt":{"rendered":"<p>IV. \u00c9VES K\u00c9THETES BLOKK A gradu\u00e1lis Orvosi K\u00e9palkot\u00e1s oktat\u00e1s c\u00e9ljai k\u00fcl\u00f6nb\u00f6z\u0151 radiol\u00f3giai modalit\u00e1sok alapelveinek, klinikai felhaszn\u00e1l\u00e1s\u00e1nak elsaj\u00e1t\u00edt\u00e1sa radiol\u00f3giai k\u00e9pek alapszint\u0171 elemz\u00e9se annak elsaj\u00e1t\u00edt\u00e1sa, hogy mely k\u00f3rk\u00e9pekben milyen radiol\u00f3giai modalit\u00e1s, mely kivizsg\u00e1l\u00e1si algoritmus a leghat\u00e9konyabb a radiol\u00f3gus multidiszciplin\u00e1ris team-ben bet\u00f6lt\u00f6tt szerep\u00e9nek meg\u00e9rt\u00e9se Oktat\u00e1si anyagok el\u0151ad\u00e1sok, esetismertet\u00e9sek, r\u00f6gz\u00edtett el\u0151ad\u00e1sok, ppt-k(Moodle platformunkon \u00e9rhet\u0151k el) hivatalos Orvosi K\u00e9palkot\u00e1s jegyzet: &hellip;<\/p>\n","protected":false},"author":108,"featured_media":0,"parent":84,"menu_order":0,"comment_status":"closed","ping_status":"closed","template":"","meta":{"_acf_changed":false,"footnotes":""},"categories":[],"tags":[],"class_list":["post-2290","page","type-page","status-publish","hentry"],"acf":[],"_links":{"self":[{"href":"https:\/\/semmelweis.hu\/kepalkotas\/wp-json\/wp\/v2\/pages\/2290","targetHints":{"allow":["GET"]}}],"collection":[{"href":"https:\/\/semmelweis.hu\/kepalkotas\/wp-json\/wp\/v2\/pages"}],"about":[{"href":"https:\/\/semmelweis.hu\/kepalkotas\/wp-json\/wp\/v2\/types\/page"}],"author":[{"embeddable":true,"href":"https:\/\/semmelweis.hu\/kepalkotas\/wp-json\/wp\/v2\/users\/108"}],"replies":[{"embeddable":true,"href":"https:\/\/semmelweis.hu\/kepalkotas\/wp-json\/wp\/v2\/comments?post=2290"}],"version-history":[{"count":12,"href":"https:\/\/semmelweis.hu\/kepalkotas\/wp-json\/wp\/v2\/pages\/2290\/revisions"}],"predecessor-version":[{"id":4417,"href":"https:\/\/semmelweis.hu\/kepalkotas\/wp-json\/wp\/v2\/pages\/2290\/revisions\/4417"}],"up":[{"embeddable":true,"href":"https:\/\/semmelweis.hu\/kepalkotas\/wp-json\/wp\/v2\/pages\/84"}],"wp:attachment":[{"href":"https:\/\/semmelweis.hu\/kepalkotas\/wp-json\/wp\/v2\/media?parent=2290"}],"wp:term":[{"taxonomy":"category","embeddable":true,"href":"https:\/\/semmelweis.hu\/kepalkotas\/wp-json\/wp\/v2\/categories?post=2290"},{"taxonomy":"post_tag","embeddable":true,"href":"https:\/\/semmelweis.hu\/kepalkotas\/wp-json\/wp\/v2\/tags?post=2290"}],"curies":[{"name":"wp","href":"https:\/\/api.w.org\/{rel}","templated":true}]}}