{"id":2040,"date":"2019-09-12T07:08:49","date_gmt":"2019-09-12T07:08:49","guid":{"rendered":"http:\/\/test.semmelweis.hu\/kepalkotas\/?page_id=2040"},"modified":"2024-04-16T10:07:31","modified_gmt":"2024-04-16T08:07:31","slug":"kontakt","status":"publish","type":"page","link":"https:\/\/semmelweis.hu\/kepalkotas\/de\/kontakt\/","title":{"rendered":"Kontakt"},"content":{"rendered":"<p><strong>Address: H-1083 Budapest, VIII. Kor\u00e1nyi S\u00e1ndor utca 2.<\/strong><br \/>\n<em>The entrance is from the main gate of Kor\u00e1nyi Block\u00a0<\/em><\/p>\n<p>&nbsp;<\/p>\n<p><strong>Allgemein Chef des Deutsch Grundausbildung:<br \/>\n<\/strong>Gy\u00f6ngyi Juharosi MD<br \/>\ne-mail:\u00a0 <a href=\"mailto:okk.oktatas@semmelweis.hu\">okk.oktatas@semmelweis.hu<\/a>; <br \/>\nphone:\u00a0<a href=\"tel:206632151\">+36 20 666 0723<\/a><\/p>\n<p>&nbsp;<\/p>\n<p><strong>Leiter der Undergraduate Radiologie Unterricht:<br \/>\n<\/strong>Zsuzsanna L\u00e9n\u00e1rd MD<br \/>\ne-mail:\u00a0\u00a0<a href=\"mailto:okk.oktatas@semmelweis.hu\">okk.oktatas@semmelweis.hu<\/a>; <br \/>\nphone:\u00a0<a href=\"tel:208259215\">+36 20 825 9215<\/a><\/p>\n<p>&nbsp;<\/p>\n<p><strong>Sekratariat der Abteilung f\u00fcr Radiologie:<br \/>\n<\/strong>Phone: +36 1 459 1500\/61626 oder 61628<br \/>\ne-mail: <a href=\"mailto:okk.titkarsag@semmelweis.hu\">okk.titkarsag@semmelweis.hu<\/a><\/p>\n<p>&nbsp;<\/p>\n\n<!-- iframe plugin v.4.9 wordpress.org\/plugins\/iframe\/ -->\n<iframe loading=\"lazy\" src=\"https:\/\/www.google.com\/maps\/embed?pb=!1m18!1m12!1m3!1d2696.3761305816574!2d19.07916185110511!3d47.48258557907445!2m3!1f0!2f0!3f0!3m2!1i1024!2i768!4f13.1!3m3!1m2!1s0x4741dcfaec58fc89%3A0x5333dc8c2d5bbcf9!2sSemmelweis+Egyetem+Radiol%C3%B3giai+Klinika!5e0!3m2!1shu!2shu!4v1478611820486\" width=\"100%\" height=\"350\" scrolling=\"yes\" class=\"iframe-class\" frameborder=\"0\"><\/iframe>\n\n","protected":false},"excerpt":{"rendered":"<p>Address: H-1083 Budapest, VIII. Kor\u00e1nyi S\u00e1ndor utca 2. The entrance is from the main gate of Kor\u00e1nyi Block\u00a0 &nbsp; Allgemein Chef des Deutsch Grundausbildung: Gy\u00f6ngyi Juharosi MD e-mail:\u00a0 <a href=\"mailto:okk.oktatas@semmelweis.hu\">okk.oktatas@semmelweis.hu<\/a> ; phone:\u00a0 <a href=\"tel:206632151\">+36 20 666 0723<\/a> &nbsp; Leiter der Undergraduate Radiologie Unterricht: Zsuzsanna L\u00e9n\u00e1rd MD e-mail:\u00a0\u00a0 <a href=\"mailto:okk.oktatas@semmelweis.hu\">okk.oktatas@semmelweis.hu<\/a> ; phone:\u00a0 <a href=\"tel:208259215\">+36 20 825 9215<\/a> &nbsp; Sekratariat der Abteilung f\u00fcr Radiologie: Phone: +36 1 459 1500\/61626 oder 61628 &hellip;<\/p>\n","protected":false},"author":12,"featured_media":0,"parent":0,"menu_order":5,"comment_status":"closed","ping_status":"closed","template":"","meta":{"_acf_changed":false,"footnotes":""},"categories":[],"tags":[],"class_list":["post-2040","page","type-page","status-publish","hentry"],"acf":[],"_links":{"self":[{"href":"https:\/\/semmelweis.hu\/kepalkotas\/wp-json\/wp\/v2\/pages\/2040","targetHints":{"allow":["GET"]}}],"collection":[{"href":"https:\/\/semmelweis.hu\/kepalkotas\/wp-json\/wp\/v2\/pages"}],"about":[{"href":"https:\/\/semmelweis.hu\/kepalkotas\/wp-json\/wp\/v2\/types\/page"}],"author":[{"embeddable":true,"href":"https:\/\/semmelweis.hu\/kepalkotas\/wp-json\/wp\/v2\/users\/12"}],"replies":[{"embeddable":true,"href":"https:\/\/semmelweis.hu\/kepalkotas\/wp-json\/wp\/v2\/comments?post=2040"}],"version-history":[{"count":5,"href":"https:\/\/semmelweis.hu\/kepalkotas\/wp-json\/wp\/v2\/pages\/2040\/revisions"}],"predecessor-version":[{"id":4173,"href":"https:\/\/semmelweis.hu\/kepalkotas\/wp-json\/wp\/v2\/pages\/2040\/revisions\/4173"}],"wp:attachment":[{"href":"https:\/\/semmelweis.hu\/kepalkotas\/wp-json\/wp\/v2\/media?parent=2040"}],"wp:term":[{"taxonomy":"category","embeddable":true,"href":"https:\/\/semmelweis.hu\/kepalkotas\/wp-json\/wp\/v2\/categories?post=2040"},{"taxonomy":"post_tag","embeddable":true,"href":"https:\/\/semmelweis.hu\/kepalkotas\/wp-json\/wp\/v2\/tags?post=2040"}],"curies":[{"name":"wp","href":"https:\/\/api.w.org\/{rel}","templated":true}]}}