{"id":14,"date":"2012-02-03T13:59:15","date_gmt":"2012-02-03T13:59:15","guid":{"rendered":"http:\/\/semmelweis-egyetem.hu\/radiologia\/?page_id=14"},"modified":"2024-11-20T10:11:35","modified_gmt":"2024-11-20T09:11:35","slug":"gradualis","status":"publish","type":"page","link":"https:\/\/semmelweis.hu\/kepalkotas\/kutatas\/gradualis\/","title":{"rendered":"TDK t\u00e9m\u00e1k, Rektori p\u00e1lyamunk\u00e1k"},"content":{"rendered":"<h3>Radiol\u00f3giai Tansz\u00e9k TDK T\u00e9m\u00e1i<\/h3>\n<table style=\"width: 83.4456%\" width=\"1278\">\n<tbody>\n<tr>\n<td style=\"width: 59.8905%\" width=\"766\"><strong>TDK munka c\u00edme<\/strong><\/td>\n<td style=\"width: 43.1825%\" width=\"512\"><strong>T\u00e9mavezet\u0151 neve (fokozattal)<\/strong><\/td>\n<\/tr>\n<tr>\n<td style=\"width: 59.8905%\">A fotonsz\u00e1ml\u00e1l\u00f3 detektor CT technol\u00f3gia el\u0151nyeinek \u00e9s lehet\u0151s\u00e9geinek vizsg\u00e1lata k\u00fcl\u00f6nb\u00f6z\u0151 pancreas elt\u00e9r\u00e9sek eset\u00e9n<\/td>\n<td style=\"width: 43.1825%\">Bettina Katalin Budai, MD, PhD; Ibolyka Dud\u00e1s, MD<\/td>\n<\/tr>\n<tr>\n<td style=\"width: 59.8905%\">The potential utility of Photon-counting detector CT scanners in the diagnosis of pancreas diseases<\/td>\n<td style=\"width: 43.1825%\">Bettina Katalin Budai, MD, PhD; Ibolyka Dud\u00e1s, MD<\/td>\n<\/tr>\n<tr>\n<td style=\"width: 59.8905%\">A fotonsz\u00e1ml\u00e1l\u00f3 detektor CT vizsg\u00e1lat szerepe a fok\u00e1lis \u00e9s diff\u00faz m\u00e1jl\u00e9zi\u00f3k diagnosztik\u00e1j\u00e1ban<\/td>\n<td style=\"width: 43.1825%\">Bettina Katalin Budai, MD, PhD; Ibolyka Dud\u00e1s, MD<\/td>\n<\/tr>\n<tr>\n<td style=\"width: 59.8905%\">The role of Photon-counting detector CTs in the diagnostics of focal and diffuse liver lesions<\/td>\n<td style=\"width: 43.1825%\">Bettina Katalin Budai, MD, PhD; Ibolyka Dud\u00e1s, MD<\/td>\n<\/tr>\n<tr>\n<td style=\"width: 59.8905%\">Pancreas tumorok radiomikai elemz\u00e9se fotonsz\u00e1ml\u00e1l\u00f3 detektor CT felv\u00e9teleken<\/td>\n<td style=\"width: 43.1825%\">Bettina Katalin Budai, MD, PhD; Ibolyka Dud\u00e1s, MD<\/td>\n<\/tr>\n<tr>\n<td style=\"width: 59.8905%\">Radiomics analysis of pancreas tumors on Photon-counting detector CT scans<\/td>\n<td style=\"width: 43.1825%\">Bettina Katalin Budai, MD, PhD; Ibolyka Dud\u00e1s, MD<\/td>\n<\/tr>\n<tr>\n<td style=\"width: 59.8905%\">Spektr\u00e1lis radiomika alap\u00fa g\u00e9pi tanul\u00e1s potenci\u00e1lis felhaszn\u00e1l\u00e1sa a m\u00e1jtumorok differenci\u00e1l diagnosztik\u00e1j\u00e1ban<\/td>\n<td style=\"width: 43.1825%\">Bettina Katalin Budai, MD, PhD; Ibolyka Dud\u00e1s, MD<\/td>\n<\/tr>\n<tr>\n<td style=\"width: 59.8905%\">Spectral radiomics-based machine learning analysis of focal liver lesions on Photon-counting detector CT scans.<\/td>\n<td style=\"width: 43.1825%\">Bettina Katalin Budai, MD, PhD; Ibolyka Dud\u00e1s, MD<\/td>\n<\/tr>\n<tr>\n<td style=\"width: 59.8905%\">Korai f\u00e1zis\u00fa miokardi\u00e1lis SPECT felv\u00e9telek \u00f6sszevet\u00e9se koron\u00e1ria-CT-angiogr\u00e1fi\u00e1s vizsg\u00e1latok eredm\u00e9nyeivel<\/td>\n<td style=\"width: 43.1825%\">Dr. Baksa Barnab\u00e1s, Prof. Dr. Maurovich Horvat P\u00e1l<\/td>\n<\/tr>\n<tr>\n<td style=\"width: 59.8905%\" width=\"766\">Volumen meghat\u00e1roz\u00e1s segment\u00e1l\u00e1s illetve ellipsoid sz\u00e1m\u00edt\u00e1s alapj\u00e1n<\/td>\n<td style=\"width: 43.1825%\" width=\"512\">Dr. B\u00e9rczi Viktor, MTA doktora<\/td>\n<\/tr>\n<tr>\n<td style=\"width: 59.8905%\" width=\"766\">Unilateralis embolisatio hat\u00e9konys\u00e1ga a. uterina emboliz\u00e1ci\u00f3ban<\/td>\n<td style=\"width: 43.1825%\" width=\"512\">Dr. B\u00e9rczi Viktor, MTA doktora<\/td>\n<\/tr>\n<tr>\n<td style=\"width: 59.8905%\" width=\"766\">Sug\u00e1rterhel\u00e9si adatok a. uterina emboliz\u00e1ci\u00f3 sor\u00e1n<\/td>\n<td style=\"width: 43.1825%\" width=\"512\">Dr. B\u00e9rczi Viktor, MTA doktora t\u00e1rst\u00e9mavezet\u0151: Dr. Bibok Andr\u00e1s<\/td>\n<\/tr>\n<tr>\n<td style=\"width: 59.8905%\" width=\"766\">M\u00e1j zs\u00edrtartalm\u00e1nak meghat\u00e1roz\u00e1sa modern UH technik\u00e1kkal, ezek \u00f6sszehasonl\u00edt\u00e1sa MR eredm\u00e9nyekkel\u00a0<\/td>\n<td style=\"width: 43.1825%\" width=\"512\">Dr. B\u00e9rczi Viktor, MTA doktora, t\u00e1rst\u00e9mavezet\u0151: Dr. Kaposi N. P\u00e1l<\/td>\n<\/tr>\n<tr>\n<td style=\"width: 59.8905%\" width=\"766\">H\u00f3lyagot \u00e9rint\u0151 endometriosis MR diagnosztik\u00e1ja<\/td>\n<td style=\"width: 43.1825%\" width=\"512\">Dr. B\u00e9rczi Viktor, MTA doktora, t\u00e1rst\u00e9mavezet\u0151: Dr. Turt\u00f3czki Kolos<\/td>\n<\/tr>\n<tr>\n<td style=\"width: 59.8905%\">Emboliz\u00e1ci\u00f3s radiol\u00f3giai intervenci\u00f3k \u00e9s a nukle\u00e1ris medicina kapcsolata<\/td>\n<td style=\"width: 43.1825%\">Dr. Czibor S\u00e1ndor, egyetemi tan\u00e1rseg\u00e9d; Dr. Bibok Andr\u00e1s, egyetemi tan\u00e1rseg\u00e9d<\/td>\n<\/tr>\n<tr>\n<td style=\"width: 59.8905%\">Patellofemoralis instabilit\u00e1s k\u00e9palkot\u00f3 diagnosztikai vonatkoz\u00e1sai<\/td>\n<td style=\"width: 43.1825%\">Dr. Gul\u00e1csi Gy\u00f6rgy<\/td>\n<\/tr>\n<tr>\n<td style=\"width: 59.8905%\">Medialis collateralis szalags\u00e9r\u00fcl\u00e9sek t\u00edpusai gyermek- \u00e9s serd\u00fcl\u0151kori t\u00e9rds\u00e9r\u00fcl\u00e9sek eset\u00e9n<\/td>\n<td style=\"width: 43.1825%\">Dr. Gul\u00e1csi Gy\u00f6rgy<\/td>\n<\/tr>\n<tr>\n<td style=\"width: 59.8905%\">El\u00fcls\u0151 keresztszalag szakad\u00e1shoz t\u00e1rsul\u00f3 l\u00e1gyr\u00e9sz s\u00e9r\u00fcl\u00e9sek k\u00e9palkot\u00f3 diagnosztik\u00e1ja<\/td>\n<td style=\"width: 43.1825%\">Dr. Gul\u00e1csi Gy\u00f6rgy<\/td>\n<\/tr>\n<tr>\n<td style=\"width: 59.8905%\">Csont- \u00e9s l\u00e1gyr\u00e9sz tumorok radiomikai elemz\u00e9se<\/td>\n<td style=\"width: 43.1825%\">Dr. Gul\u00e1csi Gy\u00f6rgy<\/td>\n<\/tr>\n<tr>\n<td style=\"width: 59.8905%\">A komputertomogr\u00e1fia szerepe a mozg\u00e1sszervi k\u00f3rk\u00e9pek diagnosztik\u00e1j\u00e1ban<\/td>\n<td style=\"width: 43.1825%\">Dr. Marton Nikolett<\/td>\n<\/tr>\n<tr>\n<td style=\"width: 59.8905%\">The role of computed tomography in the diagnostics of musculoskeletal diseases\u00a0<\/td>\n<td style=\"width: 43.1825%\">Dr. Marton Nikolett<\/td>\n<\/tr>\n<tr>\n<td style=\"width: 59.8905%\">A Fotonsz\u00e1ml\u00e1l\u00f3-detektoros CT-vel detekt\u00e1lt koron\u00e1ria plakkok sz\u00f6vettani \u00f6sszet\u00e9tel\u00e9nek vizsg\u00e1lata<\/td>\n<td style=\"width: 43.1825%\" width=\"512\">Dr. Sz\u00e1raz Lili (PhD hallgat\u00f3), Prof. Maurovich-Horvat P\u00e1l (egyetemi tan\u00e1r)<\/td>\n<\/tr>\n<tr>\n<td style=\"width: 59.8905%\">\u00daj plakk-calcificatio alap\u00fa score rendszer kidolgoz\u00e1sa \u00e9s valid\u00e1l\u00e1sa a nem diagnosztikus k\u00e9pmin\u0151s\u00e9g\u0171 CTA predikt\u00e1l\u00e1s\u00e1ra<\/td>\n<td style=\"width: 43.1825%\" width=\"512\">Dr. Sz\u00e1raz Lili (PhD hallgat\u00f3), Prof. Maurovich-Horvat P\u00e1l (egyetemi tan\u00e1r)<\/td>\n<\/tr>\n<\/tbody>\n<\/table>\n<p>&nbsp;<\/p>\n<h3>Nukle\u00e1ris Medicina Tansz\u00e9k TDK t\u00e9m\u00e1i<\/h3>\n<p>A Fotonsz\u00e1ml\u00e1l\u00f3-detektoros CT \u00e9s a PET-CT vizsg\u00e1latok eredm\u00e9nyeinek anal\u00edzise melanoma malignumban<br \/>\n(T\u00e9mavezet\u0151k: Dr. L\u00e9n\u00e1rd Zsuzsanna, Dr. Gy\u00f6rke Tam\u00e1s)<\/p>\n<p>PET-CT vizsg\u00e1lat szerepe a fej-nyaki daganatok kivizsg\u00e1l\u00e1s\u00e1ban<br \/>\n(T\u00e9mavezet\u0151k: Dr. Krist\u00f3f Emese, Dr. S\u00fck\u00f6sd Hunor)<\/p>\n<p>Az FDG PET-CT vizsg\u00e1lat szerepe a lymphom\u00e1k diagnosztik\u00e1j\u00e1ban \u00e9s k\u00f6vet\u00e9s\u00e9ben<br \/>\n(T\u00e9mavezet\u0151: Dr. Gy\u00f6rke Tam\u00e1s)<\/p>\n<p>Emboliz\u00e1ci\u00f3s radiol\u00f3giai intervenci\u00f3k \u00e9s a nukle\u00e1ris medicina kapcsolata<br \/>\n(T\u00e9mavezet\u0151k: Dr. Czibor S\u00e1ndor, Dr. Bibok Andr\u00e1s)<\/p>\n<p>T\u00fcd\u0151tumorok PET\/CT vizsg\u00e1lata<br \/>\n(T\u00e9mavezet\u0151k: Dr. Gy\u00f6rke Tam\u00e1s, Dr. Kiss Fanni J\u00falia)<\/p>\n<p>Az FDG PET-CT vizsg\u00e1lat eml\u0151r\u00e1kban<br \/>\n(T\u00e9mavezet\u0151k: Dr. Gy\u00f6rke Tam\u00e1s, Dr. Piroska M\u00e1rton)<\/p>\n<p>A mell\u00e9kpajzsmirigy adenoma SPECT\/CT \u00e9s PET\/CT vizsg\u00e1lata<br \/>\n(T\u00e9mavezet\u0151k: Dr. Gy\u00f6rke Tam\u00e1s, Dr. B\u00fas Katalin)<\/p>\n<p>&nbsp;<\/p>\n","protected":false},"excerpt":{"rendered":"<p>Radiol\u00f3giai Tansz\u00e9k TDK T\u00e9m\u00e1i TDK munka c\u00edme T\u00e9mavezet\u0151 neve (fokozattal) A fotonsz\u00e1ml\u00e1l\u00f3 detektor CT technol\u00f3gia el\u0151nyeinek \u00e9s lehet\u0151s\u00e9geinek vizsg\u00e1lata k\u00fcl\u00f6nb\u00f6z\u0151 pancreas elt\u00e9r\u00e9sek eset\u00e9n Bettina Katalin Budai, MD, PhD; Ibolyka Dud\u00e1s, MD The potential utility of Photon-counting detector CT scanners in the diagnosis of pancreas diseases Bettina Katalin Budai, MD, PhD; Ibolyka Dud\u00e1s, MD A fotonsz\u00e1ml\u00e1l\u00f3 &hellip;<\/p>\n","protected":false},"author":142,"featured_media":0,"parent":2006,"menu_order":1,"comment_status":"closed","ping_status":"closed","template":"","meta":{"_acf_changed":false,"footnotes":""},"categories":[],"tags":[],"class_list":["post-14","page","type-page","status-publish","hentry"],"acf":[],"_links":{"self":[{"href":"https:\/\/semmelweis.hu\/kepalkotas\/wp-json\/wp\/v2\/pages\/14","targetHints":{"allow":["GET"]}}],"collection":[{"href":"https:\/\/semmelweis.hu\/kepalkotas\/wp-json\/wp\/v2\/pages"}],"about":[{"href":"https:\/\/semmelweis.hu\/kepalkotas\/wp-json\/wp\/v2\/types\/page"}],"author":[{"embeddable":true,"href":"https:\/\/semmelweis.hu\/kepalkotas\/wp-json\/wp\/v2\/users\/142"}],"replies":[{"embeddable":true,"href":"https:\/\/semmelweis.hu\/kepalkotas\/wp-json\/wp\/v2\/comments?post=14"}],"version-history":[{"count":11,"href":"https:\/\/semmelweis.hu\/kepalkotas\/wp-json\/wp\/v2\/pages\/14\/revisions"}],"predecessor-version":[{"id":3724,"href":"https:\/\/semmelweis.hu\/kepalkotas\/wp-json\/wp\/v2\/pages\/14\/revisions\/3724"}],"up":[{"embeddable":true,"href":"https:\/\/semmelweis.hu\/kepalkotas\/wp-json\/wp\/v2\/pages\/2006"}],"wp:attachment":[{"href":"https:\/\/semmelweis.hu\/kepalkotas\/wp-json\/wp\/v2\/media?parent=14"}],"wp:term":[{"taxonomy":"category","embeddable":true,"href":"https:\/\/semmelweis.hu\/kepalkotas\/wp-json\/wp\/v2\/categories?post=14"},{"taxonomy":"post_tag","embeddable":true,"href":"https:\/\/semmelweis.hu\/kepalkotas\/wp-json\/wp\/v2\/tags?post=14"}],"curies":[{"name":"wp","href":"https:\/\/api.w.org\/{rel}","templated":true}]}}