{"id":1064,"date":"2016-11-05T15:06:27","date_gmt":"2016-11-05T14:06:27","guid":{"rendered":"http:\/\/semmelweis.hu\/radiologia\/?page_id=1064"},"modified":"2025-01-17T15:05:32","modified_gmt":"2025-01-17T14:05:32","slug":"radio-sbo","status":"publish","type":"page","link":"https:\/\/semmelweis.hu\/kepalkotas\/betegeknek\/reszlegek\/radio-sbo\/","title":{"rendered":"S\u00fcrg\u0151ss\u00e9gi Radiol\u00f3giai R\u00e9szleg (SRR)"},"content":{"rendered":"<p><strong>R\u00e9szlegvezet\u0151: Dr. Heged\u0171s P\u00e9ter<\/strong><\/p>\n<p>A S\u00fcrg\u0151ss\u00e9gi Radiol\u00f3giai R\u00e9szleg az Orvosi K\u00e9palkot\u00f3 Klinika legfiatalabb \u00e9s legdinamikusabb diagnosztikai egys\u00e9ge. A r\u00e9szleg a 2016-os nyit\u00e1s \u00f3ta folyamatosan fejl\u0151dik, alkalmazkodik a K\u00fcls\u0151 Klinikai T\u00f6mb (KKT) m\u0171k\u00f6d\u00e9s\u00e9hez, az oszt\u00e1lyok elv\u00e1r\u00e1saihoz, a betegek biztons\u00e1g\u00e1t \u00e9s a min\u0151s\u00e9gi diagnosztik\u00e1t szem el\u0151tt tartva.<\/p>\n<p>Egys\u00e9g\u00fcnk a f\u00f6ldszinten, k\u00f6zvetlen\u00fcl a S\u00fcrg\u0151ss\u00e9gi Betegell\u00e1t\u00f3 Oszt\u00e1ly (SBO) mellett \u2013 azzal fizikai \u00e9s funkcion\u00e1lis \u00f6sszek\u00f6ttet\u00e9sben \u2013 dolgozik. Feladatunk az SBO \u00e9s a T\u00f6mb \u00f6sszes klinik\u00e1j\u00e1nak folyamatos, s\u00fcrg\u0151ss\u00e9gi (ambul\u00e1ns- \u00e9s fekv\u0151beteg) k\u00e9pi diagnosztikus h\u00e1tter\u00e9nek biztos\u00edt\u00e1sa. A soksz\u00edn\u0171 (neurol\u00f3giai, belgy\u00f3gy\u00e1szati, seb\u00e9szeti, urol\u00f3giai, n\u0151gy\u00f3gy\u00e1szati, f\u00fcl-orr-g\u00e9g\u00e9szeti \u00e9s intenz\u00edv ter\u00e1pi\u00e1s) s\u00fcrg\u0151ss\u00e9gi esetek kivizsg\u00e1l\u00e1shoz digitaliz\u00e1lt r\u00f6ntgen berendez\u00e9s, digit\u00e1lis \u00e1tvil\u00e1g\u00edt\u00f3, t\u00f6bbfunkci\u00f3s ultrahang g\u00e9p \u00e9s egy dedik\u00e1lt 16 szeletes CT k\u00e9sz\u00fcl\u00e9k \u00e1ll rendelkez\u00e9sre a nap 24 \u00f3r\u00e1j\u00e1ban, az \u00e9v minden napj\u00e1n.<\/p>\n<p>Ell\u00e1t\u00e1si palett\u00e1nk b\u0151v\u00edt\u00e9sek\u00e9nt 2020 janu\u00e1rj\u00e1ban indult az SBO \u00e9s Neurol\u00f3gia bevon\u00e1s\u00e1val, az OKK Neuroradiol\u00f3giai- \u00e9s Radiol\u00f3giai tansz\u00e9keinek egy\u00fcttm\u0171k\u00f6d\u00e9s\u00e9b\u0151l megsz\u00fcletett \u201eMRI first\u201d programja, melyb\u0151l az SRR is jelent\u0151s r\u00e9szt v\u00e1llal. Ezek eredm\u00e9nyek\u00e9nt az akut stroke ell\u00e1t\u00e1s \u2013 indokolt esetben \u2013 ak\u00e1r akut MR alap\u00fa diagnosztik\u00e1t kaphat.<\/p>\n<p>2020 m\u00e1rcius\u00e1t\u00f3l, a COVID-19 j\u00e1rv\u00e1ny el\u0151ret\u00f6r\u00e9s\u00e9vel a b\u00e9keid\u0151s rendszert \u00e1talak\u00edtva, r\u00e9szleg\u00fcnk a s\u00fcrg\u0151ss\u00e9gi ell\u00e1t\u00e1s mellett az egyetem j\u00e1rv\u00e1ny\u00fcgyi ell\u00e1t\u00e1s\u00e1nak k\u00e9pi diagnosztikus gerinc\u00e9t is biztos\u00edtja. Az SBO-val k\u00f6z\u00f6s l\u00e1zz\u00f3na-t\u00e9rben COVID CT- \u00e9s r\u00f6ntgenberendez\u00e9seket nevezt\u00fcnk ki. Mivel az SBO megtartotta a nem infekt\u00edv ell\u00e1t\u00e1si feladatait is, ugyanezen a r\u00e9szlegen, de k\u00fcl\u00f6n \u00fatvonalon fogadjuk a nem infekt\u00edv t\u00fcnetekkel \u00e9rkez\u0151 s\u00fcrg\u0151ss\u00e9gi betegeket is. Az egy\u00e9b k\u00f3rh\u00e1zi betegutakat \u00fagy alak\u00edtottuk, hogy a nem-COVID j\u00e1r\u00f3- \u00e9s fekv\u0151beteg-ell\u00e1t\u00e1st k\u00fcl\u00f6n g\u00e9pparkkal \u00e9s k\u00fcl\u00f6n emeleten, t\u00e9rben elv\u00e1lasztva tudjuk elv\u00e9gezni.<\/p>\n<p>A vizsg\u00e1latokat \u2013 klinikai indokolts\u00e1g eset\u00e9n \u2013 orvosi egyeztet\u00e9st k\u00f6vet\u0151en, szakorvosi j\u00f3v\u00e1hagy\u00e1ssal v\u00e9gezz\u00fck. R\u00e9szleg\u00fcnk \u00e1lland\u00f3 k\u00e9szenl\u00e9te biztos\u00edtja a folyamatos betegell\u00e1t\u00e1st \u00e9s teszi lehet\u0151v\u00e9, hogy a radiol\u00f3gia t\u00f6bbi r\u00e9sz\u00e9n g\u00f6rd\u00fcl\u00e9kenyebb betegell\u00e1t\u00e1sra, min\u0151s\u00e9gi oktat\u00e1sra \u00e9s a sz\u00ednvonalas kutat\u00e1sra is maradjon id\u0151 \u00e9s energia.<\/p>\n<p>&nbsp;<\/p>\n","protected":false},"excerpt":{"rendered":"<p>R\u00e9szlegvezet\u0151: Dr. Heged\u0171s P\u00e9ter A S\u00fcrg\u0151ss\u00e9gi Radiol\u00f3giai R\u00e9szleg az Orvosi K\u00e9palkot\u00f3 Klinika legfiatalabb \u00e9s legdinamikusabb diagnosztikai egys\u00e9ge. A r\u00e9szleg a 2016-os nyit\u00e1s \u00f3ta folyamatosan fejl\u0151dik, alkalmazkodik a K\u00fcls\u0151 Klinikai T\u00f6mb (KKT) m\u0171k\u00f6d\u00e9s\u00e9hez, az oszt\u00e1lyok elv\u00e1r\u00e1saihoz, a betegek biztons\u00e1g\u00e1t \u00e9s a min\u0151s\u00e9gi diagnosztik\u00e1t szem el\u0151tt tartva. Egys\u00e9g\u00fcnk a f\u00f6ldszinten, k\u00f6zvetlen\u00fcl a S\u00fcrg\u0151ss\u00e9gi Betegell\u00e1t\u00f3 Oszt\u00e1ly (SBO) mellett &hellip;<\/p>\n","protected":false},"author":142,"featured_media":0,"parent":42,"menu_order":5,"comment_status":"closed","ping_status":"closed","template":"","meta":{"_acf_changed":false,"footnotes":""},"categories":[34],"tags":[],"class_list":["post-1064","page","type-page","status-publish","hentry","category-reszlegek"],"acf":[],"_links":{"self":[{"href":"https:\/\/semmelweis.hu\/kepalkotas\/wp-json\/wp\/v2\/pages\/1064","targetHints":{"allow":["GET"]}}],"collection":[{"href":"https:\/\/semmelweis.hu\/kepalkotas\/wp-json\/wp\/v2\/pages"}],"about":[{"href":"https:\/\/semmelweis.hu\/kepalkotas\/wp-json\/wp\/v2\/types\/page"}],"author":[{"embeddable":true,"href":"https:\/\/semmelweis.hu\/kepalkotas\/wp-json\/wp\/v2\/users\/142"}],"replies":[{"embeddable":true,"href":"https:\/\/semmelweis.hu\/kepalkotas\/wp-json\/wp\/v2\/comments?post=1064"}],"version-history":[{"count":4,"href":"https:\/\/semmelweis.hu\/kepalkotas\/wp-json\/wp\/v2\/pages\/1064\/revisions"}],"predecessor-version":[{"id":4025,"href":"https:\/\/semmelweis.hu\/kepalkotas\/wp-json\/wp\/v2\/pages\/1064\/revisions\/4025"}],"up":[{"embeddable":true,"href":"https:\/\/semmelweis.hu\/kepalkotas\/wp-json\/wp\/v2\/pages\/42"}],"wp:attachment":[{"href":"https:\/\/semmelweis.hu\/kepalkotas\/wp-json\/wp\/v2\/media?parent=1064"}],"wp:term":[{"taxonomy":"category","embeddable":true,"href":"https:\/\/semmelweis.hu\/kepalkotas\/wp-json\/wp\/v2\/categories?post=1064"},{"taxonomy":"post_tag","embeddable":true,"href":"https:\/\/semmelweis.hu\/kepalkotas\/wp-json\/wp\/v2\/tags?post=1064"}],"curies":[{"name":"wp","href":"https:\/\/api.w.org\/{rel}","templated":true}]}}

Sürgősségi Radiológiai Részleg (SRR)

<p><strong>Részlegvezető: Dr. Hegedűs Péter</strong></p>
<p>A Sürgősségi Radiológiai Részleg az Orvosi Képalkotó Klinika legfiatalabb és legdinamikusabb diagnosztikai egysége. A részleg a 2016-os nyitás óta folyamatosan fejlődik, alkalmazkodik a Külső Klinikai Tömb (KKT) működéséhez, az osztályok elvárásaihoz, a betegek biztonságát és a minőségi diagnosztikát szem előtt tartva.</p>
<p>Egységünk a földszinten, közvetlenül a Sürgősségi Betegellátó Osztály (SBO) mellett – azzal fizikai és funkcionális összeköttetésben – dolgozik. Feladatunk az SBO és a Tömb összes klinikájának folyamatos, sürgősségi (ambuláns- és fekvőbeteg) képi diagnosztikus hátterének biztosítása. A sokszínű (neurológiai, belgyógyászati, sebészeti, urológiai, nőgyógyászati, fül-orr-gégészeti és intenzív terápiás) sürgősségi esetek kivizsgáláshoz digitalizált röntgen berendezés, digitális átvilágító, többfunkciós ultrahang gép és egy dedikált 16 szeletes CT készülék áll rendelkezésre a nap 24 órájában, az év minden napján.</p>
<p>Ellátási palettánk bővítéseként 2020 januárjában indult az SBO és Neurológia bevonásával, az OKK Neuroradiológiai- és Radiológiai tanszékeinek együttműködéséből megszületett „MRI first” programja, melyből az SRR is jelentős részt vállal. Ezek eredményeként az akut stroke ellátás – indokolt esetben – akár akut MR alapú diagnosztikát kaphat.</p>
<p>2020 márciusától, a COVID-19 járvány előretörésével a békeidős rendszert átalakítva, részlegünk a sürgősségi ellátás mellett az egyetem járványügyi ellátásának képi diagnosztikus gerincét is biztosítja. Az SBO-val közös lázzóna-térben COVID CT- és röntgenberendezéseket neveztünk ki. Mivel az SBO megtartotta a nem infektív ellátási feladatait is, ugyanezen a részlegen, de külön útvonalon fogadjuk a nem infektív tünetekkel érkező sürgősségi betegeket is. Az egyéb kórházi betegutakat úgy alakítottuk, hogy a nem-COVID járó- és fekvőbeteg-ellátást külön gépparkkal és külön emeleten, térben elválasztva tudjuk elvégezni.</p>
<p>A vizsgálatokat – klinikai indokoltság esetén – orvosi egyeztetést követően, szakorvosi jóváhagyással végezzük. Részlegünk állandó készenléte biztosítja a folyamatos betegellátást és teszi lehetővé, hogy a radiológia többi részén gördülékenyebb betegellátásra, minőségi oktatásra és a színvonalas kutatásra is maradjon idő és energia.</p>
<p>&nbsp;</p>

<p>Részlegvezető: Dr. Hegedűs Péter A Sürgősségi Radiológiai Részleg az Orvosi Képalkotó Klinika legfiatalabb és legdinamikusabb diagnosztikai egysége. A részleg a 2016-os nyitás óta folyamatosan fejlődik, alkalmazkodik a Külső Klinikai Tömb (KKT) működéséhez, az osztályok elvárásaihoz, a betegek biztonságát és a minőségi diagnosztikát szem előtt tartva. Egységünk a földszinten, közvetlenül a Sürgősségi Betegellátó Osztály (SBO) mellett &hellip;</p>
