{"id":1060,"date":"2016-11-09T15:02:57","date_gmt":"2016-11-09T14:02:57","guid":{"rendered":"http:\/\/semmelweis.hu\/radiologia\/?page_id=1060"},"modified":"2025-01-17T15:04:02","modified_gmt":"2025-01-17T14:04:02","slug":"ultrahang-laboratorium","status":"publish","type":"page","link":"https:\/\/semmelweis.hu\/kepalkotas\/betegeknek\/reszlegek\/ultrahang-laboratorium\/","title":{"rendered":"Ultrahang Diagnosztikai R\u00e9szleg"},"content":{"rendered":"<h4><strong>R\u00e9szlegvezet\u0151: Dr. Gy\u0151ri Gabriella<\/strong><\/h4>\n<div class=\"keretes w-100\">\n<p><strong>R\u00e9szlegvezet\u0151 asszisztens: Kiss Vilma<\/strong><\/p>\n<p>Telefon: +36-1-459-1500 \/61659<em><br \/>\n<\/em><strong>El\u0151jegyz\u00e9s CT, MR, 1,5T, UH (8-15 \u00f3ra k\u00f6z\u00f6tt) : <\/strong>+36 <span data-olk-copy-source=\"MessageBody\">1 55-33-500<\/span><br \/>\n<strong>C\u00edm:<\/strong> <a href=\"https:\/\/goo.gl\/maps\/x8zjz4qB2YN2\" target=\"_blank\" rel=\"noopener\">1082 Budapest, \u00dcll\u0151i \u00fat 78\/A (Kor\u00e1nyi \u00e9p\u00fclet 1. em.)<\/a><\/p>\n<\/div>\n<p><strong>Mikor van a rendel\u00e9si id\u0151 \u00e9s hol tal\u00e1lom meg a r\u00e9szleget?<\/strong><br \/>\nRendel\u00e9si id\u0151 ambul\u00e1ns betegek sz\u00e1m\u00e1ra (el\u0151jegyz\u00e9s alapj\u00e1n): h\u00e9tk\u00f6znap 8.00-15.00<br \/>\nAkut vizsg\u00e1latokat az egyetem\u00fcnk fekv\u0151 betegei sz\u00e1m\u00e1ra 365 napon kereszt\u00fcl 24 \u00f3r\u00e1ban v\u00e9gz\u00fcnk.<\/p>\n<p><strong>Mit jelent az ultrahang vizsg\u00e1lat?<br \/>\n<\/strong>Az ultrahang diagnosztika egyre nagyobb fontoss\u00e1g\u00fa ter\u00fclete a k\u00e9palkot\u00f3 diagnosztikai tev\u00e9kenys\u00e9gnek. El\u0151nye, hogy nem j\u00e1r ioniz\u00e1l\u00f3 sug\u00e1rz\u00e1ssal, gyors vizsg\u00e1lat, sok helyen el\u00e9rhet\u0151. Az ultrahang \u00e1ltal lehet\u0151v\u00e9 v\u00e1lik az emberi test r\u00e9szeinek k\u00e9tdimenzi\u00f3s \u00e1br\u00e1zol\u00e1sa, mely hanghull\u00e1mok az emberi f\u00fcllel nem \u00e9rz\u00e9kelhet\u0151 tartom\u00e1nyba esnek. Manaps\u00e1g sz\u00e1mos szervrendszer k\u00e9palkot\u00f3 vizsg\u00e1lat\u00e1ban az els\u0151 v\u00e1lasztand\u00f3 m\u00f3dszer (pl. m\u00e1j-epeutak-epeh\u00f3lyag-pancreas, vese-h\u00fagyutak, fel\u00fcletes l\u00e1gyr\u00e9szek) \u00e9s az ultrahang vizsg\u00e1lattal nyert inform\u00e1ci\u00f3kra \u00e9p\u00fclhetnek a tov\u00e1bbiakban sz\u00fcks\u00e9ges k\u00e9palkot\u00f3 vizsg\u00e1latok.<\/p>\n<p><strong>Milyen ultrahang vizsg\u00e1latokat v\u00e9gz\u00fcnk?<br \/>\n<\/strong>Klinik\u00e1nkon sz\u00e9les spektrumban v\u00e9gz\u00fcnk UH vizsg\u00e1latokat h\u00e1rom vizsg\u00e1l\u00f3 szob\u00e1ban, meg\u00fajult k\u00f6rnyezetben: has-kismedencei, l\u00e1gyr\u00e9sz (pajzsmirigy, nyaki l\u00e1gyr\u00e9szek, eml\u0151, here) \u00e9s k\u00fcl\u00f6nb\u00f6z\u0151 \u00e9rvizsg\u00e1latok (nyaki erek, v\u00e9gtagi art\u00e9ri\u00e1k, v\u00e9n\u00e1k, hasi aorta, vese art\u00e9ri\u00e1k) t\u00f6rt\u00e9nnek. Speci\u00e1lis UH vizsg\u00e1latok k\u00f6z\u00fcl transrectalis UH vizsg\u00e1latokat, az UH vez\u00e9relt biopszi\u00e1kat (v\u00e9konyt\u0171 \u00e9s core biopszia), valamint a mellkasi \u00e9s rekeszmozg\u00e1s UH vizsg\u00e1latait emelj\u00fck ki. Az UH vez\u00e9relt biopszi\u00e1kat mind a l\u00e1gyr\u00e9szek (eml\u0151, h\u00f3nalji, nyaki, l\u00e1gy\u00e9ki nyirokcsom\u00f3k), mind a hasi szervek (f\u0151k\u00e9nt, m\u00e1j, hasny\u00e1lmirigy, vese, hasi nyirokcsom\u00f3k) tekintet\u00e9ben elv\u00e9gezz\u00fck, k\u00fcl\u00f6n el\u0151jegyz\u00e9s szerint, az II. sz. Pathol\u00f3giai Int\u00e9zet munkat\u00e1rsaival egy\u00fcttm\u0171k\u00f6d\u00e9sben. Sz\u00fcks\u00e9g eset\u00e9n UH-vez\u00e9rl\u00e9ssel hasi folyad\u00e9kgy\u00fclemek, t\u00e1lyogok puncti\u00f3j\u00e1t \u00e9s drainage-\u00e1t is el tudjuk v\u00e9gezni. 2017 \u00f3ta m\u00e1r kontrasztos UH vizsg\u00e1latokat (CEUS) \u00e9s elasztogr\u00e1fi\u00e1s ultrahang vizsg\u00e1latokat is v\u00e9gz\u00fcnk.<br \/>\nAz ultrahang r\u00e9szleg\u00fcnk\u00f6n kontrasztanyagos UH, intervenci\u00f3s \u00e9s elasztogr\u00e1fi\u00e1s munkacsoportok v\u00e9gzik a c\u00e9lzott ultrahang vizsg\u00e1latokat.<\/p>\n\r\n        [slb_exclude]\r\n        <div class=\"row galeria-wrapper mx-0 h-auto\">\r\n            <div class=\"col-9 pl-0 pr-2\">\r\n            <span class=\"gallery-item frame\">\r\n\t\t\t\t<div class=\"galeria-left-img\"><a href=\"https:\/\/semmelweis.hu\/kepalkotas\/files\/IMG_7922-1.jpg\"><img src=https:\/\/semmelweis.hu\/kepalkotas\/files\/IMG_7922-1.jpg  \r\n                            alt=\"\" \r\n                            class=\"attachment-sote-gallery-big size-sote-gallery-big\" \r\n                            srcset=\"https:\/\/semmelweis.hu\/kepalkotas\/files\/IMG_7922-1-400x300.jpg 400w, https:\/\/semmelweis.hu\/kepalkotas\/files\/IMG_7922-1-1024x768.jpg 1024w, https:\/\/semmelweis.hu\/kepalkotas\/files\/IMG_7922-1-768x576.jpg 768w, https:\/\/semmelweis.hu\/kepalkotas\/files\/IMG_7922-1-753x565.jpg 753w, https:\/\/semmelweis.hu\/kepalkotas\/files\/IMG_7922-1.jpg 1200w\" ><\/a><\/div>\r\n            <\/span>\r\n\r\n            <\/div>\r\n\r\n\t\t\t<div class=\"col-3 pl-0 pr-0\">\r\n\t\t\t\t<div class=\"galeria-right-img d-flex justify-content-between flex-column h-100 w-100 px-0 mx-0 \">\r\n                <div class=\"galeria-box\">\r\n\t\t\t\t\t<h3 class=\"galeria-title\">Gal\u00e9ria<\/h3>\r\n\t\t\t\t\t<div class=\"galeria-subtitle\">\r\n\r\n\t\t\t\t\t\t<div class=\"galeria-page-counter\"><span>3<\/span>k\u00e9p<\/div>\r\n                    <\/div> <\/div>\r\n                    <span class=\"gallery-item frame d-none d-md-flex\">\r\n\t\t\t\t\t<div class=\"galeria-small-img mt-0\"><a href=\"https:\/\/semmelweis.hu\/kepalkotas\/files\/RS170130_GV5A5197-scr.jpg\"><img src=https:\/\/semmelweis.hu\/kepalkotas\/files\/RS170130_GV5A5197-scr.jpg \r\n                                alt=\"\"  \r\n                                class=\"attachment-sote-gallery-small size-sote-gallery-small\" \r\n                                srcset=\"https:\/\/semmelweis.hu\/kepalkotas\/files\/RS170130_GV5A5197-scr-400x267.jpg 400w, https:\/\/semmelweis.hu\/kepalkotas\/files\/RS170130_GV5A5197-scr-1024x683.jpg 1024w, https:\/\/semmelweis.hu\/kepalkotas\/files\/RS170130_GV5A5197-scr-768x512.jpg 768w, https:\/\/semmelweis.hu\/kepalkotas\/files\/RS170130_GV5A5197-scr-753x502.jpg 753w, https:\/\/semmelweis.hu\/kepalkotas\/files\/RS170130_GV5A5197-scr-203x135.jpg 203w, https:\/\/semmelweis.hu\/kepalkotas\/files\/RS170130_GV5A5197-scr.jpg 1200w\" ><\/a><\/div>\r\n                    <\/span>\r\n                    <span class=\"gallery-item frame d-none d-md-flex\">\r\n\t\t\t\t\t<div class=\"galeria-small-img mt-0\"><a href=\"https:\/\/semmelweis.hu\/kepalkotas\/files\/RS170135_GV5A5220-scr.jpg\"><img src=https:\/\/semmelweis.hu\/kepalkotas\/files\/RS170135_GV5A5220-scr.jpg \r\n                                alt=\"\" \r\n                                class=\"attachment-sote-gallery-small size-sote-gallery-small\" \r\n                                srcset=\"https:\/\/semmelweis.hu\/kepalkotas\/files\/RS170135_GV5A5220-scr-400x267.jpg 400w, https:\/\/semmelweis.hu\/kepalkotas\/files\/RS170135_GV5A5220-scr-1024x683.jpg 1024w, https:\/\/semmelweis.hu\/kepalkotas\/files\/RS170135_GV5A5220-scr-768x512.jpg 768w, https:\/\/semmelweis.hu\/kepalkotas\/files\/RS170135_GV5A5220-scr-753x502.jpg 753w, https:\/\/semmelweis.hu\/kepalkotas\/files\/RS170135_GV5A5220-scr-203x135.jpg 203w, https:\/\/semmelweis.hu\/kepalkotas\/files\/RS170135_GV5A5220-scr.jpg 1200w\" ><\/a><\/div>\r\n                    <\/span>\r\n\r\n                <\/div>\r\n\r\n            <\/div>\r\n\r\n            \r\n            <\/div>\r\n\r\n            [\/slb_exclude]\r\n\t\n<p><strong>R\u00e9szleg\u00fcnk g\u00e9pparkja \u00e9s tev\u00e9kenys\u00e9gei<br \/>\n<\/strong>Az UH g\u00e9pparkban (Philips HD-15, Philips Epiq 7G, Samsung RS80) korszer\u0171 k\u00e9sz\u00fcl\u00e9kek \u00e1llnak rendelkez\u00e9s\u00fcnkre. Az elk\u00e9sz\u00fclt UH vizsg\u00e1latok k\u00e9panyaga digit\u00e1lisan ker\u00fcl archiv\u00e1l\u00e1sra, \u00edgy k\u00f6nnyen visszakereshet\u0151v\u00e9, hozz\u00e1f\u00e9rhet\u0151v\u00e9 v\u00e1lnak. <br \/>\n<span style=\"color: #000000\">A betegell\u00e1t\u00e1s mellett kutat\u00e1sokat is v\u00e9gz\u00fcnk, t\u00f6bbnyire ultrahang elasztogr\u00e1fia, kontrasztanyagos ultrahang, valamint ikerkutat\u00e1sok t\u00e9mak\u00f6r\u00e9ben, melyek hazai \u00e9s nemzetk\u00f6zi foly\u00f3iratokban jelennek meg.<\/span><\/p>\n<p><span style=\"color: #000000\">Kutat\u00f3k \u00e9jszak\u00e1ja keretein bel\u00fcl az \u00e9rdekl\u0151d\u0151knek bemutatjuk az ultrahang vizsg\u00e1latok folyamat\u00e1t.<br \/>\n<\/span><span style=\"color: #000000\">A betegell\u00e1t\u00e1s alatt rezidens- \u00e9s szakorvosk\u00e9pz\u00e9sben is r\u00e9szt vesz\u00fcnk.<br \/>\n<\/span><span style=\"color: #000000\">R\u00e9szleg\u00fcnk 2018 \u00f3ta \u00e9vente ultrahangdiagnosztikai tanfolyamot tart radiol\u00f3gus rezidensek, szakorvos-jel\u00f6ltek \u00e9s szakorvosok r\u00e9sz\u00e9re.<\/span><\/p>\n<p><strong>Honnan fogadunk betegeket? Milyen el\u0151k\u00e9sz\u00fcletek kellenek?<br \/>\n<\/strong>Az ultrahang vizsg\u00e1latokat f\u0151k\u00e9nt a k\u00fcls\u0151 klinikai t\u00f6mb int\u00e9zeteib\u0151l beutalt betegek r\u00e9sz\u00e9re v\u00e9gezz\u00fck, de beutal\u00f3val k\u00fcls\u0151 int\u00e9zetek betegeit is tudjuk fogadni. 2016-t\u00f3l online el\u0151jegyz\u00e9si rendszerben t\u00f6rt\u00e9nik az id\u0151pont egyeztet\u00e9s. <span style=\"color: #000000\">Vizsg\u00e1latra \u00e9rkez\u0151 p\u00e1cienseinket k\u00e9rj\u00fck, hogy el\u0151sz\u00f6r a Radiol\u00f3giai recepci\u00f3n jelentkezzenek be vizsg\u00e1latra, majd azut\u00e1n f\u00e1radjanak a r\u00e9szleg\u00fcnkre, ahol asszisztenseink fogadj\u00e1k \u00d6n\u00f6ket. <\/span>Az akut p\u00e1ciensek ultrahang vizsg\u00e1latait az alagsorban l\u00e9v\u0151 S\u00fcrg\u0151ss\u00e9gi oszt\u00e1lyon v\u00e9gezz\u00fck. <span style=\"color: #000000\">Az oktat\u00e1si teend\u0151k \u00e9s esetenk\u00e9nt s\u00fcrg\u0151s esetek miatt a v\u00e1rakoz\u00e1si id\u0151 megny\u00falhat.<\/span><\/p>\n<p>Tov\u00e1bb az ultrahang vizsg\u00e1latainkra val\u00f3 el\u0151k\u00e9sz\u00fcletekkel kapcsolatos inform\u00e1ci\u00f3kra&#8230;<\/p>\n<p><strong>T\u00e9r\u00edt\u00e9ses vizsg\u00e1latra is j\u00f6hetek?<br \/>\n<\/strong>T\u00e9r\u00edt\u00e9ses vizsg\u00e1latokat a <a href=\"http:\/\/semmelweiskft.hu\/\">Semmelweis Kft.<\/a> kereteiben v\u00e9gezz\u00fck.<\/p>\n<p><b>Honnan tudhatok meg t\u00f6bbet az ultrahang vizsg\u00e1latokr\u00f3l?<i><br \/>\n<\/i><\/b><span style=\"color: #ff0000\"><b><i><\/i><\/b><span style=\"color: #000000\">Hogy hogyan k\u00e9sz\u00fclj\u00fcnk fel egy ultrahang, CT, MR vagy intervenci\u00f3s radiol\u00f3giai vizsg\u00e1latra? Hogyan keletkezik a radiol\u00f3giai k\u00e9p? Klinik\u00e1nk munkat\u00e1rsai \u00e1ltal \u00edrt k\u00f6nyvet aj\u00e1nljuk sz\u00edves figyelm\u00fckbe:<\/span><\/span><\/p>\n<div>\n<div class=\"fontos_div\">\n<p><strong>Karlinger Kinga (szerk.):\u00a0Radiol\u00f3gia a gyakorlatban \u2013 Hogyan k\u00e9sz\u00fcl? Nevezz\u00fck nev\u00e9n!<\/strong> Semmelweis Kiad\u00f3, 2013<br \/>\nA k\u00f6nyv<a href=\"https:\/\/www.semmelweiskiado.hu\/termek\/546\/radiologia-a-gyakorlatban-hogyan-keszul-nevezzuk-neven\" target=\"_blank\" rel=\"noopener\"> nyomtatott form\u00e1ban<\/a>\u00a0\u00e9s <a href=\"https:\/\/www.semmelweiskiado.hu\/termek\/938\/radiologia-a-gyakorlatban-hogyan-keszul-nevezzuk-neven\" target=\"_blank\" rel=\"noopener\">e-k\u00f6nyvk\u00e9nt<\/a>\u00a0megv\u00e1s\u00e1rolhat\u00f3 a Semmelweis Kiad\u00f3n\u00e1l.<\/p>\n<\/div>\n<\/div>\n<p>&nbsp;<\/p>\n<div dir=\"ltr\">\u00a0<\/div>\n","protected":false},"excerpt":{"rendered":"<p>R\u00e9szlegvezet\u0151: Dr. Gy\u0151ri Gabriella R\u00e9szlegvezet\u0151 asszisztens: Kiss Vilma Telefon: +36-1-459-1500 \/61659 El\u0151jegyz\u00e9s CT, MR, 1,5T, UH (8-15 \u00f3ra k\u00f6z\u00f6tt) : +36 1 55-33-500 C\u00edm: <a href=\"https:\/\/goo.gl\/maps\/x8zjz4qB2YN2\" target=\"_blank\" rel=\"noopener\">1082 Budapest, \u00dcll\u0151i \u00fat 78\/A (Kor\u00e1nyi \u00e9p\u00fclet 1. em.)<\/a> Mikor van a rendel\u00e9si id\u0151 \u00e9s hol tal\u00e1lom meg a r\u00e9szleget? Rendel\u00e9si id\u0151 ambul\u00e1ns betegek sz\u00e1m\u00e1ra (el\u0151jegyz\u00e9s alapj\u00e1n): h\u00e9tk\u00f6znap 8.00-15.00 Akut vizsg\u00e1latokat az egyetem\u00fcnk fekv\u0151 betegei sz\u00e1m\u00e1ra 365 napon kereszt\u00fcl 24 &hellip;<\/p>\n","protected":false},"author":142,"featured_media":0,"parent":42,"menu_order":5,"comment_status":"closed","ping_status":"closed","template":"","meta":{"_acf_changed":false,"footnotes":""},"categories":[34],"tags":[],"class_list":["post-1060","page","type-page","status-publish","hentry","category-reszlegek"],"acf":[],"_links":{"self":[{"href":"https:\/\/semmelweis.hu\/kepalkotas\/wp-json\/wp\/v2\/pages\/1060","targetHints":{"allow":["GET"]}}],"collection":[{"href":"https:\/\/semmelweis.hu\/kepalkotas\/wp-json\/wp\/v2\/pages"}],"about":[{"href":"https:\/\/semmelweis.hu\/kepalkotas\/wp-json\/wp\/v2\/types\/page"}],"author":[{"embeddable":true,"href":"https:\/\/semmelweis.hu\/kepalkotas\/wp-json\/wp\/v2\/users\/142"}],"replies":[{"embeddable":true,"href":"https:\/\/semmelweis.hu\/kepalkotas\/wp-json\/wp\/v2\/comments?post=1060"}],"version-history":[{"count":10,"href":"https:\/\/semmelweis.hu\/kepalkotas\/wp-json\/wp\/v2\/pages\/1060\/revisions"}],"predecessor-version":[{"id":4315,"href":"https:\/\/semmelweis.hu\/kepalkotas\/wp-json\/wp\/v2\/pages\/1060\/revisions\/4315"}],"up":[{"embeddable":true,"href":"https:\/\/semmelweis.hu\/kepalkotas\/wp-json\/wp\/v2\/pages\/42"}],"wp:attachment":[{"href":"https:\/\/semmelweis.hu\/kepalkotas\/wp-json\/wp\/v2\/media?parent=1060"}],"wp:term":[{"taxonomy":"category","embeddable":true,"href":"https:\/\/semmelweis.hu\/kepalkotas\/wp-json\/wp\/v2\/categories?post=1060"},{"taxonomy":"post_tag","embeddable":true,"href":"https:\/\/semmelweis.hu\/kepalkotas\/wp-json\/wp\/v2\/tags?post=1060"}],"curies":[{"name":"wp","href":"https:\/\/api.w.org\/{rel}","templated":true}]}}