{"id":1048,"date":"2016-11-10T14:46:58","date_gmt":"2016-11-10T13:46:58","guid":{"rendered":"http:\/\/semmelweis.hu\/radiologia\/?page_id=1048"},"modified":"2025-01-17T16:46:44","modified_gmt":"2025-01-17T15:46:44","slug":"rtg-reszleg","status":"publish","type":"page","link":"https:\/\/semmelweis.hu\/kepalkotas\/betegeknek\/reszlegek\/rtg-reszleg\/","title":{"rendered":"RTG Diagnosztikai R\u00e9szleg"},"content":{"rendered":"<h6 class=\"w-100\" style=\"text-align: left;\"><strong>R\u00e9szlegvezet\u0151: Dr. Gyebn\u00e1r J\u00e1nos Norbert &#8211; klinikai f\u0151orvos<br \/>\n<\/strong><\/h6>\n<div class=\"w-100 keretes\" style=\"text-align: left;\"><strong>Telefon:<\/strong> 06-1-459-1500 \/61965<br \/>\n<strong>C\u00edm:<\/strong> <a href=\"https:\/\/www.google.hu\/maps\/place\/Semmelweis+Egyetem+Ortop%C3%A9diai+Klinika\/@47.4827261,19.081519,67m\/data=!3m1!1e3!4m14!1m7!3m6!1s0x4741ddcb8ef98085:0xf04515f672444a89!2sSemmelweis+Egyetem+Ortop%C3%A9diai+Klinika!8m2!3d47.4827149!4d19.0818678!16s%2Fg%2F11xj4ltlm!3m5!1s0x4741ddcb8ef98085:0xf04515f672444a89!8m2!3d47.4827149!4d19.0818678!16s%2Fg%2F11xj4ltlm?entry=ttu\">1082 Budapest, \u00dcll\u0151i \u00fat 78\/A<\/a><\/div>\n<p><a class=\"btn btn-secondary\" href=\"https:\/\/semmelweis.hu\/kepalkotas\/betegeknek\/idopontkeres\/\" target=\"_self\" rel=\"noopener\">Id\u0151pontk\u00e9r\u00e9s<\/a><\/p>\n<p style=\"text-align: left;\">R\u00e9szleg\u00fcnk 2016 \u00f3ta a legkorszer\u0171bb vil\u00e1g sz\u00ednvonal\u00fa digit\u00e1lis r\u00f6ntgen k\u00e9sz\u00fcl\u00e9keken l\u00e1tja el az egyetemi klinik\u00e1k betegeit. A legt\u00f6bb beteget a S\u00fcrg\u0151ss\u00e9gi oszt\u00e1lyr\u00f3l, az I-sz Seb\u00e9szeti Klinik\u00e1r\u00f3l \u00e9s az Ortop\u00e9diai Klinik\u00e1r\u00f3l vizsg\u00e1ljuk. R\u00e9szt vesz\u00fcnk az orsz\u00e1gos szakrendel\u00e9sek betegeinek vizsg\u00e1lataiban. Az oszt\u00e1ly f\u0151 profiljai a hagyom\u00e1nyos \u00e1ltal\u00e1nos r\u00f6ntgenvizsg\u00e1latokon t\u00fal gastroenterol\u00f3gia, gyomor,- b\u00e9lbetegs\u00e9gek kimutat\u00e1sa, r\u00f6ntgen alatt v\u00e9gzett intervenci\u00f3s beavatkoz\u00e1sok. Seb\u00e9szeti m\u0171t\u00e9tek ut\u00e1n m\u0171t\u00e9ti sz\u00f6v\u0151dm\u00e9nyek kimutat\u00e1sa. R\u00e9szleg\u00fcnk\u00f6n t\u00f6rt\u00e9nik az egyetemi dolgoz\u00f3k munka alkalmass\u00e1gi vizsg\u00e1lata.<\/p>\n            <div class=\"qae-faqs-container qae-faqs-toggle-container\">\n\t\t\t\t\t\t\t<ul class=\"qe-faqs-filters-container\">\n\t\t\t\t<li class=\"active\"><a class=\"qe-faqs-filter all-faqs\" href=\"#\" data-filter=\"*\">All<\/a><\/li>\n\t\t\t\t<li><a class=\"qe-faqs-filter\" href=\"#rontgen-betegtajekoztato\" data-filter=\".rontgen-betegtajekoztato\">R\u00f6ntgen betegt\u00e1j\u00e9koztat\u00f3<\/a><\/li>\t\t\t<\/ul>\n\t\t\t\t\t<div id=\"qaef-4349\" class=\"qe-faq-toggle rontgen-betegtajekoztato\">\n\t\t\t<div class=\"qe-toggle-title\">\n\t\t\t\t<h4>\n\t\t\t\t\t<i class=\"fa fa-minus-circle\"><\/i> R\u00f6ntgen betegt\u00e1j\u00e9koztat\u00f3 dokumentumok\t\t\t\t<\/h4>\n\t\t\t<\/div>\n\t\t\t<div class=\"qe-toggle-content\">\n\t\t\t\t<ul>\n<li><a href=\"https:\/\/semmelweis.hu\/kepalkotas\/files\/RTG-BETEGT-KONTRASZTANYAGOS-UROGRAPHIAS-RTG-SE-OKK-RTG-3.1.pdf\">RTG BETEGT-KONTRASZTANYAGOS UROGRAPHI\u00c1S RTG-SE OKK-RTG 3.1<\/a><\/li>\n<li><a href=\"https:\/\/semmelweis.hu\/kepalkotas\/files\/RTG-BETEGT-KONTRASZTANYAGOS-IZULET-ARTHROGRAPHIA-FELTOLTESES-V.-SE-OKK-RTG-1.1.pdf\">RTG BETEGT-KONTRASZTANYAGOS IZ\u00dcLET (ARTHROGRAPHIA) FELT\u00d6LT\u00c9SES V.-SE OKK-RTG 1.1<\/a><\/li>\n<li><a href=\"https:\/\/semmelweis.hu\/kepalkotas\/files\/RTG-BETEGT-KONTRASZTANYAGOS-HYSTEROGRAPHIAS-SE-OKK-RTG-2.1.pdf\">RTG BETEGT-KONTRASZTANYAGOS HYSTEROGRAPHIAS-SE OKK-RTG 2.1<\/a><\/li>\n<li><a href=\"https:\/\/semmelweis.hu\/kepalkotas\/files\/RTG-BETEGT-KONTRASZTANYAGOS-DRAIN-FELTOLTESES-VIZSG-SE-OKK-RTG-4.1.pdf\">RTG BETEGT-KONTRASZTANYAGOS DRAIN FELT\u00d6LT\u00c9SES VIZSG-SE OKK-RTG 4.1<\/a><\/li>\n<\/ul>\n\t\t\t<\/div>\n\t\t<\/div>\n\t\t            <\/div>\n\t\t\n[slb_exclude]<div data-carousel-extra='{\"blog_id\":222,\"permalink\":\"https:\\\/\\\/semmelweis.hu\\\/kepalkotas\\\/betegeknek\\\/reszlegek\\\/rtg-reszleg\\\/\"}' class=\"tiled-gallery type-rectangular\" data-original-width=\"753\"><div class=\"gallery-row\" style=\"width: 748px; height: 510px;\"><div class=\"gallery-group images-2\" style=\"width: 361px; height: 514px;\"><div class=\"tiled-gallery-item tiled-gallery-item-large\"><a href=\"https:\/\/semmelweis.hu\/kepalkotas\/files\/20200618_124659-scaled-1.jpg\"><img loading=\"lazy\" decoding=\"async\" data-attachment-id=\"2454\" data-orig-file=\"https:\/\/semmelweis.hu\/kepalkotas\/files\/20200618_124659-scaled-1.jpg\" data-orig-size=\"2560,1920\" data-comments-opened=\"1\" data-image-meta=\"{&quot;aperture&quot;:&quot;2,4&quot;,&quot;credit&quot;:&quot;&quot;,&quot;camera&quot;:&quot;SM-G965F&quot;,&quot;caption&quot;:&quot;&quot;,&quot;created_timestamp&quot;:&quot;1592484419&quot;,&quot;copyright&quot;:&quot;&quot;,&quot;focal_length&quot;:&quot;4,3&quot;,&quot;iso&quot;:&quot;250&quot;,&quot;shutter_speed&quot;:&quot;0,02&quot;,&quot;title&quot;:&quot;&quot;,&quot;orientation&quot;:&quot;1&quot;}\" data-image-title=\"20200618_124659\" data-image-description=\"\" data-medium-file=\"https:\/\/semmelweis.hu\/kepalkotas\/files\/20200618_124659-scaled-1-400x300.jpg\" data-large-file=\"https:\/\/semmelweis.hu\/kepalkotas\/files\/20200618_124659-scaled-1-1024x768.jpg\" src=\"https:\/\/semmelweis.hu\/kepalkotas\/files\/20200618_124659-scaled-1-357x268.jpg\" width=\"357\" height=\"268\" align=\"left\" title=\"\" \/><\/a><\/div><div class=\"tiled-gallery-item tiled-gallery-item-large\"><a href=\"https:\/\/semmelweis.hu\/kepalkotas\/files\/20200618_125106-scaled-1.jpg\"><img loading=\"lazy\" decoding=\"async\" data-attachment-id=\"2456\" data-orig-file=\"https:\/\/semmelweis.hu\/kepalkotas\/files\/20200618_125106-scaled-1.jpg\" data-orig-size=\"2560,1709\" data-comments-opened=\"1\" data-image-meta=\"{&quot;aperture&quot;:&quot;0&quot;,&quot;credit&quot;:&quot;&quot;,&quot;camera&quot;:&quot;SM-G965F&quot;,&quot;caption&quot;:&quot;&quot;,&quot;created_timestamp&quot;:&quot;1592484672&quot;,&quot;copyright&quot;:&quot;&quot;,&quot;focal_length&quot;:&quot;4,3&quot;,&quot;iso&quot;:&quot;0&quot;,&quot;shutter_speed&quot;:&quot;0&quot;,&quot;title&quot;:&quot;&quot;,&quot;orientation&quot;:&quot;1&quot;}\" data-image-title=\"20200618_125106\" data-image-description=\"\" data-medium-file=\"https:\/\/semmelweis.hu\/kepalkotas\/files\/20200618_125106-scaled-1-400x267.jpg\" data-large-file=\"https:\/\/semmelweis.hu\/kepalkotas\/files\/20200618_125106-scaled-1-1024x684.jpg\" src=\"https:\/\/semmelweis.hu\/kepalkotas\/files\/20200618_125106-scaled-1-357x238.jpg\" width=\"357\" height=\"238\" align=\"left\" title=\"\" \/><\/a><\/div><\/div><div class=\"gallery-group images-1\" style=\"width: 387px; height: 514px;\"><div class=\"tiled-gallery-item tiled-gallery-item-large\"><a href=\"https:\/\/semmelweis.hu\/kepalkotas\/files\/20200618_125309-scaled-1.jpg\"><img loading=\"lazy\" decoding=\"async\" data-attachment-id=\"2458\" data-orig-file=\"https:\/\/semmelweis.hu\/kepalkotas\/files\/20200618_125309-scaled-1.jpg\" data-orig-size=\"1920,2560\" data-comments-opened=\"1\" data-image-meta=\"{&quot;aperture&quot;:&quot;2,4&quot;,&quot;credit&quot;:&quot;&quot;,&quot;camera&quot;:&quot;SM-G965F&quot;,&quot;caption&quot;:&quot;&quot;,&quot;created_timestamp&quot;:&quot;1592484788&quot;,&quot;copyright&quot;:&quot;&quot;,&quot;focal_length&quot;:&quot;4,3&quot;,&quot;iso&quot;:&quot;320&quot;,&quot;shutter_speed&quot;:&quot;0,02&quot;,&quot;title&quot;:&quot;&quot;,&quot;orientation&quot;:&quot;1&quot;}\" data-image-title=\"20200618_125309\" data-image-description=\"\" data-medium-file=\"https:\/\/semmelweis.hu\/kepalkotas\/files\/20200618_125309-scaled-1-300x400.jpg\" data-large-file=\"https:\/\/semmelweis.hu\/kepalkotas\/files\/20200618_125309-scaled-1-768x1024.jpg\" src=\"https:\/\/semmelweis.hu\/kepalkotas\/files\/20200618_125309-scaled-1-383x510.jpg\" width=\"383\" height=\"510\" align=\"left\" title=\"\" \/><\/a><\/div><\/div><\/div><\/div>[\/slb_exclude]\n","protected":false},"excerpt":{"rendered":"<p><a href=\"https:\/\/semmelweis.hu\/kepalkotas\/files\/RTG-BETEGT-KONTRASZTANYAGOS-UROGRAPHIAS-RTG-SE-OKK-RTG-3.1.pdf\">RTG BETEGT-KONTRASZTANYAGOS UROGRAPHI\u00c1S RTG-SE OKK-RTG 3.1<\/a><br \/>\n<a href=\"https:\/\/semmelweis.hu\/kepalkotas\/files\/RTG-BETEGT-KONTRASZTANYAGOS-IZULET-ARTHROGRAPHIA-FELTOLTESES-V.-SE-OKK-RTG-1.1.pdf\">RTG BETEGT-KONTRASZTANYAGOS IZ\u00dcLET (ARTHROGRAPHIA) FELT\u00d6LT\u00c9SES V.-SE OKK-RTG 1.1<\/a><br \/>\n<a href=\"https:\/\/semmelweis.hu\/kepalkotas\/files\/RTG-BETEGT-KONTRASZTANYAGOS-HYSTEROGRAPHIAS-SE-OKK-RTG-2.1.pdf\">RTG BETEGT-KONTRASZTANYAGOS HYSTEROGRAPHIAS-SE OKK-RTG 2.1<\/a><br \/>\n<a href=\"https:\/\/semmelweis.hu\/kepalkotas\/files\/RTG-BETEGT-KONTRASZTANYAGOS-DRAIN-FELTOLTESES-VIZSG-SE-OKK-RTG-4.1.pdf\">RTG BETEGT-KONTRASZTANYAGOS DRAIN FELT\u00d6LT\u00c9SES VIZSG-SE OKK-RTG 4.1<\/a><\/p>\n","protected":false},"author":142,"featured_media":0,"parent":42,"menu_order":1,"comment_status":"closed","ping_status":"closed","template":"","meta":{"_acf_changed":false,"footnotes":""},"categories":[34],"tags":[],"class_list":["post-1048","page","type-page","status-publish","hentry","category-reszlegek"],"acf":[],"_links":{"self":[{"href":"https:\/\/semmelweis.hu\/kepalkotas\/wp-json\/wp\/v2\/pages\/1048","targetHints":{"allow":["GET"]}}],"collection":[{"href":"https:\/\/semmelweis.hu\/kepalkotas\/wp-json\/wp\/v2\/pages"}],"about":[{"href":"https:\/\/semmelweis.hu\/kepalkotas\/wp-json\/wp\/v2\/types\/page"}],"author":[{"embeddable":true,"href":"https:\/\/semmelweis.hu\/kepalkotas\/wp-json\/wp\/v2\/users\/142"}],"replies":[{"embeddable":true,"href":"https:\/\/semmelweis.hu\/kepalkotas\/wp-json\/wp\/v2\/comments?post=1048"}],"version-history":[{"count":8,"href":"https:\/\/semmelweis.hu\/kepalkotas\/wp-json\/wp\/v2\/pages\/1048\/revisions"}],"predecessor-version":[{"id":4369,"href":"https:\/\/semmelweis.hu\/kepalkotas\/wp-json\/wp\/v2\/pages\/1048\/revisions\/4369"}],"up":[{"embeddable":true,"href":"https:\/\/semmelweis.hu\/kepalkotas\/wp-json\/wp\/v2\/pages\/42"}],"wp:attachment":[{"href":"https:\/\/semmelweis.hu\/kepalkotas\/wp-json\/wp\/v2\/media?parent=1048"}],"wp:term":[{"taxonomy":"category","embeddable":true,"href":"https:\/\/semmelweis.hu\/kepalkotas\/wp-json\/wp\/v2\/categories?post=1048"},{"taxonomy":"post_tag","embeddable":true,"href":"https:\/\/semmelweis.hu\/kepalkotas\/wp-json\/wp\/v2\/tags?post=1048"}],"curies":[{"name":"wp","href":"https:\/\/api.w.org\/{rel}","templated":true}]}}