{"id":15214,"date":"2020-07-15T09:40:48","date_gmt":"2020-07-15T07:40:48","guid":{"rendered":"https:\/\/semmelweis.hu\/kanizsaidorottya\/?page_id=15214"},"modified":"2025-06-02T09:35:35","modified_gmt":"2025-06-02T07:35:35","slug":"letoltheto-dokumentumok","status":"publish","type":"page","link":"https:\/\/semmelweis.hu\/kanizsaidorottya\/iskolankrol\/letoltheto-dokumentumok\/","title":{"rendered":"Let\u00f6lthet\u0151 dokumentumok"},"content":{"rendered":"<p><a href=\"https:\/\/semmelweis.hu\/kanizsaidorottya\/files\/2020\/07\/Europass_bizonyitvany_kiegeszito_igenylolap-1.doc\">Europass bizony\u00edtv\u00e1ny kieg\u00e9szit\u0151 ig\u00e9nyl\u0151lap (doc)<\/a><\/p>\n<p><a href=\"https:\/\/semmelweis.hu\/kanizsaidorottya\/files\/2021\/05\/SZMSZ-SE-Kanizsai-Dorottya-T\u00f6bbc\u00e9l\u00fa-Szakk\u00e9pz\u0151-Int\u00e9zm\u00e9nye-2021.05.12..pdf\">Szervezeti \u00e9s m\u0171k\u00f6d\u00e9si szab\u00e1lyzat<\/a><\/p>\n<p><a href=\"https:\/\/semmelweis.hu\/kanizsaidorottya\/files\/2020\/07\/K\u00e9relemoszt\u00e1lyoz\u00f3vizsgaenged\u00e9lyez\u00e9s\u00e9re.pdf\">K\u00e9relem oszt\u00e1lyoz\u00f3vizsga enged\u00e9lyez\u00e9s\u00e9re<\/a><\/p>\n<p><a href=\"https:\/\/semmelweis.hu\/kanizsaidorottya\/files\/2020\/07\/eualkalm.docx\">Adatlap p\u00e1lyaalkalmass\u00e1g meg\u00e1llap\u00edt\u00e1s\u00e1hoz<\/a><\/p>\n","protected":false},"excerpt":{"rendered":"<p><a href=\"https:\/\/semmelweis.hu\/kanizsaidorottya\/files\/2020\/07\/Europass_bizonyitvany_kiegeszito_igenylolap-1.doc\">Europass bizony\u00edtv\u00e1ny kieg\u00e9szit\u0151 ig\u00e9nyl\u0151lap (doc)<\/a><br \/>\n<a href=\"https:\/\/semmelweis.hu\/kanizsaidorottya\/files\/2021\/05\/SZMSZ-SE-Kanizsai-Dorottya-T\u00f6bbc\u00e9l\u00fa-Szakk\u00e9pz\u0151-Int\u00e9zm\u00e9nye-2021.05.12..pdf\">Szervezeti \u00e9s m\u0171k\u00f6d\u00e9si szab\u00e1lyzat<\/a><br \/>\n<a href=\"https:\/\/semmelweis.hu\/kanizsaidorottya\/files\/2020\/07\/K\u00e9relemoszt\u00e1lyoz\u00f3vizsgaenged\u00e9lyez\u00e9s\u00e9re.pdf\">K\u00e9relem oszt\u00e1lyoz\u00f3vizsga enged\u00e9lyez\u00e9s\u00e9re<\/a><br \/>\n<a href=\"https:\/\/semmelweis.hu\/kanizsaidorottya\/files\/2020\/07\/eualkalm.docx\">Adatlap p\u00e1lyaalkalmass\u00e1g meg\u00e1llap\u00edt\u00e1s\u00e1hoz<\/a><\/p>\n","protected":false},"author":101765,"featured_media":0,"parent":14536,"menu_order":4,"comment_status":"closed","ping_status":"closed","template":"","meta":{"_acf_changed":false,"footnotes":""},"categories":[],"tags":[],"class_list":["post-15214","page","type-page","status-publish","hentry"],"acf":[],"_links":{"self":[{"href":"https:\/\/semmelweis.hu\/kanizsaidorottya\/wp-json\/wp\/v2\/pages\/15214","targetHints":{"allow":["GET"]}}],"collection":[{"href":"https:\/\/semmelweis.hu\/kanizsaidorottya\/wp-json\/wp\/v2\/pages"}],"about":[{"href":"https:\/\/semmelweis.hu\/kanizsaidorottya\/wp-json\/wp\/v2\/types\/page"}],"author":[{"embeddable":true,"href":"https:\/\/semmelweis.hu\/kanizsaidorottya\/wp-json\/wp\/v2\/users\/101765"}],"replies":[{"embeddable":true,"href":"https:\/\/semmelweis.hu\/kanizsaidorottya\/wp-json\/wp\/v2\/comments?post=15214"}],"version-history":[{"count":11,"href":"https:\/\/semmelweis.hu\/kanizsaidorottya\/wp-json\/wp\/v2\/pages\/15214\/revisions"}],"predecessor-version":[{"id":17427,"href":"https:\/\/semmelweis.hu\/kanizsaidorottya\/wp-json\/wp\/v2\/pages\/15214\/revisions\/17427"}],"up":[{"embeddable":true,"href":"https:\/\/semmelweis.hu\/kanizsaidorottya\/wp-json\/wp\/v2\/pages\/14536"}],"wp:attachment":[{"href":"https:\/\/semmelweis.hu\/kanizsaidorottya\/wp-json\/wp\/v2\/media?parent=15214"}],"wp:term":[{"taxonomy":"category","embeddable":true,"href":"https:\/\/semmelweis.hu\/kanizsaidorottya\/wp-json\/wp\/v2\/categories?post=15214"},{"taxonomy":"post_tag","embeddable":true,"href":"https:\/\/semmelweis.hu\/kanizsaidorottya\/wp-json\/wp\/v2\/tags?post=15214"}],"curies":[{"name":"wp","href":"https:\/\/api.w.org\/{rel}","templated":true}]}}

Letölthető dokumentumok

<p><a href="https://semmelweis.hu/kanizsaidorottya/files/2020/07/Europass_bizonyitvany_kiegeszito_igenylolap-1.doc">Europass bizonyítvány kiegészitő igénylőlap (doc)</a></p>
<p><a href="https://semmelweis.hu/kanizsaidorottya/files/2021/05/SZMSZ-SE-Kanizsai-Dorottya-Többcélú-Szakképző-Intézménye-2021.05.12..pdf">Szervezeti és működési szabályzat</a></p>
<p><a href="https://semmelweis.hu/kanizsaidorottya/files/2020/07/Kérelemosztályozóvizsgaengedélyezésére.pdf">Kérelem osztályozóvizsga engedélyezésére</a></p>
<p><a href="https://semmelweis.hu/kanizsaidorottya/files/2020/07/eualkalm.docx">Adatlap pályaalkalmasság megállapításához</a></p>

<p><a href="https://semmelweis.hu/kanizsaidorottya/files/2020/07/Europass_bizonyitvany_kiegeszito_igenylolap-1.doc">Europass bizonyítvány kiegészitő igénylőlap (doc)</a><br />
<a href="https://semmelweis.hu/kanizsaidorottya/files/2021/05/SZMSZ-SE-Kanizsai-Dorottya-Többcélú-Szakképző-Intézménye-2021.05.12..pdf">Szervezeti és működési szabályzat</a><br />
<a href="https://semmelweis.hu/kanizsaidorottya/files/2020/07/Kérelemosztályozóvizsgaengedélyezésére.pdf">Kérelem osztályozóvizsga engedélyezésére</a><br />
<a href="https://semmelweis.hu/kanizsaidorottya/files/2020/07/eualkalm.docx">Adatlap pályaalkalmasság megállapításához</a></p>
