{"id":14536,"date":"2020-07-13T14:33:00","date_gmt":"2020-07-13T12:33:00","guid":{"rendered":"https:\/\/semmelweis.hu\/kanizsaidorottya\/?page_id=14536"},"modified":"2023-12-07T12:23:21","modified_gmt":"2023-12-07T11:23:21","slug":"iskolankrol","status":"publish","type":"page","link":"https:\/\/semmelweis.hu\/kanizsaidorottya\/iskolankrol\/","title":{"rendered":"Iskol\u00e1nk bemutat\u00e1sa"},"content":{"rendered":"<p>A salg\u00f3tarj\u00e1ni Semmelweis Egyetem Kanizsai Dorottya T\u00f6bbc\u00e9l\u00fa Szakk\u00e9pz\u0151 Int\u00e9zm\u00e9nye szakmai k\u00e9pz\u00e9si sz\u00ednvonal\u00e1t, a tanul\u00f3ink felk\u00e9sz\u00fclts\u00e9g\u00e9t a felhaszn\u00e1l\u00f3k, azaz a munkahelyek dics\u00e9rt\u00e9k, melyek k\u00f6z\u00f6tt orsz\u00e1gos int\u00e9zm\u00e9nyek is tal\u00e1lhat\u00f3k.\u00a0 C\u00e9lunk, hogy korszer\u0171 tud\u00e1ssal \u00e9s k\u00e9pess\u00e9gekkel v\u00e9rtezz\u00fck fel a n\u00e1lunk eg\u00e9szs\u00e9g\u00fcgyi vagy szoci\u00e1lis v\u00e9gzetts\u00e9get szerz\u0151ket, megk\u00f6nny\u00edtve elhelyezked\u00e9s\u00fcket \u00e9s helyt\u00e1ll\u00e1sukat a munkaer\u0151piacon. Tanul\u00f3ink \u00e9vr\u0151l \u00e9vre eredm\u00e9nyesen szerepelnek az orsz\u00e1gos szakmai versenyeken is. Tehets\u00e9ges tanul\u00f3inkat igyeksz\u00fcnk felk\u00e9sz\u00edteni arra, hogy fels\u0151oktat\u00e1si int\u00e9zm\u00e9nyben b\u0151v\u00edts\u00e9k a n\u00e1lunk megszerzett szakmai tud\u00e1sukat.<\/p>\n<p>Iskol\u00e1nk sz\u00e1mos eg\u00e9szs\u00e9g\u00fcgyi-, szoci\u00e1lis \u00e9s egy\u00e9b t\u00e1rsadalmi int\u00e9zm\u00e9nnyel tart fenn szoros kapcsolatot, \u00fagy v\u00e9lj\u00fck, a sz\u00ednvonalas m\u0171k\u00f6d\u00e9s csak sokr\u00e9t\u0171 kapcsolattal kieg\u00e9sz\u00fclve val\u00f3sulhat meg.<\/p>\n<p>Int\u00e9zm\u00e9ny\u00fcnk id\u0151r\u0151l-id\u0151re val\u00f3 meg\u00fajul\u00e1s\u00e1t seg\u00edtette a v\u00e1ltoztat\u00e1ssal j\u00e1r\u00f3 plusz feladatokat b\u00e1tran v\u00e1llal\u00f3, az \u00faj ir\u00e1nt fog\u00e9kony, kreat\u00edv iskolavezet\u00e9s \u00e9s tantest\u00fclet, s ez az, ami megalapozza az iskola \u00e9s az eg\u00e9szs\u00e9g\u00fcgyi szakk\u00e9pz\u00e9s j\u00f6v\u0151j\u00e9t a megy\u00e9ben.<\/p>\n<p>Az iskola jelenleg az al\u00e1bbi feladatokat l\u00e1tja el:<\/p>\n<ol>\n<li><strong>Eg\u00e9szs\u00e9g\u00fcgyi \u00e1gazati k\u00e9pz\u00e9s a 10-12. \u00e9vfolyamon<\/strong>\u00a0\u2013 c\u00e9l az \u00e9retts\u00e9gire val\u00f3 felk\u00e9sz\u00edt\u00e9s \u00e9s a kiseg\u00edt\u0151 \u00e1pol\u00f3i v\u00e9gzetts\u00e9g megszerz\u00e9se<\/li>\n<li><strong>Szoci\u00e1lis \u00e1gazati k\u00e9pz\u00e9s a 2\/10 <\/strong><strong>\u2013 3\/11<\/strong> \u00e9vfolyamon<\/li>\n<li><strong>Szakmai k\u00e9pz\u00e9s \u00e9retts\u00e9gire \u00e9p\u00fcl\u0151en nappali tagozaton a 1\/13-2\/14. \u00e9vfolyamon\u00a0<\/strong>\u2013 Gyakorl\u00f3 \u00e1pol\u00f3 k\u00e9pz\u00e9s<\/li>\n<li><strong>Gyakorl\u00f3 \u00e1pol\u00f3 k\u00e9pz\u00e9sre \u00e9p\u00fclve 1\/15 \u00e9vfolyamon <\/strong>\u2013 \u00c1pol\u00f3 k\u00e9pz\u00e9s\n<ul>\n<li><strong>Feln\u0151tt k\u00e9pz\u00e9s<\/strong>\u00a0\u2013 ig\u00e9ny szerint \u00e1t- \u00e9s kik\u00e9pz\u00e9s eg\u00e9szs\u00e9g\u00fcgyi \u00e9s szoci\u00e1lis ter\u00fcletre.\n<p>&#8212;&#8212;&#8212;&#8212;&#8212;&#8212;&#8212;&#8212;&#8212;&#8212;&#8212;&#8212;&#8212;&#8212;&#8212;&#8212;&#8212;&#8212;&#8212;&#8212;&#8212;&#8212;&#8212;&#8212;&#8212;&#8212;&#8212;&#8212;&#8212;&#8212;&#8212;&#8212;&#8211;<\/p>\n<p><strong><span style=\"font-size: 18pt\">Bemutatkoz\u00f3 vide\u00f3<\/span><\/strong><\/li>\n<\/ul>\n<\/li>\n<\/ol>\n\n<!-- iframe plugin v.4.9 wordpress.org\/plugins\/iframe\/ -->\n<iframe loading=\"lazy\" width=\"784\" height=\"441\" src=\"https:\/\/www.youtube.com\/embed\/sEt5-QNXXMA?si=MfQbsBM65QKAAv86\" title=\"YouTube video player\" frameborder=\"0\" allow=\"accelerometer; autoplay; clipboard-write; encrypted-media; gyroscope; picture-in-picture; web-share\" allowfullscreen=\"allowfullscreen\" scrolling=\"yes\" class=\"iframe-class\"><\/iframe>\n\n","protected":false},"excerpt":{"rendered":"<p>Az eg\u00e9szs\u00e9g\u00fcgyi p\u00e1lya egy biztos karrier lehet\u0151s\u00e9g\u00e9t k\u00edn\u00e1lja.\u00a0Iskol\u00e1nk szakmai k\u00e9pz\u00e9si sz\u00ednvonal\u00e1t, a tanul\u00f3ink felk\u00e9sz\u00fclts\u00e9g\u00e9t a felhaszn\u00e1l\u00f3k, azaz a munkahelyek dics\u00e9rik, melyek k\u00f6z\u00f6tt orsz\u00e1gos int\u00e9zm\u00e9nyek is tal\u00e1lhat\u00f3k. C\u00e9lunk, hogy korszer\u0171 tud\u00e1ssal \u00e9s k\u00e9pess\u00e9gekkel v\u00e9rtezz\u00fck fel a n\u00e1lunk eg\u00e9szs\u00e9g\u00fcgyi vagy szoci\u00e1lis v\u00e9gzetts\u00e9get szerz\u0151ket, megk\u00f6nny\u00edtve elhelyezked\u00e9s\u00fcket \u00e9s helyt\u00e1ll\u00e1sukat a munkaer\u0151piacon. Tehets\u00e9ges tanul\u00f3inkat igyeksz\u00fcnk felk\u00e9sz\u00edteni arra, hogy fels\u0151oktat\u00e1si int\u00e9zm\u00e9nyben b\u0151v\u00edts\u00e9k a n\u00e1lunk megszerzett szakmai tud\u00e1sukat. Meggy\u0151z\u0151d\u00e9s\u00fcnk, hogy sz\u00ednvonalas m\u0171k\u00f6d\u00e9s csak sokr\u00e9t\u0171 szakmai kapcsolattal kieg\u00e9sz\u00fclve val\u00f3sulhat meg. Tehets\u00e9ges tanul\u00f3inkat igyeksz\u00fcnk felk\u00e9sz\u00edteni<\/p>\n","protected":false},"author":101765,"featured_media":15507,"parent":0,"menu_order":1,"comment_status":"closed","ping_status":"closed","template":"","meta":{"_acf_changed":false,"footnotes":""},"categories":[],"tags":[],"class_list":["post-14536","page","type-page","status-publish","has-post-thumbnail","hentry"],"acf":[],"_links":{"self":[{"href":"https:\/\/semmelweis.hu\/kanizsaidorottya\/wp-json\/wp\/v2\/pages\/14536","targetHints":{"allow":["GET"]}}],"collection":[{"href":"https:\/\/semmelweis.hu\/kanizsaidorottya\/wp-json\/wp\/v2\/pages"}],"about":[{"href":"https:\/\/semmelweis.hu\/kanizsaidorottya\/wp-json\/wp\/v2\/types\/page"}],"author":[{"embeddable":true,"href":"https:\/\/semmelweis.hu\/kanizsaidorottya\/wp-json\/wp\/v2\/users\/101765"}],"replies":[{"embeddable":true,"href":"https:\/\/semmelweis.hu\/kanizsaidorottya\/wp-json\/wp\/v2\/comments?post=14536"}],"version-history":[{"count":10,"href":"https:\/\/semmelweis.hu\/kanizsaidorottya\/wp-json\/wp\/v2\/pages\/14536\/revisions"}],"predecessor-version":[{"id":16659,"href":"https:\/\/semmelweis.hu\/kanizsaidorottya\/wp-json\/wp\/v2\/pages\/14536\/revisions\/16659"}],"wp:featuredmedia":[{"embeddable":true,"href":"https:\/\/semmelweis.hu\/kanizsaidorottya\/wp-json\/wp\/v2\/media\/15507"}],"wp:attachment":[{"href":"https:\/\/semmelweis.hu\/kanizsaidorottya\/wp-json\/wp\/v2\/media?parent=14536"}],"wp:term":[{"taxonomy":"category","embeddable":true,"href":"https:\/\/semmelweis.hu\/kanizsaidorottya\/wp-json\/wp\/v2\/categories?post=14536"},{"taxonomy":"post_tag","embeddable":true,"href":"https:\/\/semmelweis.hu\/kanizsaidorottya\/wp-json\/wp\/v2\/tags?post=14536"}],"curies":[{"name":"wp","href":"https:\/\/api.w.org\/{rel}","templated":true}]}}

Iskolánk bemutatása

<p>A salgótarjáni Semmelweis Egyetem Kanizsai Dorottya Többcélú Szakképző Intézménye szakmai képzési színvonalát, a tanulóink felkészültségét a felhasználók, azaz a munkahelyek dicsérték, melyek között országos intézmények is találhatók.  Célunk, hogy korszerű tudással és képességekkel vértezzük fel a nálunk egészségügyi vagy szociális végzettséget szerzőket, megkönnyítve elhelyezkedésüket és helytállásukat a munkaerőpiacon. Tanulóink évről évre eredményesen szerepelnek az országos szakmai versenyeken is. Tehetséges tanulóinkat igyekszünk felkészíteni arra, hogy felsőoktatási intézményben bővítsék a nálunk megszerzett szakmai tudásukat.</p>
<p>Iskolánk számos egészségügyi-, szociális és egyéb társadalmi intézménnyel tart fenn szoros kapcsolatot, úgy véljük, a színvonalas működés csak sokrétű kapcsolattal kiegészülve valósulhat meg.</p>
<p>Intézményünk időről-időre való megújulását segítette a változtatással járó plusz feladatokat bátran vállaló, az új iránt fogékony, kreatív iskolavezetés és tantestület, s ez az, ami megalapozza az iskola és az egészségügyi szakképzés jövőjét a megyében.</p>
<p>Az iskola jelenleg az alábbi feladatokat látja el:</p>
<ol>
<li><strong>Egészségügyi ágazati képzés a 10-12. évfolyamon</strong> – cél az érettségire való felkészítés és a kisegítő ápolói végzettség megszerzése</li>
<li><strong>Szociális ágazati képzés a 2/10 </strong><strong>– 3/11</strong> évfolyamon</li>
<li><strong>Szakmai képzés érettségire épülően nappali tagozaton a 1/13-2/14. évfolyamon </strong>– Gyakorló ápoló képzés</li>
<li><strong>Gyakorló ápoló képzésre épülve 1/15 évfolyamon </strong>– Ápoló képzés
<ul>
<li><strong>Felnőtt képzés</strong> – igény szerint át- és kiképzés egészségügyi és szociális területre.
<p>&#8212;&#8212;&#8212;&#8212;&#8212;&#8212;&#8212;&#8212;&#8212;&#8212;&#8212;&#8212;&#8212;&#8212;&#8212;&#8212;&#8212;&#8212;&#8212;&#8212;&#8212;&#8212;&#8212;&#8212;&#8212;&#8212;&#8212;&#8212;&#8212;&#8212;&#8212;&#8212;&#8211;</p>
<p><strong><span style="font-size: 18pt">Bemutatkozó videó</span></strong></li>
</ul>
</li>
</ol>

<!-- iframe plugin v.4.9 wordpress.org/plugins/iframe/ -->
<iframe loading="lazy" width="784" height="441" src="https://www.youtube.com/embed/sEt5-QNXXMA?si=MfQbsBM65QKAAv86" title="YouTube video player" frameborder="0" allow="accelerometer; autoplay; clipboard-write; encrypted-media; gyroscope; picture-in-picture; web-share" allowfullscreen="allowfullscreen" scrolling="yes" class="iframe-class"></iframe>

<p>Az egészségügyi pálya egy biztos karrier lehetőségét kínálja. Iskolánk szakmai képzési színvonalát, a tanulóink felkészültségét a felhasználók, azaz a munkahelyek dicsérik, melyek között országos intézmények is találhatók. Célunk, hogy korszerű tudással és képességekkel vértezzük fel a nálunk egészségügyi vagy szociális végzettséget szerzőket, megkönnyítve elhelyezkedésüket és helytállásukat a munkaerőpiacon. Tehetséges tanulóinkat igyekszünk felkészíteni arra, hogy felsőoktatási intézményben bővítsék a nálunk megszerzett szakmai tudásukat. Meggyőződésünk, hogy színvonalas működés csak sokrétű szakmai kapcsolattal kiegészülve valósulhat meg. Tehetséges tanulóinkat igyekszünk felkészíteni</p>
