{"id":14127,"date":"2015-06-09T11:30:05","date_gmt":"2015-06-09T09:30:05","guid":{"rendered":"https:\/\/semmelweis.hu\/kanizsaidorottya\/?page_id=14127"},"modified":"2025-07-14T20:56:25","modified_gmt":"2025-07-14T18:56:25","slug":"felnottkepzes","status":"publish","type":"page","link":"https:\/\/semmelweis.hu\/kanizsaidorottya\/felnottkepzes\/","title":{"rendered":"Feln\u0151ttoktat\u00e1s, feln\u0151ttk\u00e9pz\u00e9s"},"content":{"rendered":"<p align=\"center\">\u00a0<\/p>\n<p align=\"center\"><a href=\"https:\/\/semmelweis.hu\/kanizsaidorottya\/files\/2025\/07\/Jelentkezesi_lap.pdf\">Let\u00f6lthet\u0151 jelentkez\u00e9si lap a k\u00e9pz\u00e9sekhez<\/a><\/p>\n<p align=\"center\">\u00a0<\/p>\n<p align=\"center\"><img loading=\"lazy\" decoding=\"async\" class=\"alignnone size-full wp-image-17469\" src=\"https:\/\/semmelweis.hu\/kanizsaidorottya\/files\/2025\/07\/2-Plakat-felnott-bovitett-scaled.jpg\" alt=\"\" width=\"1979\" height=\"2560\" srcset=\"https:\/\/semmelweis.hu\/kanizsaidorottya\/files\/2025\/07\/2-Plakat-felnott-bovitett-scaled.jpg 1979w, https:\/\/semmelweis.hu\/kanizsaidorottya\/files\/2025\/07\/2-Plakat-felnott-bovitett-309x400.jpg 309w, https:\/\/semmelweis.hu\/kanizsaidorottya\/files\/2025\/07\/2-Plakat-felnott-bovitett-792x1024.jpg 792w, https:\/\/semmelweis.hu\/kanizsaidorottya\/files\/2025\/07\/2-Plakat-felnott-bovitett-768x994.jpg 768w, https:\/\/semmelweis.hu\/kanizsaidorottya\/files\/2025\/07\/2-Plakat-felnott-bovitett-1187x1536.jpg 1187w, https:\/\/semmelweis.hu\/kanizsaidorottya\/files\/2025\/07\/2-Plakat-felnott-bovitett-1583x2048.jpg 1583w, https:\/\/semmelweis.hu\/kanizsaidorottya\/files\/2025\/07\/2-Plakat-felnott-bovitett-753x974.jpg 753w\" sizes=\"auto, (max-width: 1979px) 100vw, 1979px\" \/> <img loading=\"lazy\" decoding=\"async\" class=\"alignnone size-full wp-image-17483\" src=\"https:\/\/semmelweis.hu\/kanizsaidorottya\/files\/2025\/07\/Szocialis-gondozo-es-apolo-kepzes-plakat-scaled.jpg\" alt=\"\" width=\"1810\" height=\"2560\" srcset=\"https:\/\/semmelweis.hu\/kanizsaidorottya\/files\/2025\/07\/Szocialis-gondozo-es-apolo-kepzes-plakat-scaled.jpg 1810w, https:\/\/semmelweis.hu\/kanizsaidorottya\/files\/2025\/07\/Szocialis-gondozo-es-apolo-kepzes-plakat-283x400.jpg 283w, https:\/\/semmelweis.hu\/kanizsaidorottya\/files\/2025\/07\/Szocialis-gondozo-es-apolo-kepzes-plakat-724x1024.jpg 724w, https:\/\/semmelweis.hu\/kanizsaidorottya\/files\/2025\/07\/Szocialis-gondozo-es-apolo-kepzes-plakat-768x1086.jpg 768w, https:\/\/semmelweis.hu\/kanizsaidorottya\/files\/2025\/07\/Szocialis-gondozo-es-apolo-kepzes-plakat-1086x1536.jpg 1086w, https:\/\/semmelweis.hu\/kanizsaidorottya\/files\/2025\/07\/Szocialis-gondozo-es-apolo-kepzes-plakat-1448x2048.jpg 1448w, https:\/\/semmelweis.hu\/kanizsaidorottya\/files\/2025\/07\/Szocialis-gondozo-es-apolo-kepzes-plakat-753x1065.jpg 753w\" sizes=\"auto, (max-width: 1810px) 100vw, 1810px\" \/><img loading=\"lazy\" decoding=\"async\" class=\"alignnone size-full wp-image-17480\" src=\"https:\/\/semmelweis.hu\/kanizsaidorottya\/files\/2025\/07\/Dajka-kepzes-plakat2-scaled.jpg\" alt=\"\" width=\"1810\" height=\"2560\" srcset=\"https:\/\/semmelweis.hu\/kanizsaidorottya\/files\/2025\/07\/Dajka-kepzes-plakat2-scaled.jpg 1810w, https:\/\/semmelweis.hu\/kanizsaidorottya\/files\/2025\/07\/Dajka-kepzes-plakat2-283x400.jpg 283w, https:\/\/semmelweis.hu\/kanizsaidorottya\/files\/2025\/07\/Dajka-kepzes-plakat2-724x1024.jpg 724w, https:\/\/semmelweis.hu\/kanizsaidorottya\/files\/2025\/07\/Dajka-kepzes-plakat2-768x1086.jpg 768w, https:\/\/semmelweis.hu\/kanizsaidorottya\/files\/2025\/07\/Dajka-kepzes-plakat2-1086x1536.jpg 1086w, https:\/\/semmelweis.hu\/kanizsaidorottya\/files\/2025\/07\/Dajka-kepzes-plakat2-1448x2048.jpg 1448w, https:\/\/semmelweis.hu\/kanizsaidorottya\/files\/2025\/07\/Dajka-kepzes-plakat2-753x1065.jpg 753w\" sizes=\"auto, (max-width: 1810px) 100vw, 1810px\" \/>\u00a0<img loading=\"lazy\" decoding=\"async\" class=\"alignnone size-full wp-image-17473\" src=\"https:\/\/semmelweis.hu\/kanizsaidorottya\/files\/2025\/07\/Demencia-kepzes-plakat-scaled.jpg\" alt=\"\" width=\"1810\" height=\"2560\" srcset=\"https:\/\/semmelweis.hu\/kanizsaidorottya\/files\/2025\/07\/Demencia-kepzes-plakat-scaled.jpg 1810w, https:\/\/semmelweis.hu\/kanizsaidorottya\/files\/2025\/07\/Demencia-kepzes-plakat-283x400.jpg 283w, https:\/\/semmelweis.hu\/kanizsaidorottya\/files\/2025\/07\/Demencia-kepzes-plakat-724x1024.jpg 724w, https:\/\/semmelweis.hu\/kanizsaidorottya\/files\/2025\/07\/Demencia-kepzes-plakat-768x1086.jpg 768w, https:\/\/semmelweis.hu\/kanizsaidorottya\/files\/2025\/07\/Demencia-kepzes-plakat-1086x1536.jpg 1086w, https:\/\/semmelweis.hu\/kanizsaidorottya\/files\/2025\/07\/Demencia-kepzes-plakat-1448x2048.jpg 1448w, https:\/\/semmelweis.hu\/kanizsaidorottya\/files\/2025\/07\/Demencia-kepzes-plakat-753x1065.jpg 753w\" sizes=\"auto, (max-width: 1810px) 100vw, 1810px\" \/> <img loading=\"lazy\" decoding=\"async\" class=\"alignnone size-full wp-image-17471\" src=\"https:\/\/semmelweis.hu\/kanizsaidorottya\/files\/2025\/07\/Betegkisero-kepzes-plakat-scaled.jpg\" alt=\"\" width=\"1810\" height=\"2560\" srcset=\"https:\/\/semmelweis.hu\/kanizsaidorottya\/files\/2025\/07\/Betegkisero-kepzes-plakat-scaled.jpg 1810w, https:\/\/semmelweis.hu\/kanizsaidorottya\/files\/2025\/07\/Betegkisero-kepzes-plakat-283x400.jpg 283w, https:\/\/semmelweis.hu\/kanizsaidorottya\/files\/2025\/07\/Betegkisero-kepzes-plakat-724x1024.jpg 724w, https:\/\/semmelweis.hu\/kanizsaidorottya\/files\/2025\/07\/Betegkisero-kepzes-plakat-768x1086.jpg 768w, https:\/\/semmelweis.hu\/kanizsaidorottya\/files\/2025\/07\/Betegkisero-kepzes-plakat-1086x1536.jpg 1086w, https:\/\/semmelweis.hu\/kanizsaidorottya\/files\/2025\/07\/Betegkisero-kepzes-plakat-1448x2048.jpg 1448w, https:\/\/semmelweis.hu\/kanizsaidorottya\/files\/2025\/07\/Betegkisero-kepzes-plakat-753x1065.jpg 753w\" sizes=\"auto, (max-width: 1810px) 100vw, 1810px\" \/><\/p>\n","protected":false},"excerpt":{"rendered":"<p>\u00a0<br \/>\n<a href=\"https:\/\/semmelweis.hu\/kanizsaidorottya\/files\/2025\/07\/Jelentkezesi_lap.pdf\">Let\u00f6lthet\u0151 jelentkez\u00e9si lap a k\u00e9pz\u00e9sekhez<\/a><br \/>\n\u00a0<br \/>\n \u00a0 <\/p>\n","protected":false},"author":101765,"featured_media":16481,"parent":0,"menu_order":4,"comment_status":"closed","ping_status":"closed","template":"","meta":{"_acf_changed":false,"footnotes":""},"categories":[],"tags":[],"class_list":["post-14127","page","type-page","status-publish","has-post-thumbnail","hentry"],"acf":[],"_links":{"self":[{"href":"https:\/\/semmelweis.hu\/kanizsaidorottya\/wp-json\/wp\/v2\/pages\/14127","targetHints":{"allow":["GET"]}}],"collection":[{"href":"https:\/\/semmelweis.hu\/kanizsaidorottya\/wp-json\/wp\/v2\/pages"}],"about":[{"href":"https:\/\/semmelweis.hu\/kanizsaidorottya\/wp-json\/wp\/v2\/types\/page"}],"author":[{"embeddable":true,"href":"https:\/\/semmelweis.hu\/kanizsaidorottya\/wp-json\/wp\/v2\/users\/101765"}],"replies":[{"embeddable":true,"href":"https:\/\/semmelweis.hu\/kanizsaidorottya\/wp-json\/wp\/v2\/comments?post=14127"}],"version-history":[{"count":12,"href":"https:\/\/semmelweis.hu\/kanizsaidorottya\/wp-json\/wp\/v2\/pages\/14127\/revisions"}],"predecessor-version":[{"id":17484,"href":"https:\/\/semmelweis.hu\/kanizsaidorottya\/wp-json\/wp\/v2\/pages\/14127\/revisions\/17484"}],"wp:featuredmedia":[{"embeddable":true,"href":"https:\/\/semmelweis.hu\/kanizsaidorottya\/wp-json\/wp\/v2\/media\/16481"}],"wp:attachment":[{"href":"https:\/\/semmelweis.hu\/kanizsaidorottya\/wp-json\/wp\/v2\/media?parent=14127"}],"wp:term":[{"taxonomy":"category","embeddable":true,"href":"https:\/\/semmelweis.hu\/kanizsaidorottya\/wp-json\/wp\/v2\/categories?post=14127"},{"taxonomy":"post_tag","embeddable":true,"href":"https:\/\/semmelweis.hu\/kanizsaidorottya\/wp-json\/wp\/v2\/tags?post=14127"}],"curies":[{"name":"wp","href":"https:\/\/api.w.org\/{rel}","templated":true}]}}