{"id":14124,"date":"2015-11-12T12:36:14","date_gmt":"2015-11-12T11:36:14","guid":{"rendered":"https:\/\/semmelweis.hu\/kanizsaidorottya\/?page_id=14124"},"modified":"2026-01-27T12:01:36","modified_gmt":"2026-01-27T11:01:36","slug":"sajtovisszhang","status":"publish","type":"page","link":"https:\/\/semmelweis.hu\/kanizsaidorottya\/iskolankrol\/sajtovisszhang\/","title":{"rendered":"Sajt\u00f3visszhang"},"content":{"rendered":"<h2><a href=\"https:\/\/semmelweis.hu\/kanizsaidorottya\/files\/2026\/01\/Nograd-Kossuth-Zs.jpg\">N\u00f3gr\u00e1d Megyei h\u00edrlap tud\u00f3s\u00edt\u00e1sa a Kossuth Zsuzsanna Nemzeti Eg\u00e9szs\u00e9g\u00fcgyi Szakk\u00e9pz\u00e9si Verseny megyei fordul\u00f3j\u00e1r\u00f3l<\/a><\/h2>\n<h2><a href=\"https:\/\/www.facebook.com\/reel\/1387061219192169\">Kossuth Zsuzsanna Nemzeti Eg\u00e9szs\u00e9g\u00fcgyi Szakk\u00e9pz\u00e9si Verseny v\u00e1rmegyei fordul\u00f3ja ( A V\u00e1rosi Telev\u00edzi\u00f3 felv\u00e9tele, 2026 janu\u00e1r 22)<\/a><\/h2>\n<h2><a href=\"https:\/\/www.nool.hu\/helyi-kozelet\/2025\/11\/egeszsegugyi-kepzesek-nyilt-nap-nyolcadikosok\">NOOL.HU h\u00edrport\u00e1l tud\u00f3s\u00edt\u00e1sa az iskol\u00e1nkban megrendezett ny\u00edlt nap esem\u00e9nyeir\u0151l.<\/a>\u00a0<\/h2>\n<h2>\u00a0<\/h2>\n<h2 class=\"style-scope ytd-watch-metadata\">\u00dcnnep\u00e9lyes keretek k\u00f6z\u00f6tt csatlakozott a Kanizsai a Honv\u00e9d Kad\u00e9t Programhoz ( Salg\u00f3tarj\u00e1ni V\u00e1rosi Telev\u00edzi\u00f3 tud\u00f3s\u00edt\u00e1sa)<\/h2>\n\n<!-- iframe plugin v.4.9 wordpress.org\/plugins\/iframe\/ -->\n<iframe loading=\"lazy\" width=\"560\" height=\"315\" src=\"https:\/\/www.youtube.com\/embed\/VxlBGBIcHts?si=8JOPXd2hLMuQ54bs\" title=\"YouTube video player\" frameborder=\"0\" allow=\"accelerometer; autoplay; clipboard-write; encrypted-media; gyroscope; picture-in-picture; web-share\" referrerpolicy=\"strict-origin-when-cross-origin\" allowfullscreen=\"allowfullscreen\" scrolling=\"yes\" class=\"iframe-class\"><\/iframe>\n\n<h2>\u00a0<\/h2>\n<h2><a href=\"https:\/\/www.nool.hu\/helyi-kozelet\/2025\/04\/honved-kadet-program-egeszsegugyi-iskola\">Al\u00e1\u00edrt\u00e1k a meg\u00e1llapod\u00e1st, ami \u00faj t\u00e1vlatokat nyit N\u00f3gr\u00e1d eg\u00e9szs\u00e9g\u00fcgyis di\u00e1kjai el\u0151tt (Nool.hu tud\u00f3s\u00edt\u00e1sa)<\/a><\/h2>\n<h2><a href=\"https:\/\/www.facebook.com\/share\/p\/1Bi9Wt9Ak7\/\">Kanizsai Dorottya Alap\u00edtv\u00e1ny j\u00f3t\u00e9konys\u00e1gi b\u00e1lja. (<\/a>\u00a0<span class=\"html-span xdj266r x11i5rnm xat24cr x1mh8g0r xexx8yu x4uap5 x18d9i69 xkhd6sd x1hl2dhg x16tdsg8 x1vvkbs\"><a class=\"x1i10hfl xjbqb8w x1ejq31n xd10rxx x1sy0etr x17r0tee x972fbf xcfux6l x1qhh985 xm0m39n x9f619 x1ypdohk xt0psk2 xe8uvvx xdj266r x11i5rnm xat24cr x1mh8g0r xexx8yu x4uap5 x18d9i69 xkhd6sd x16tdsg8 x1hl2dhg xggy1nq x1a2a7pz xkrqix3 x1sur9pj x1fey0fg x1s688f\" href=\"https:\/\/www.facebook.com\/share\/p\/1Bi9Wt9Ak7\/\" target=\"_blank\" rel=\"nofollow noopener noreferrer\">Nool.hu tud\u00f3s\u00edt\u00e1sa )<\/a><\/span><\/h2>\n<h4>\u00a0<\/h4>\n<div class=\"lead\">Partneri Konferencia 2024 (Salg\u00f3tarj\u00e1ni V\u00e1rosi Telev\u00edzi\u00f3 riportja)<\/div>\n<div>\n<!-- iframe plugin v.4.9 wordpress.org\/plugins\/iframe\/ -->\n<iframe loading=\"lazy\" width=\"560\" height=\"315\" src=\"https:\/\/www.youtube.com\/embed\/iXRB5635efA?si=JXul-FiiCohp2i3c\" title=\"YouTube video player\" frameborder=\"0\" allow=\"accelerometer; autoplay; clipboard-write; encrypted-media; gyroscope; picture-in-picture; web-share\" allowfullscreen=\"allowfullscreen\" scrolling=\"yes\" class=\"iframe-class\"><\/iframe>\n<\/div>\n<div>\u00a0<\/div>\n<div>\u00a0<\/div>\n<div class=\"lead\">Ol\u00e1h J\u00f3l\u00e1n ki\u00e1ll\u00edt\u00e1smegnyit\u00f3\u00a0 (Salg\u00f3tarj\u00e1ni V\u00e1rosi Telev\u00edzi\u00f3 felv\u00e9tele)<\/div>\n<div>\n<!-- iframe plugin v.4.9 wordpress.org\/plugins\/iframe\/ -->\n<iframe loading=\"lazy\" width=\"560\" height=\"315\" src=\"https:\/\/www.youtube.com\/embed\/FiX7ia-GwcI?si=FQyrqeJLKCsBU6vr\" title=\"YouTube video player\" frameborder=\"0\" allow=\"accelerometer; autoplay; clipboard-write; encrypted-media; gyroscope; picture-in-picture; web-share\" allowfullscreen=\"allowfullscreen\" scrolling=\"yes\" class=\"iframe-class\"><\/iframe>\n<\/div>\n<div>\u00a0<\/div>\n<div>\u00a0<\/div>\n<div>\u00a0<\/div>\n<div class=\"lead\">Partneri Konferencia 2023 (Salg\u00f3tarj\u00e1ni V\u00e1rosi Telev\u00edzi\u00f3)<\/div>\n\n<!-- iframe plugin v.4.9 wordpress.org\/plugins\/iframe\/ -->\n<iframe loading=\"lazy\" width=\"560\" height=\"315\" src=\"https:\/\/www.youtube.com\/embed\/uITEWcwXxFg?si=dMl45H1lVE6bWxBj\" title=\"YouTube video player\" frameborder=\"0\" allow=\"accelerometer; autoplay; clipboard-write; encrypted-media; gyroscope; picture-in-picture; web-share\" allowfullscreen=\"allowfullscreen\" scrolling=\"yes\" class=\"iframe-class\"><\/iframe>\n\n<p>&nbsp;<\/p>\n<p><a href=\"https:\/\/www.youtube.com\/watch?v=EmImuydYVH8\"><img loading=\"lazy\" decoding=\"async\" src=\"https:\/\/semmelweis.hu\/kanizsaidorottya\/files\/2020\/07\/video_icon.png\" alt=\"video icon\" width=\"20\" height=\"20\" \/><\/a><a href=\"https:\/\/www.youtube.com\/watch?v=1al_qBJei9I\">2022.11.30 Partneri Konferencia 2022<\/a><\/p>\n<p><a href=\"https:\/\/semmelweis.hu\/kanizsaidorottya\/files\/2020\/07\/A_Semmelweis_Egyetem_partnere_lett_a_Kanizsai-scaled.jpg\">A Semmelweis Egyetem partnere lett a Kanizsai<\/a><\/p>\n<p><a href=\"https:\/\/www.youtube.com\/watch?v=EmImuydYVH8\"><img loading=\"lazy\" decoding=\"async\" src=\"https:\/\/semmelweis.hu\/kanizsaidorottya\/files\/2020\/07\/video_icon.png\" alt=\"video icon\" width=\"20\" height=\"20\" \/><\/a><a href=\"https:\/\/www.youtube.com\/watch?v=EmImuydYVH8\" target=\"_blank\" rel=\"noopener noreferrer\">2018. m\u00e1rcius\u00a060 \u00e9ves az E\u00fc<\/a><\/p>\n<p><a href=\"https:\/\/youtu.be\/bE1OgqQOFj4\"><img loading=\"lazy\" decoding=\"async\" src=\"https:\/\/semmelweis.hu\/kanizsaidorottya\/files\/2020\/07\/video_icon.png\" alt=\"video icon\" width=\"20\" height=\"20\" \/>2017.01.18 Tudom\u00e1nyr\u00f3l-Di\u00e1koknak-K\u00edv\u00e1ncsis\u00e1gb\u00f3l (TDK)<\/a><\/p>\n<p><a href=\"https:\/\/www.youtube.com\/watch?v=yYPiqyb3GMU\"><img loading=\"lazy\" decoding=\"async\" src=\"https:\/\/semmelweis.hu\/kanizsaidorottya\/files\/2020\/07\/video_icon.png\" alt=\"video icon\" width=\"20\" height=\"20\" \/>2016.10.10. 90 \u00e9ves a peng\u0151 megnyit\u00f3<\/a><\/p>\n<p>&nbsp;<\/p>\n<p>&nbsp;<\/p>\n<p>&nbsp;<\/p>\n","protected":false},"excerpt":{"rendered":"<p><a href=\"https:\/\/semmelweis.hu\/kanizsaidorottya\/files\/2026\/01\/Nograd-Kossuth-Zs.jpg\">N\u00f3gr\u00e1d Megyei h\u00edrlap tud\u00f3s\u00edt\u00e1sa a Kossuth Zsuzsanna Nemzeti Eg\u00e9szs\u00e9g\u00fcgyi Szakk\u00e9pz\u00e9si Verseny megyei fordul\u00f3j\u00e1r\u00f3l<\/a> <a href=\"https:\/\/www.facebook.com\/reel\/1387061219192169\">Kossuth Zsuzsanna Nemzeti Eg\u00e9szs\u00e9g\u00fcgyi Szakk\u00e9pz\u00e9si Verseny v\u00e1rmegyei fordul\u00f3ja ( A V\u00e1rosi Telev\u00edzi\u00f3 felv\u00e9tele, 2026 janu\u00e1r 22)<\/a> <a href=\"https:\/\/www.nool.hu\/helyi-kozelet\/2025\/11\/egeszsegugyi-kepzesek-nyilt-nap-nyolcadikosok\">NOOL.HU h\u00edrport\u00e1l tud\u00f3s\u00edt\u00e1sa az iskol\u00e1nkban megrendezett ny\u00edlt nap esem\u00e9nyeir\u0151l.<\/a> \u00a0 \u00a0 \u00dcnnep\u00e9lyes keretek k\u00f6z\u00f6tt csatlakozott a Kanizsai a Honv\u00e9d Kad\u00e9t Programhoz ( Salg\u00f3tarj\u00e1ni V\u00e1rosi Telev\u00edzi\u00f3 tud\u00f3s\u00edt\u00e1sa) \u00a0 <a href=\"https:\/\/www.nool.hu\/helyi-kozelet\/2025\/04\/honved-kadet-program-egeszsegugyi-iskola\">Al\u00e1\u00edrt\u00e1k a meg\u00e1llapod\u00e1st, ami \u00faj t\u00e1vlatokat nyit N\u00f3gr\u00e1d eg\u00e9szs\u00e9g\u00fcgyis di\u00e1kjai el\u0151tt (Nool.hu tud\u00f3s\u00edt\u00e1sa)<\/a> <a href=\"https:\/\/www.facebook.com\/share\/p\/1Bi9Wt9Ak7\/\">Kanizsai Dorottya Alap\u00edtv\u00e1ny j\u00f3t\u00e9konys\u00e1gi b\u00e1lja. (<\/a> \u00a0 <a class=\"x1i10hfl xjbqb8w x1ejq31n xd10rxx x1sy0etr x17r0tee x972fbf xcfux6l x1qhh985 xm0m39n x9f619 x1ypdohk xt0psk2 xe8uvvx xdj266r x11i5rnm xat24cr x1mh8g0r xexx8yu x4uap5 x18d9i69 xkhd6sd x16tdsg8 x1hl2dhg xggy1nq x1a2a7pz xkrqix3 x1sur9pj x1fey0fg x1s688f\" href=\"https:\/\/www.facebook.com\/share\/p\/1Bi9Wt9Ak7\/\" target=\"_blank\" rel=\"nofollow noopener noreferrer\">Nool.hu tud\u00f3s\u00edt\u00e1sa )<\/a> \u00a0 Partneri Konferencia 2024 (Salg\u00f3tarj\u00e1ni V\u00e1rosi Telev\u00edzi\u00f3 riportja) \u00a0 \u00a0 Ol\u00e1h J\u00f3l\u00e1n ki\u00e1ll\u00edt\u00e1smegnyit\u00f3\u00a0 (Salg\u00f3tarj\u00e1ni V\u00e1rosi Telev\u00edzi\u00f3 felv\u00e9tele) \u00a0 \u00a0 \u00a0 Partneri Konferencia 2023 (Salg\u00f3tarj\u00e1ni V\u00e1rosi Telev\u00edzi\u00f3) &nbsp; <a href=\"https:\/\/www.youtube.com\/watch?v=EmImuydYVH8\"><\/a> <a href=\"https:\/\/www.youtube.com\/watch?v=1al_qBJei9I\">2022.11.30 Partneri Konferencia 2022<\/a> <a href=\"https:\/\/semmelweis.hu\/kanizsaidorottya\/files\/2020\/07\/A_Semmelweis_Egyetem_partnere_lett_a_Kanizsai-scaled.jpg\">A Semmelweis Egyetem partnere lett a Kanizsai<\/a> <a href=\"https:\/\/www.youtube.com\/watch?v=EmImuydYVH8\"><\/a> <a href=\"https:\/\/www.youtube.com\/watch?v=EmImuydYVH8\" target=\"_blank\" rel=\"noopener noreferrer\">2018. m\u00e1rcius\u00a060 \u00e9ves az E\u00fc<\/a> <a href=\"https:\/\/youtu.be\/bE1OgqQOFj4\">2017.01.18 Tudom\u00e1nyr\u00f3l-Di\u00e1koknak-K\u00edv\u00e1ncsis\u00e1gb\u00f3l (TDK)<\/a> <a href=\"https:\/\/www.youtube.com\/watch?v=yYPiqyb3GMU\">2016.10.10. 90 \u00e9ves a peng\u0151 megnyit\u00f3<\/a> &nbsp; &nbsp; &hellip;<\/p>\n","protected":false},"author":101765,"featured_media":0,"parent":14536,"menu_order":8,"comment_status":"closed","ping_status":"closed","template":"","meta":{"_acf_changed":false,"footnotes":""},"categories":[],"tags":[],"class_list":["post-14124","page","type-page","status-publish","hentry"],"acf":[],"_links":{"self":[{"href":"https:\/\/semmelweis.hu\/kanizsaidorottya\/wp-json\/wp\/v2\/pages\/14124","targetHints":{"allow":["GET"]}}],"collection":[{"href":"https:\/\/semmelweis.hu\/kanizsaidorottya\/wp-json\/wp\/v2\/pages"}],"about":[{"href":"https:\/\/semmelweis.hu\/kanizsaidorottya\/wp-json\/wp\/v2\/types\/page"}],"author":[{"embeddable":true,"href":"https:\/\/semmelweis.hu\/kanizsaidorottya\/wp-json\/wp\/v2\/users\/101765"}],"replies":[{"embeddable":true,"href":"https:\/\/semmelweis.hu\/kanizsaidorottya\/wp-json\/wp\/v2\/comments?post=14124"}],"version-history":[{"count":11,"href":"https:\/\/semmelweis.hu\/kanizsaidorottya\/wp-json\/wp\/v2\/pages\/14124\/revisions"}],"predecessor-version":[{"id":17794,"href":"https:\/\/semmelweis.hu\/kanizsaidorottya\/wp-json\/wp\/v2\/pages\/14124\/revisions\/17794"}],"up":[{"embeddable":true,"href":"https:\/\/semmelweis.hu\/kanizsaidorottya\/wp-json\/wp\/v2\/pages\/14536"}],"wp:attachment":[{"href":"https:\/\/semmelweis.hu\/kanizsaidorottya\/wp-json\/wp\/v2\/media?parent=14124"}],"wp:term":[{"taxonomy":"category","embeddable":true,"href":"https:\/\/semmelweis.hu\/kanizsaidorottya\/wp-json\/wp\/v2\/categories?post=14124"},{"taxonomy":"post_tag","embeddable":true,"href":"https:\/\/semmelweis.hu\/kanizsaidorottya\/wp-json\/wp\/v2\/tags?post=14124"}],"curies":[{"name":"wp","href":"https:\/\/api.w.org\/{rel}","templated":true}]}}

Sajtóvisszhang

<h2><a href="https://semmelweis.hu/kanizsaidorottya/files/2026/01/Nograd-Kossuth-Zs.jpg">Nógrád Megyei hírlap tudósítása a Kossuth Zsuzsanna Nemzeti Egészségügyi Szakképzési Verseny megyei fordulójáról</a></h2>
<h2><a href="https://www.facebook.com/reel/1387061219192169">Kossuth Zsuzsanna Nemzeti Egészségügyi Szakképzési Verseny vármegyei fordulója ( A Városi Televízió felvétele, 2026 január 22)</a></h2>
<h2><a href="https://www.nool.hu/helyi-kozelet/2025/11/egeszsegugyi-kepzesek-nyilt-nap-nyolcadikosok">NOOL.HU hírportál tudósítása az iskolánkban megrendezett nyílt nap eseményeiről.</a> </h2>
<h2> </h2>
<h2 class="style-scope ytd-watch-metadata">Ünnepélyes keretek között csatlakozott a Kanizsai a Honvéd Kadét Programhoz ( Salgótarjáni Városi Televízió tudósítása)</h2>

<!-- iframe plugin v.4.9 wordpress.org/plugins/iframe/ -->
<iframe loading="lazy" width="560" height="315" src="https://www.youtube.com/embed/VxlBGBIcHts?si=8JOPXd2hLMuQ54bs" title="YouTube video player" frameborder="0" allow="accelerometer; autoplay; clipboard-write; encrypted-media; gyroscope; picture-in-picture; web-share" referrerpolicy="strict-origin-when-cross-origin" allowfullscreen="allowfullscreen" scrolling="yes" class="iframe-class"></iframe>

<h2> </h2>
<h2><a href="https://www.nool.hu/helyi-kozelet/2025/04/honved-kadet-program-egeszsegugyi-iskola">Aláírták a megállapodást, ami új távlatokat nyit Nógrád egészségügyis diákjai előtt (Nool.hu tudósítása)</a></h2>
<h2><a href="https://www.facebook.com/share/p/1Bi9Wt9Ak7/">Kanizsai Dorottya Alapítvány jótékonysági bálja. (</a> <span class="html-span xdj266r x11i5rnm xat24cr x1mh8g0r xexx8yu x4uap5 x18d9i69 xkhd6sd x1hl2dhg x16tdsg8 x1vvkbs"><a class="x1i10hfl xjbqb8w x1ejq31n xd10rxx x1sy0etr x17r0tee x972fbf xcfux6l x1qhh985 xm0m39n x9f619 x1ypdohk xt0psk2 xe8uvvx xdj266r x11i5rnm xat24cr x1mh8g0r xexx8yu x4uap5 x18d9i69 xkhd6sd x16tdsg8 x1hl2dhg xggy1nq x1a2a7pz xkrqix3 x1sur9pj x1fey0fg x1s688f" href="https://www.facebook.com/share/p/1Bi9Wt9Ak7/" target="_blank" rel="nofollow noopener noreferrer">Nool.hu tudósítása )</a></span></h2>
<h4> </h4>
<div class="lead">Partneri Konferencia 2024 (Salgótarjáni Városi Televízió riportja)</div>
<div>
<!-- iframe plugin v.4.9 wordpress.org/plugins/iframe/ -->
<iframe loading="lazy" width="560" height="315" src="https://www.youtube.com/embed/iXRB5635efA?si=JXul-FiiCohp2i3c" title="YouTube video player" frameborder="0" allow="accelerometer; autoplay; clipboard-write; encrypted-media; gyroscope; picture-in-picture; web-share" allowfullscreen="allowfullscreen" scrolling="yes" class="iframe-class"></iframe>
</div>
<div> </div>
<div> </div>
<div class="lead">Oláh Jólán kiállításmegnyitó  (Salgótarjáni Városi Televízió felvétele)</div>
<div>
<!-- iframe plugin v.4.9 wordpress.org/plugins/iframe/ -->
<iframe loading="lazy" width="560" height="315" src="https://www.youtube.com/embed/FiX7ia-GwcI?si=FQyrqeJLKCsBU6vr" title="YouTube video player" frameborder="0" allow="accelerometer; autoplay; clipboard-write; encrypted-media; gyroscope; picture-in-picture; web-share" allowfullscreen="allowfullscreen" scrolling="yes" class="iframe-class"></iframe>
</div>
<div> </div>
<div> </div>
<div> </div>
<div class="lead">Partneri Konferencia 2023 (Salgótarjáni Városi Televízió)</div>

<!-- iframe plugin v.4.9 wordpress.org/plugins/iframe/ -->
<iframe loading="lazy" width="560" height="315" src="https://www.youtube.com/embed/uITEWcwXxFg?si=dMl45H1lVE6bWxBj" title="YouTube video player" frameborder="0" allow="accelerometer; autoplay; clipboard-write; encrypted-media; gyroscope; picture-in-picture; web-share" allowfullscreen="allowfullscreen" scrolling="yes" class="iframe-class"></iframe>

<p>&nbsp;</p>
<p><a href="https://www.youtube.com/watch?v=EmImuydYVH8"><img loading="lazy" decoding="async" src="https://semmelweis.hu/kanizsaidorottya/files/2020/07/video_icon.png" alt="video icon" width="20" height="20" /></a><a href="https://www.youtube.com/watch?v=1al_qBJei9I">2022.11.30 Partneri Konferencia 2022</a></p>
<p><a href="https://semmelweis.hu/kanizsaidorottya/files/2020/07/A_Semmelweis_Egyetem_partnere_lett_a_Kanizsai-scaled.jpg">A Semmelweis Egyetem partnere lett a Kanizsai</a></p>
<p><a href="https://www.youtube.com/watch?v=EmImuydYVH8"><img loading="lazy" decoding="async" src="https://semmelweis.hu/kanizsaidorottya/files/2020/07/video_icon.png" alt="video icon" width="20" height="20" /></a><a href="https://www.youtube.com/watch?v=EmImuydYVH8" target="_blank" rel="noopener noreferrer">2018. március 60 éves az Eü</a></p>
<p><a href="https://youtu.be/bE1OgqQOFj4"><img loading="lazy" decoding="async" src="https://semmelweis.hu/kanizsaidorottya/files/2020/07/video_icon.png" alt="video icon" width="20" height="20" />2017.01.18 Tudományról-Diákoknak-Kíváncsiságból (TDK)</a></p>
<p><a href="https://www.youtube.com/watch?v=yYPiqyb3GMU"><img loading="lazy" decoding="async" src="https://semmelweis.hu/kanizsaidorottya/files/2020/07/video_icon.png" alt="video icon" width="20" height="20" />2016.10.10. 90 éves a pengő megnyitó</a></p>
<p>&nbsp;</p>
<p>&nbsp;</p>
<p>&nbsp;</p>

<p><a href="https://semmelweis.hu/kanizsaidorottya/files/2026/01/Nograd-Kossuth-Zs.jpg">Nógrád Megyei hírlap tudósítása a Kossuth Zsuzsanna Nemzeti Egészségügyi Szakképzési Verseny megyei fordulójáról</a> <a href="https://www.facebook.com/reel/1387061219192169">Kossuth Zsuzsanna Nemzeti Egészségügyi Szakképzési Verseny vármegyei fordulója ( A Városi Televízió felvétele, 2026 január 22)</a> <a href="https://www.nool.hu/helyi-kozelet/2025/11/egeszsegugyi-kepzesek-nyilt-nap-nyolcadikosok">NOOL.HU hírportál tudósítása az iskolánkban megrendezett nyílt nap eseményeiről.</a>     Ünnepélyes keretek között csatlakozott a Kanizsai a Honvéd Kadét Programhoz ( Salgótarjáni Városi Televízió tudósítása)   <a href="https://www.nool.hu/helyi-kozelet/2025/04/honved-kadet-program-egeszsegugyi-iskola">Aláírták a megállapodást, ami új távlatokat nyit Nógrád egészségügyis diákjai előtt (Nool.hu tudósítása)</a> <a href="https://www.facebook.com/share/p/1Bi9Wt9Ak7/">Kanizsai Dorottya Alapítvány jótékonysági bálja. (</a>   <a class="x1i10hfl xjbqb8w x1ejq31n xd10rxx x1sy0etr x17r0tee x972fbf xcfux6l x1qhh985 xm0m39n x9f619 x1ypdohk xt0psk2 xe8uvvx xdj266r x11i5rnm xat24cr x1mh8g0r xexx8yu x4uap5 x18d9i69 xkhd6sd x16tdsg8 x1hl2dhg xggy1nq x1a2a7pz xkrqix3 x1sur9pj x1fey0fg x1s688f" href="https://www.facebook.com/share/p/1Bi9Wt9Ak7/" target="_blank" rel="nofollow noopener noreferrer">Nool.hu tudósítása )</a>   Partneri Konferencia 2024 (Salgótarjáni Városi Televízió riportja)     Oláh Jólán kiállításmegnyitó  (Salgótarjáni Városi Televízió felvétele)       Partneri Konferencia 2023 (Salgótarjáni Városi Televízió) &nbsp; <a href="https://www.youtube.com/watch?v=EmImuydYVH8"></a> <a href="https://www.youtube.com/watch?v=1al_qBJei9I">2022.11.30 Partneri Konferencia 2022</a> <a href="https://semmelweis.hu/kanizsaidorottya/files/2020/07/A_Semmelweis_Egyetem_partnere_lett_a_Kanizsai-scaled.jpg">A Semmelweis Egyetem partnere lett a Kanizsai</a> <a href="https://www.youtube.com/watch?v=EmImuydYVH8"></a> <a href="https://www.youtube.com/watch?v=EmImuydYVH8" target="_blank" rel="noopener noreferrer">2018. március 60 éves az Eü</a> <a href="https://youtu.be/bE1OgqQOFj4">2017.01.18 Tudományról-Diákoknak-Kíváncsiságból (TDK)</a> <a href="https://www.youtube.com/watch?v=yYPiqyb3GMU">2016.10.10. 90 éves a pengő megnyitó</a> &nbsp; &nbsp; &hellip;</p>
