{"id":14094,"date":"2014-11-14T10:01:45","date_gmt":"2014-11-14T09:01:45","guid":{"rendered":"https:\/\/semmelweis.hu\/kanizsaidorottya\/?page_id=14094"},"modified":"2024-02-27T11:26:29","modified_gmt":"2024-02-27T10:26:29","slug":"elerhetoseg","status":"publish","type":"page","link":"https:\/\/semmelweis.hu\/kanizsaidorottya\/elerhetoseg\/","title":{"rendered":"El\u00e9rhet\u0151s\u00e9g"},"content":{"rendered":"<p style=\"text-align: center\"><strong>Semmelweis Egyetem Kanizsai Dorottya T\u00f6bbc\u00e9l\u00fa Szakk\u00e9pz\u0151 Int\u00e9zm\u00e9nye\u00a0<\/strong><\/p>\n<p><strong>OM azonos\u00edt\u00f3:<\/strong>\u00a0203420<\/p>\n<p><strong>C\u00edm: <\/strong>3100 Salg\u00f3tarj\u00e1n, Ac\u00e9lgy\u00e1ri \u00fat 73.\u00a0<br \/><strong>Levelez\u00e9si c\u00edm: <\/strong>1085 Budapest, \u00dcll\u0151i \u00fat. 26<br \/><strong>Telefon: <\/strong><span style=\"font-size: 1rem\">06\/32 431-733\u00a0<\/span><span style=\"font-size: 1rem\"><br \/><\/span><strong>E-mail c\u00edm: titkarsag.kanizsai@semmelweis.hu<\/strong>\u00a0<\/p>\n<p><strong>Alap\u00edtv\u00e1nyunk: <\/strong>\u00a0Kanizsai Dorottya alap\u00edtv\u00e1ny (Ad\u00f3sz\u00e1m: 19367488-1-1)<\/p>\n\n<!-- iframe plugin v.4.9 wordpress.org\/plugins\/iframe\/ -->\n<iframe loading=\"lazy\" src=\"https:\/\/www.google.com\/maps\/embed?pb=!1m18!1m12!1m3!1d2663.8737721850234!2d19.819528615648135!3d48.112670679221495!2m3!1f0!2f0!3f0!3m2!1i1024!2i768!4f13.1!3m3!1m2!1s0x47406d526319aa65%3A0x5c693a6b21b1f200!2zU2FsZ8OzdGFyasOhbiwgQWPDqWxnecOhcmkgw7p0IDczLCAzMTAw!5e0!3m2!1shu!2shu!4v1595094120765!5m2!1shu!2shu\" width=\"100%\" height=\"300\" scrolling=\"yes\" class=\"iframe-class\" frameborder=\"0\"><\/iframe>\n\n","protected":false},"excerpt":{"rendered":"<p>Semmelweis Egyetem Kanizsai Dorottya T\u00f6bbc\u00e9l\u00fa Szakk\u00e9pz\u0151 Int\u00e9zm\u00e9nye\u00a0<br \/>\nOM azonos\u00edt\u00f3:\u00a0203420<br \/>\nC\u00edm: 3100 Salg\u00f3tarj\u00e1n, Ac\u00e9lgy\u00e1ri \u00fat 73.\u00a0Levelez\u00e9si c\u00edm: 1085 Budapest, \u00dcll\u0151i \u00fat. 26Telefon: 06\/32 431-733\u00a0E-mail c\u00edm: titkarsag.kanizsai@semmelweis.hu\u00a0<br \/>\nAlap\u00edtv\u00e1nyunk: \u00a0Kanizsai Dorottya alap\u00edtv\u00e1ny (Ad\u00f3sz\u00e1m: 19367488-1-1)<\/p>\n","protected":false},"author":101765,"featured_media":0,"parent":0,"menu_order":8,"comment_status":"closed","ping_status":"closed","template":"","meta":{"_acf_changed":false,"footnotes":""},"categories":[],"tags":[],"class_list":["post-14094","page","type-page","status-publish","hentry"],"acf":[],"_links":{"self":[{"href":"https:\/\/semmelweis.hu\/kanizsaidorottya\/wp-json\/wp\/v2\/pages\/14094","targetHints":{"allow":["GET"]}}],"collection":[{"href":"https:\/\/semmelweis.hu\/kanizsaidorottya\/wp-json\/wp\/v2\/pages"}],"about":[{"href":"https:\/\/semmelweis.hu\/kanizsaidorottya\/wp-json\/wp\/v2\/types\/page"}],"author":[{"embeddable":true,"href":"https:\/\/semmelweis.hu\/kanizsaidorottya\/wp-json\/wp\/v2\/users\/101765"}],"replies":[{"embeddable":true,"href":"https:\/\/semmelweis.hu\/kanizsaidorottya\/wp-json\/wp\/v2\/comments?post=14094"}],"version-history":[{"count":12,"href":"https:\/\/semmelweis.hu\/kanizsaidorottya\/wp-json\/wp\/v2\/pages\/14094\/revisions"}],"predecessor-version":[{"id":16749,"href":"https:\/\/semmelweis.hu\/kanizsaidorottya\/wp-json\/wp\/v2\/pages\/14094\/revisions\/16749"}],"wp:attachment":[{"href":"https:\/\/semmelweis.hu\/kanizsaidorottya\/wp-json\/wp\/v2\/media?parent=14094"}],"wp:term":[{"taxonomy":"category","embeddable":true,"href":"https:\/\/semmelweis.hu\/kanizsaidorottya\/wp-json\/wp\/v2\/categories?post=14094"},{"taxonomy":"post_tag","embeddable":true,"href":"https:\/\/semmelweis.hu\/kanizsaidorottya\/wp-json\/wp\/v2\/tags?post=14094"}],"curies":[{"name":"wp","href":"https:\/\/api.w.org\/{rel}","templated":true}]}}