{"id":14086,"date":"2014-10-21T11:14:51","date_gmt":"2014-10-21T09:14:51","guid":{"rendered":"https:\/\/semmelweis.hu\/kanizsaidorottya\/?page_id=14086"},"modified":"2020-07-18T12:08:56","modified_gmt":"2020-07-18T10:08:56","slug":"nevadonkrol","status":"publish","type":"page","link":"https:\/\/semmelweis.hu\/kanizsaidorottya\/iskolankrol\/nevadonkrol\/","title":{"rendered":"N\u00e9vad\u00f3nkr\u00f3l"},"content":{"rendered":"<h2><strong>Kanizsai Dorottya<\/strong><\/h2>\n<p><img decoding=\"async\" class=\"alignleft\" src=\"https:\/\/semmelweis.hu\/kanizsaidorottya\/files\/2020\/07\/kd.jpg\" alt=\"kd\" \/><\/p>\n<p>Ebbe a nagynev\u0171 csal\u00e1dba sz\u00fcletett bele az 1400-as \u00e9vek v\u00e9g\u00e9n Kanizsai Dorottya. A csal\u00e1ddal foglalkoz\u00f3 geneal\u00f3giai munk\u00e1k egyike sem tudta azonban egy\u00e9rtelm\u0171en eld\u00f6nteni, hogy kik voltak a sz\u00fclei, ez\u00e9rt a csal\u00e1df\u00e1b\u00f3l ki is maradt.<br \/>Levelei \u00e9s v\u00e9grendelete szerint val\u00f3sz\u00edn\u0171s\u00edthetj\u00fck, hogy id\u0151sebb Kanizsai L\u00e1szl\u00f3nak a le\u00e1nya volt, aki t\u00fal\u00e9lv\u00e9n h\u00e1rom fiv\u00e9r\u00e9t, azok javainak egy r\u00e9sz\u00e9t \u00f6r\u00f6k\u00f6lte.<\/p>\n<p>Mivel Kanizsai Dorottya fiatalabb kor\u00e1ban m\u00e9g a csal\u00e1di levelez\u00e9s szok\u00e1sa nem j\u00e1rta, ez\u00e9rt nem sok \u00edrott eml\u00e9k maradt r\u00e1nk r\u00f3la.<br \/>De b\u00e1rmelyik \u00edr\u00e1s ejt is sz\u00f3t Dorottya asszonyr\u00f3l, m\u00e9ly tisztelettel teszi ezt, s magasztal\u00f3 nyilatkozatokban nem sz\u0171k\u00f6lk\u00f6dik.<\/p>\n<p>Dorottya el\u0151sz\u00f6r Ger\u00e9b P\u00e9ter n\u00e1dorhoz ment feles\u00e9g\u00fcl, akivel igen-igen boldog \u00e9letet \u00e9lt. Szeretete f\u00e9rje ir\u00e1nt annak hal\u00e1la ut\u00e1n is megmaradt. F\u00e9rje hamvai f\u00f6l\u00e9 k\u00e1poln\u00e1t emeltetett, s m\u00e1rv\u00e1nyt\u00e1bl\u00e1n \u00f6r\u00f6k\u00edtette meg eml\u00e9k\u00e9t. Ezenk\u00edv\u00fcl misealap\u00edtv\u00e1nyokat tett, hogy boldogult f\u00e9rje lelki \u00fcdv\u00e9\u00e9rt \u00e1lland\u00f3an im\u00e1dkozzanak.<br \/>Dorottya asszony j\u00f3maga is gazdag volt, f\u00e9rje hal\u00e1la ut\u00e1n pedig m\u00e9g jobban n\u00f6vekedett vagyona, mert Ger\u00e9b P\u00e9ter n\u00e1dor \u00fagysz\u00f3lv\u00e1n minden\u00e9t szeretett feles\u00e9g\u00e9re hagyta.<\/p>\n<p>Kanizsai Dorottya k\u00e9s\u0151bb a b\u00fcszke \u00e9s hatalmas Per\u00e9nyi Imre n\u00e1dor feles\u00e9ge lett. B\u00e1r nagyban n\u00f6velte Per\u00e9nyi vagyon\u00e1t, m\u00e1sodik h\u00e1zass\u00e1ga nem volt boldognak mondhat\u00f3. B\u00fcszke, indulatos \u00e9s beteges f\u00e9rje valamint mostohafiai sok keser\u0171 \u00f3r\u00e1t szereztek neki.<br \/>Dorottya asszonyt azonban nem hagyta el a b\u00e9ket\u0171r\u00e9s \u00e9s a k\u00f6teless\u00e9g\u00e9rz\u00e9s. H\u00edven \u00e1polta szenved\u0151 ur\u00e1t, aki v\u00e9g\u00fcl 1519 febru\u00e1rj\u00e1ban meghalt.<\/p>\n<p>Per\u00e9nyi oldal\u00e1n Kanizsai Dorotty\u00e1nak ezernyi alkalma ny\u00edlt a szerepl\u00e9sre. Meg is jelent gyakran a kir\u00e1lyi udvarban, s a nagy tisztelet, melyben itt r\u00e9szes\u00edtett\u00e9k, vil\u00e1gosan hirdeti az \u0151 egy\u00e9nis\u00e9g\u00e9nek \u00e9s m\u0171velts\u00e9g\u00e9nek kiv\u00e1l\u00f3 volt\u00e1t. Ezt igazolja az a c\u00edmerad\u00f3 oklev\u00e9l is, amelyet II. Lajos kir\u00e1ly bocs\u00e1tott ki azon c\u00e9llal, hogy Kanizsai Dorottya a Kanizsai c\u00edmert egyes\u00edthesse els\u0151 f\u00e9rje, Ger\u00e9b P\u00e9ter c\u00edmer\u00e9vel.<br \/>Ezen az oklev\u00e9len szerepelnek a k\u00f6vetkez\u0151 sorok: ,,Ez\u00e9rt &#8211; \u00edrja a kir\u00e1ly &#8211; megind\u00edttatva att\u00f3l a szer\u00e9nys\u00e9gt\u0151l \u00e9s \u00e1h\u00edtatt\u00f3l, \u00e1llhatatoss\u00e1gt\u00f3l, \u0151szintes\u00e9gt\u0151l, h\u0171s\u00e9gt\u0151l, vall\u00e1soss\u00e1gt\u00f3l s a legszebb er\u00e9nyek nagy sz\u00e1m\u00e1t\u00f3l, amikkel Kanizsai Dorottya asszony t\u00fcnd\u00f6klik, s amik \u0151t a n\u0151i nem \u00e9kess\u00e9g\u00e9t illet\u0151leg a let\u0171nt id\u0151k nagy alakjaival is \u00f6sszehasonl\u00edthat\u00f3v\u00e1 teszik: megadjuk neki a k\u00e9rt b\u0151v\u00edt\u00e9st.&#8221;<br \/>Kev\u00e9s olyan magyar asszony lehet, akir\u0151l kir\u00e1lyi diploma ennyi magasztal\u00f3t \u00edrna, mint Kanizsai Dorotty\u00e1r\u00f3l.<\/p>\n<p>De vajon melyek azok az er\u00e9nyek, melyek Kanizsai Dorotty\u00e1t a magyar asszonyok \u00f6r\u00f6k\u00f6s \u00e9kess\u00e9g\u00e9v\u00e9 tett\u00e9k?<\/p>\n<p>II. Lajos kir\u00e1ly k\u00fcl\u00f6n\u00f6sen hangs\u00falyozza azt a m\u00e9lys\u00e9ges h\u00e1l\u00e1t \u00e9s kegyeletet, amely Kanizsai Dorottya minden tett\u00e9ben megnyilv\u00e1nul. Nem \u00fcres magasztal\u00e1s ez! Hiszen t\u00f6rt\u00e9neti adatok bizony\u00edtj\u00e1k, hogy Dorottya asszony minden szolg\u00e1latot, minden kapott j\u00f3t sokszorosan igyekezett viszonozni. A n\u00e1la szolg\u00e1l\u00f3 szeg\u00e9ny l\u00e1nyokat kih\u00e1zas\u00edtotta; a nemes ifjakat szolg\u00e1latuk\u00e9rt birtokkal jutalmazta; \u00e9rdemes atyafiainak eml\u00e9ket \u00e1ll\u00edtott, s a javukra misealap\u00edtv\u00e1nyokat tett stb.<\/p>\n<p>De Istent is h\u00edven szolg\u00e1lta. Templomokat \u00e9s k\u00e1poln\u00e1kat \u00e9p\u00edttetett, s azok jav\u00e1ra alap\u00edtv\u00e1nyokat tett. \u0150 maga udvara n\u00e9p\u00e9vel egy\u00fctt dr\u00e1ga egyh\u00e1zi ruh\u00e1kat varrt s h\u00edmezett, s nem csak ezeket aj\u00e1nd\u00e9kozta az egyh\u00e1zaknak, de arany- \u00e9s ez\u00fcsted\u00e9nyeket is.<\/p>\n<p>P\u00e1ratlan b\u0151kez\u0171s\u00e9ge m\u00e1sban is megnyilv\u00e1nult. \u00c9rezte a szenved\u0151k f\u00e1jdalm\u00e1t, s igyekezett a nyomorultakon seg\u00edteni. Az 1525. \u00e9vben \u00edrja Dorottya asszony e sorokat: ,,Tudjuk, hogy Isten a szeg\u00e9nyeknek \u00e9s \u00fcgyefogyottaknak k\u00f6ny\u00f6rg\u00e9s\u00e9t meg szokta hallgatni. Rendelj\u00fck az\u00e9rt, hogy ak\u00e1rhol tudnak szeg\u00e9ny, ruh\u00e1tlan gyermekeket \u00e9s \u00e1rv\u00e1kat, ruh\u00e1zz\u00e1k fel \u0151ket.&#8221;<\/p>\n<p>Amikor Lajos kir\u00e1ly felsorolta Kanizsai Dorottya nagyszer\u0171 lelki tulajdons\u00e1gait, egyetlen sz\u00f3t sem ejtett arr\u00f3l, hogy Dorottya asszony az \u00e1ltal\u00e1nos \u00e9s form\u00e1lis m\u0171velts\u00e9g ter\u00e9n is fel\u00fclm\u00falta kort\u00e1rsn\u0151it.<br \/>A legmagasabb k\u00f6r\u00f6kben, kir\u00e1lyi udvarokban otthonosan mozgott, nyelveket besz\u00e9lt, s a t\u00e1rsadalmi \u00e9rintkez\u00e9sben is mintaszer\u0171 volt. Nem a n\u00e1dorisp\u00e1ni m\u00e9lt\u00f3s\u00e1g emelte \u0151t, de \u0151 adott rangot a n\u00e1dorisp\u00e1ni m\u00e9lt\u00f3s\u00e1gnak. Mint \u00f6zvegyasszony is az orsz\u00e1g els\u0151 asszonya maradt, \u00e9s tekint\u00e9lye, szerepl\u00e9se semmivel sem kisebbedett.<\/p>\n<p>Dorottya asszony ugyan nem foglalkozott politik\u00e1val, de mint az orsz\u00e1g els\u0151 asszony\u00e1t, t\u00f6bb gy\u0171l\u00e9sre \u00e9s tan\u00e1cskoz\u00e1sra megh\u00edvt\u00e1k. Lajos kir\u00e1ly p\u00e9ld\u00e1ul k\u00e9t \u00edzben is megh\u00edvta \u0151t a rendek tan\u00e1cskoz\u00e1s\u00e1ra.<\/p>\n<p>Mindezek vil\u00e1gosan mutatj\u00e1k, milyen nagy hat\u00e1ssal volt kor\u00e1ra Kanizsai Dorottya, milyen p\u00e1ratlan elismer\u00e9st \u00e9s tiszteletet v\u00edvott ki mag\u00e1nak. M\u00e9gsem e miatt \u0151rizte meg az eml\u00e9kezet.<\/p>\n<p>J\u00f3 cselekedeteinek sor\u00e1b\u00f3l kiemelkedik a moh\u00e1csi csata halottainak eltemettet\u00e9se. Az elesettek meg\u00e9rdemelt\u00e9k volna, hogy az eg\u00e9sz nemzet sirassa \u0151ket, de m\u00e9g olyan ember sem akadt, aki a halottakat eltemettette volna. A veszedelmes csatat\u00e9rhez m\u00e9g k\u00f6zel sem ment senki. Amire a f\u00e9rfiak nem mertek v\u00e1llalkozni,azt Kanizsai Dorottya v\u00e9ghezvitte. Nagy p\u00e9nzen n\u00e9gysz\u00e1z embert fogadott, s a halottakat mind eltemettette. A papjaival meg\u00e1ldatta a hanvakat, s a templomaiban mis\u00e9t mondatott az elesett h\u0151s\u00f6k\u00e9rt.<\/p>\n<p>A moh\u00e1csi csata ut\u00e1n m\u00e9g egy nagy feladat h\u00e1rult Kanizsai Dorotty\u00e1ra. \u0150 lett Kanizsai L\u00e1szl\u00f3 k\u00e9t \u00e1rv\u00e1n maradt gyermek\u00e9nek a gy\u00e1mja. \u0150ket a legnagyobb gondal \u00e9s szeretettel nevelte, gondozta \u00e9s \u00f3vta minden bajt\u00f3l, veszedelemt\u0151l. Ha Dorottya asszonynak m\u00e1s \u00e9rdeme nem is volna, akkor is h\u00e1l\u00e1val kellene r\u00e1 eml\u00e9kezn\u00fcnk, mert neki k\u00f6sz\u00f6nhetj\u00fck a 16. sz\u00e1zad egyik legnagyobb magyar asszony\u00e1t: Kanizsai Orsik\u00e1t, N\u00e1dasdy Tam\u00e1snak feledhetetlen h\u00e1zast\u00e1rs\u00e1t.<br \/>Ha Orsika leveleib\u0151l megmutatkoz\u00f3 lelkivil\u00e1g\u00e1t vizsg\u00e1lgatjuk, lehetetlen nem l\u00e1tnunk, hogy jellem\u00e9nek \u00e9s erk\u00f6lcs\u00e9nek legt\u00f6bb von\u00e1sa Kanizsai Dorottya lelk\u00e9nek visszat\u00fckr\u00f6z\u0151d\u00e9se.<\/p>\n<p>\u00d6r\u00f6k k\u00e1r, hogy a nagym\u00falt\u00fa Kanizsai csal\u00e1dnak utols\u00f3, szint\u00e9n nagy rem\u00e9nyekre jogos\u00edt\u00f3 f\u00e9rfisarja, Kanizsai Ferenc \u00e9lte vir\u00e1gj\u00e1ban elhunyt.<\/p>\n<p>Mivel Dorottya asszony az \u00e1rv\u00e1knak nemcsak a nevel\u00e9s\u00e9vel, de nagy kiterjed\u00e9s\u0171 birtokaik korm\u00e1nyz\u00e1s\u00e1val foglalkozott, ugyancsak sok gondot v\u00e1llalt mag\u00e1ra. De \u0151 gy\u0151zte a sok munk\u00e1t \u00e9s a m\u00e9g t\u00f6bb gondot. Eg\u00e9szen 1532-ig, amely \u00e9v ut\u00e1n t\u00f6bb\u00e9 nem siker\u00fcl nev\u00e9vel tal\u00e1lkoznunk egyetlen iratban sem.<\/p>\n<p>Kanizsai Dorotty\u00e1nak az elm\u00fal\u00e1sa is olyan volt, mint az \u00e9lete. Tiszta l\u00e9lekkel, csendben ment el, de maga ut\u00e1n mindent rendben hagyott. Nem sejtette, hogy eg\u00e9sz \u00e9let\u00e9nek munk\u00e1j\u00e1t, templomait \u00e9s alap\u00edt\u00e1sait n\u00e9h\u00e1ny \u00e9v alatt mind elpuszt\u00edtj\u00e1k. Pedig ez hamarosan megt\u00f6rt\u00e9nt. Nev\u00e9t m\u00e9gis meg\u0151rizte az ut\u00f3kor. Mert a moh\u00e1csi nagy temet\u00e9s eml\u00e9ke nem mos\u00f3dott el. E tett\u00e9vel \u00f6nmag\u00e1nak \u00f6r\u00f6k eml\u00e9ket emelt, olyan eml\u00e9ket, amely tov\u00e1bb \u00e9l a leger\u0151sebb gr\u00e1nitk\u0151n\u00e9l.<\/p>\n","protected":false},"excerpt":{"rendered":"<p>Kanizsai Dorottya Ebbe a nagynev\u0171 csal\u00e1dba sz\u00fcletett bele az 1400-as \u00e9vek v\u00e9g\u00e9n Kanizsai Dorottya. A csal\u00e1ddal foglalkoz\u00f3 geneal\u00f3giai munk\u00e1k egyike sem tudta azonban egy\u00e9rtelm\u0171en eld\u00f6nteni, hogy kik voltak a sz\u00fclei, ez\u00e9rt a csal\u00e1df\u00e1b\u00f3l ki is maradt.Levelei \u00e9s v\u00e9grendelete szerint val\u00f3sz\u00edn\u0171s\u00edthetj\u00fck, hogy id\u0151sebb Kanizsai L\u00e1szl\u00f3nak a le\u00e1nya volt, aki t\u00fal\u00e9lv\u00e9n h\u00e1rom fiv\u00e9r\u00e9t, azok javainak egy r\u00e9sz\u00e9t &hellip;<\/p>\n","protected":false},"author":101765,"featured_media":0,"parent":14536,"menu_order":2,"comment_status":"closed","ping_status":"closed","template":"","meta":{"_acf_changed":false,"footnotes":""},"categories":[],"tags":[],"class_list":["post-14086","page","type-page","status-publish","hentry"],"acf":[],"_links":{"self":[{"href":"https:\/\/semmelweis.hu\/kanizsaidorottya\/wp-json\/wp\/v2\/pages\/14086","targetHints":{"allow":["GET"]}}],"collection":[{"href":"https:\/\/semmelweis.hu\/kanizsaidorottya\/wp-json\/wp\/v2\/pages"}],"about":[{"href":"https:\/\/semmelweis.hu\/kanizsaidorottya\/wp-json\/wp\/v2\/types\/page"}],"author":[{"embeddable":true,"href":"https:\/\/semmelweis.hu\/kanizsaidorottya\/wp-json\/wp\/v2\/users\/101765"}],"replies":[{"embeddable":true,"href":"https:\/\/semmelweis.hu\/kanizsaidorottya\/wp-json\/wp\/v2\/comments?post=14086"}],"version-history":[{"count":4,"href":"https:\/\/semmelweis.hu\/kanizsaidorottya\/wp-json\/wp\/v2\/pages\/14086\/revisions"}],"predecessor-version":[{"id":15170,"href":"https:\/\/semmelweis.hu\/kanizsaidorottya\/wp-json\/wp\/v2\/pages\/14086\/revisions\/15170"}],"up":[{"embeddable":true,"href":"https:\/\/semmelweis.hu\/kanizsaidorottya\/wp-json\/wp\/v2\/pages\/14536"}],"wp:attachment":[{"href":"https:\/\/semmelweis.hu\/kanizsaidorottya\/wp-json\/wp\/v2\/media?parent=14086"}],"wp:term":[{"taxonomy":"category","embeddable":true,"href":"https:\/\/semmelweis.hu\/kanizsaidorottya\/wp-json\/wp\/v2\/categories?post=14086"},{"taxonomy":"post_tag","embeddable":true,"href":"https:\/\/semmelweis.hu\/kanizsaidorottya\/wp-json\/wp\/v2\/tags?post=14086"}],"curies":[{"name":"wp","href":"https:\/\/api.w.org\/{rel}","templated":true}]}}