{"id":93800,"date":"2024-10-01T14:35:40","date_gmt":"2024-10-01T12:35:40","guid":{"rendered":"https:\/\/semmelweis.hu\/jogigfoig\/?page_id=93800"},"modified":"2024-10-01T14:35:40","modified_gmt":"2024-10-01T12:35:40","slug":"2024-szeptember-27","status":"publish","type":"page","link":"https:\/\/semmelweis.hu\/jogigfoig\/testuletek\/szenatus\/2024-evi-szenatusi-hatarozatok\/2024-szeptember-27\/","title":{"rendered":"2024. szeptember 27."},"content":{"rendered":"<p style=\"text-align: justify\"><a href=\"https:\/\/semmelweis.hu\/jogigfoig\/files\/2024\/10\/77_2024_SzMSz-modositas.pdf\">A Semmelweis Egyetem\u00a0Szen\u00e1tus\u00e1nak\u00a077\/2024. (IX.27.) sz\u00e1m\u00fa hat\u00e1rozata\u00a0az egyes szab\u00e1lyzatok m\u00f3dos\u00edt\u00e1s\u00e1r\u00f3l<\/a><\/p>\n<p style=\"text-align: justify\"><a href=\"https:\/\/semmelweis.hu\/jogigfoig\/files\/2024\/10\/77_2024_melleklet-1_SzP_II_konyv_Leltarkeszitesi_es_leltarozasi_szabalyzat_.pdf\">A Semmelweis Egyetem\u00a0Szen\u00e1tus\u00e1nak\u00a077\/2024. (IX.27.) sz\u00e1m\u00fa hat\u00e1rozata\u00a0az egyes szab\u00e1lyzatok m\u00f3dos\u00edt\u00e1s\u00e1r\u00f3l &#8211; 1. sz\u00e1m\u00fa mell\u00e9klet<\/a><\/p>\n<p style=\"text-align: justify\"><a href=\"https:\/\/semmelweis.hu\/jogigfoig\/files\/2024\/10\/77_2024_melleklet-2_SZP_III_konyv_Penzkezelesi_szab_1_sz_mell_Penztarak_.pdf\">A Semmelweis Egyetem\u00a0Szen\u00e1tus\u00e1nak\u00a077\/2024. (IX.27.) sz\u00e1m\u00fa hat\u00e1rozata\u00a0az egyes szab\u00e1lyzatok m\u00f3dos\u00edt\u00e1s\u00e1r\u00f3l &#8211; 2. sz\u00e1m\u00fa mell\u00e9klet<\/a><\/p>\n<p style=\"text-align: justify\"><a href=\"https:\/\/semmelweis.hu\/jogigfoig\/files\/2024\/10\/77_2024_melleklet-3_Szerzodeskotesi_szab_5_sz_mell_ellenorzesi_nyomvonal_3_6_ponthoz.pdf\">A Semmelweis Egyetem\u00a0Szen\u00e1tus\u00e1nak\u00a077\/2024. (IX.27.) sz\u00e1m\u00fa hat\u00e1rozata\u00a0az egyes szab\u00e1lyzatok m\u00f3dos\u00edt\u00e1s\u00e1r\u00f3l &#8211; 3. sz\u00e1m\u00fa mell\u00e9klet<\/a><\/p>\n<p style=\"text-align: justify\"><a href=\"https:\/\/semmelweis.hu\/jogigfoig\/files\/2024\/10\/77_2024_melleklet-4_Tarsasagi_portfmenedzs_befektetesi_szab.pdf\">A Semmelweis Egyetem\u00a0Szen\u00e1tus\u00e1nak\u00a077\/2024. (IX.27.) sz\u00e1m\u00fa hat\u00e1rozata\u00a0az egyes szab\u00e1lyzatok m\u00f3dos\u00edt\u00e1s\u00e1r\u00f3l &#8211; 4. sz\u00e1m\u00fa mell\u00e9klet<\/a><\/p>\n","protected":false},"excerpt":{"rendered":"<p><a href=\"https:\/\/semmelweis.hu\/jogigfoig\/files\/2024\/10\/77_2024_SzMSz-modositas.pdf\">A Semmelweis Egyetem\u00a0Szen\u00e1tus\u00e1nak\u00a077\/2024. (IX.27.) sz\u00e1m\u00fa hat\u00e1rozata\u00a0az egyes szab\u00e1lyzatok m\u00f3dos\u00edt\u00e1s\u00e1r\u00f3l<\/a><br \/>\n<a href=\"https:\/\/semmelweis.hu\/jogigfoig\/files\/2024\/10\/77_2024_melleklet-1_SzP_II_konyv_Leltarkeszitesi_es_leltarozasi_szabalyzat_.pdf\">A Semmelweis Egyetem\u00a0Szen\u00e1tus\u00e1nak\u00a077\/2024. (IX.27.) sz\u00e1m\u00fa hat\u00e1rozata\u00a0az egyes szab\u00e1lyzatok m\u00f3dos\u00edt\u00e1s\u00e1r\u00f3l &#8211; 1. sz\u00e1m\u00fa mell\u00e9klet<\/a><br \/>\n<a href=\"https:\/\/semmelweis.hu\/jogigfoig\/files\/2024\/10\/77_2024_melleklet-2_SZP_III_konyv_Penzkezelesi_szab_1_sz_mell_Penztarak_.pdf\">A Semmelweis Egyetem\u00a0Szen\u00e1tus\u00e1nak\u00a077\/2024. (IX.27.) sz\u00e1m\u00fa hat\u00e1rozata\u00a0az egyes szab\u00e1lyzatok m\u00f3dos\u00edt\u00e1s\u00e1r\u00f3l &#8211; 2. sz\u00e1m\u00fa mell\u00e9klet<\/a><br \/>\n<a href=\"https:\/\/semmelweis.hu\/jogigfoig\/files\/2024\/10\/77_2024_melleklet-3_Szerzodeskotesi_szab_5_sz_mell_ellenorzesi_nyomvonal_3_6_ponthoz.pdf\">A Semmelweis Egyetem\u00a0Szen\u00e1tus\u00e1nak\u00a077\/2024. (IX.27.) sz\u00e1m\u00fa hat\u00e1rozata\u00a0az egyes szab\u00e1lyzatok m\u00f3dos\u00edt\u00e1s\u00e1r\u00f3l &#8211; 3. sz\u00e1m\u00fa mell\u00e9klet<\/a><br \/>\n<a href=\"https:\/\/semmelweis.hu\/jogigfoig\/files\/2024\/10\/77_2024_melleklet-4_Tarsasagi_portfmenedzs_befektetesi_szab.pdf\">A Semmelweis Egyetem\u00a0Szen\u00e1tus\u00e1nak\u00a077\/2024. (IX.27.) sz\u00e1m\u00fa hat\u00e1rozata\u00a0az egyes szab\u00e1lyzatok m\u00f3dos\u00edt\u00e1s\u00e1r\u00f3l &#8211; 4. sz\u00e1m\u00fa mell\u00e9klet<\/a><\/p>\n","protected":false},"author":101467,"featured_media":0,"parent":89297,"menu_order":9,"comment_status":"closed","ping_status":"closed","template":"","meta":{"_acf_changed":false,"footnotes":""},"categories":[],"tags":[],"class_list":["post-93800","page","type-page","status-publish","hentry"],"acf":[],"_links":{"self":[{"href":"https:\/\/semmelweis.hu\/jogigfoig\/wp-json\/wp\/v2\/pages\/93800","targetHints":{"allow":["GET"]}}],"collection":[{"href":"https:\/\/semmelweis.hu\/jogigfoig\/wp-json\/wp\/v2\/pages"}],"about":[{"href":"https:\/\/semmelweis.hu\/jogigfoig\/wp-json\/wp\/v2\/types\/page"}],"author":[{"embeddable":true,"href":"https:\/\/semmelweis.hu\/jogigfoig\/wp-json\/wp\/v2\/users\/101467"}],"replies":[{"embeddable":true,"href":"https:\/\/semmelweis.hu\/jogigfoig\/wp-json\/wp\/v2\/comments?post=93800"}],"version-history":[{"count":1,"href":"https:\/\/semmelweis.hu\/jogigfoig\/wp-json\/wp\/v2\/pages\/93800\/revisions"}],"predecessor-version":[{"id":93806,"href":"https:\/\/semmelweis.hu\/jogigfoig\/wp-json\/wp\/v2\/pages\/93800\/revisions\/93806"}],"up":[{"embeddable":true,"href":"https:\/\/semmelweis.hu\/jogigfoig\/wp-json\/wp\/v2\/pages\/89297"}],"wp:attachment":[{"href":"https:\/\/semmelweis.hu\/jogigfoig\/wp-json\/wp\/v2\/media?parent=93800"}],"wp:term":[{"taxonomy":"category","embeddable":true,"href":"https:\/\/semmelweis.hu\/jogigfoig\/wp-json\/wp\/v2\/categories?post=93800"},{"taxonomy":"post_tag","embeddable":true,"href":"https:\/\/semmelweis.hu\/jogigfoig\/wp-json\/wp\/v2\/tags?post=93800"}],"curies":[{"name":"wp","href":"https:\/\/api.w.org\/{rel}","templated":true}]}}