{"id":93573,"date":"2024-09-16T15:20:28","date_gmt":"2024-09-16T13:20:28","guid":{"rendered":"https:\/\/semmelweis.hu\/jogigfoig\/?page_id=93573"},"modified":"2025-10-15T11:27:48","modified_gmt":"2025-10-15T09:27:48","slug":"klinikai-kozpont-szervezeti-ugyrendje","status":"publish","type":"page","link":"https:\/\/semmelweis.hu\/jogigfoig\/dokumentumtar\/szabalyzattar-archivum\/klinikai-kozpont-szervezeti-ugyrendje\/","title":{"rendered":"Klinikai K\u00f6zpont Szervezeti \u00dcgyrendje (Arch\u00edvum)"},"content":{"rendered":"<ul>\n<li><a href=\"https:\/\/semmelweis.hu\/jogigfoig\/files\/2024\/06\/Klinikai_Kozpont_ugyrendje_hataly_2024_05_01.pdf\">2024. m\u00e1jus 1 &#8211; 2024. j\u00falius 5.<\/a><\/li>\n<li><a href=\"https:\/\/semmelweis.hu\/jogigfoig\/files\/2024\/09\/KK_Ugyrend_hataly_2024_07_06_veglegesalirt_fedlappal.pdf\">2024. j\u00falius 6 &#8211; 2024. december 19.<\/a><\/li>\n<li><a href=\"https:\/\/semmelweis.hu\/jogigfoig\/files\/2025\/02\/Klinikai_Kozpont_Szervezeti_ugyrend_hataly_2024_12_20_1-24-mell_egyben.pdf\">2024. december 20 &#8211; 2025. febru\u00e1r 28.<\/a><\/li>\n<li><a href=\"https:\/\/semmelweis.hu\/jogigfoig\/files\/2025\/09\/KK_Ugyrend_fedlap_mell_egyben_2025_03_01.pdf\" target=\"_blank\" rel=\"noopener\">2025. m\u00e1rcius 01 &#8211; 2025. augusztus 31.<\/a><\/li>\n<\/ul>\n","protected":false},"excerpt":{"rendered":"<p><a href=\"https:\/\/semmelweis.hu\/jogigfoig\/files\/2024\/06\/Klinikai_Kozpont_ugyrendje_hataly_2024_05_01.pdf\">2024. m\u00e1jus 1 &#8211; 2024. j\u00falius 5.<\/a><br \/>\n<a href=\"https:\/\/semmelweis.hu\/jogigfoig\/files\/2024\/09\/KK_Ugyrend_hataly_2024_07_06_veglegesalirt_fedlappal.pdf\">2024. j\u00falius 6 &#8211; 2024. december 19.<\/a><br \/>\n<a href=\"https:\/\/semmelweis.hu\/jogigfoig\/files\/2025\/02\/Klinikai_Kozpont_Szervezeti_ugyrend_hataly_2024_12_20_1-24-mell_egyben.pdf\">2024. december 20 &#8211; 2025. febru\u00e1r 28.<\/a><br \/>\n<a href=\"https:\/\/semmelweis.hu\/jogigfoig\/files\/2025\/09\/KK_Ugyrend_fedlap_mell_egyben_2025_03_01.pdf\" target=\"_blank\" rel=\"noopener\">2025. m\u00e1rcius 01 &#8211; 2025. augusztus 31.<\/a><\/p>\n","protected":false},"author":101467,"featured_media":0,"parent":362,"menu_order":0,"comment_status":"closed","ping_status":"closed","template":"","meta":{"_acf_changed":false,"footnotes":""},"categories":[],"tags":[],"class_list":["post-93573","page","type-page","status-publish","hentry"],"acf":[],"_links":{"self":[{"href":"https:\/\/semmelweis.hu\/jogigfoig\/wp-json\/wp\/v2\/pages\/93573","targetHints":{"allow":["GET"]}}],"collection":[{"href":"https:\/\/semmelweis.hu\/jogigfoig\/wp-json\/wp\/v2\/pages"}],"about":[{"href":"https:\/\/semmelweis.hu\/jogigfoig\/wp-json\/wp\/v2\/types\/page"}],"author":[{"embeddable":true,"href":"https:\/\/semmelweis.hu\/jogigfoig\/wp-json\/wp\/v2\/users\/101467"}],"replies":[{"embeddable":true,"href":"https:\/\/semmelweis.hu\/jogigfoig\/wp-json\/wp\/v2\/comments?post=93573"}],"version-history":[{"count":7,"href":"https:\/\/semmelweis.hu\/jogigfoig\/wp-json\/wp\/v2\/pages\/93573\/revisions"}],"predecessor-version":[{"id":102127,"href":"https:\/\/semmelweis.hu\/jogigfoig\/wp-json\/wp\/v2\/pages\/93573\/revisions\/102127"}],"up":[{"embeddable":true,"href":"https:\/\/semmelweis.hu\/jogigfoig\/wp-json\/wp\/v2\/pages\/362"}],"wp:attachment":[{"href":"https:\/\/semmelweis.hu\/jogigfoig\/wp-json\/wp\/v2\/media?parent=93573"}],"wp:term":[{"taxonomy":"category","embeddable":true,"href":"https:\/\/semmelweis.hu\/jogigfoig\/wp-json\/wp\/v2\/categories?post=93573"},{"taxonomy":"post_tag","embeddable":true,"href":"https:\/\/semmelweis.hu\/jogigfoig\/wp-json\/wp\/v2\/tags?post=93573"}],"curies":[{"name":"wp","href":"https:\/\/api.w.org\/{rel}","templated":true}]}}