{"id":9287,"date":"2017-10-03T14:07:04","date_gmt":"2017-10-03T12:07:04","guid":{"rendered":"http:\/\/semmelweis.hu\/jogigfoig\/?page_id=9287"},"modified":"2020-02-11T11:04:46","modified_gmt":"2020-02-11T10:04:46","slug":"2017-szeptember-28","status":"publish","type":"page","link":"https:\/\/semmelweis.hu\/jogigfoig\/testuletek\/szenatus\/2017-evi-szenatusi-hatarozatok\/2017-szeptember-28\/","title":{"rendered":"2017. szeptember 28."},"content":{"rendered":"<ul>\n<li style=\"text-align: justify\"><a href=\"https:\/\/semmelweis.hu\/jogigfoig\/files\/2017\/10\/97_2017.pdf\">97\/2017. (IX.28.) sz\u00e1m\u00fa hat\u00e1rozata a Szen\u00e1tus 2017. \u00e9v II. f\u00e9l\u00e9vi (\u0151szi szemeszter) \u00fcl\u00e9s- \u00e9s munkaterv\u00e9nek elfogad\u00e1s\u00e1r\u00f3l<\/a><\/li>\n<li style=\"text-align: justify\"><a href=\"https:\/\/semmelweis.hu\/jogigfoig\/files\/2017\/10\/98_2017.pdf\">98\/2017. (IX.28.) sz\u00e1m\u00fa hat\u00e1rozata a \u201eT\u00e1j\u00e9koztat\u00f3 a Semmelweis Egyetem 2017. 1-6. havi gazd\u00e1lkod\u00e1s\u00e1r\u00f3l\u201d c\u00edm\u0171 el\u0151terjeszt\u00e9s elfogad\u00e1s\u00e1r\u00f3l<\/a><\/li>\n<li style=\"text-align: justify\"><a href=\"https:\/\/semmelweis.hu\/jogigfoig\/files\/2017\/10\/99_2017.pdf\">99\/2017. (IX.28.) sz\u00e1m\u00fa hat\u00e1rozata a 2017. \u00c9VI VEZET\u0150I K\u00d6LTS\u00c9GVET\u00c9S kieg\u00e9sz\u00edt\u00e9se c\u00edm\u0171 el\u0151terjeszt\u00e9s elfogad\u00e1s\u00e1r\u00f3l<\/a><\/li>\n<li style=\"text-align: justify\"><a href=\"https:\/\/semmelweis.hu\/jogigfoig\/files\/2017\/10\/100_2017.pdf\">100\/2017. (IX.28.) sz\u00e1m\u00fa hat\u00e1rozata a Pet\u0151 Andr\u00e1s Kar m\u0171k\u00f6d\u00e9s\u00e9vel \u00f6sszef\u00fcgg\u0151 \u00e9s az integr\u00e1ci\u00f3b\u00f3l fakad\u00f3 egyes k\u00e9rd\u00e9sekr\u0151l<\/a><\/li>\n<li style=\"text-align: justify\"><a href=\"https:\/\/semmelweis.hu\/jogigfoig\/files\/2017\/10\/101_2017.pdf\">101\/2017 (IX.28.) sz\u00e1m\u00fa hat\u00e1rozata a Szervezeti \u00e9s M\u0171k\u00f6d\u00e9si Szab\u00e1lyzat egyes rendelkez\u00e9seinek m\u00f3dos\u00edt\u00e1s\u00e1r\u00f3l c\u00edm\u0171 el\u0151terjeszt\u00e9s elfogad\u00e1s\u00e1r\u00f3l<\/a><\/li>\n<li style=\"text-align: justify\"><a href=\"https:\/\/semmelweis.hu\/jogigfoig\/files\/2017\/10\/102_2017.pdf\">102\/2017. (IX.28.) sz\u00e1m\u00fa hat\u00e1rozata Semmelweis Egyetem Doktori Iskola elnevez\u00e9s\u00e9nek m\u00f3dos\u00edt\u00e1s\u00e1r\u00f3l<\/a><\/li>\n<li style=\"text-align: justify\"><a href=\"https:\/\/semmelweis.hu\/jogigfoig\/files\/2017\/10\/103_2017.pdf\">103\/2017. (IX.28.) sz\u00e1m\u00fa hat\u00e1rozata az Elm\u00e9leti Orvostudom\u00e1nyok Doktori Iskol\u00e1ban kiadhat\u00f3 fokozatok tudom\u00e1ny\u00e1g\u00e1nak m\u00f3dos\u00edt\u00e1s\u00e1r\u00f3l, az Elm\u00e9leti Orvostudom\u00e1nyok Doktori Iskola elnevez\u00e9s\u00e9nek m\u00f3dos\u00edt\u00e1s\u00e1r\u00f3l \u00e9s a doktori k\u00e9pz\u00e9s szab\u00e1lyai, tov\u00e1bb\u00e1 a 2016. szeptember 1. napj\u00e1t k\u00f6vet\u0151en megkezdett doktori k\u00e9pz\u00e9s \u00e9s fokozatszerz\u00e9si elj\u00e1r\u00e1s szab\u00e1lyai egyes mell\u00e9kleteinek m\u00f3dos\u00edt\u00e1s\u00e1r\u00f3l<\/a><\/li>\n<li style=\"text-align: justify\"><a href=\"https:\/\/semmelweis.hu\/jogigfoig\/files\/2017\/10\/104_2017.pdf\">104\/2017. (IX.28.) sz\u00e1m\u00fa hat\u00e1rozata a YES &#8211; Your Education Service Oktat\u00e1sszervez\u0151 \u00e9s Tan\u00e1csad\u00f3 Korl\u00e1tolt Felel\u0151ss\u00e9g\u0171 T\u00e1rsas\u00e1gban t\u00f6rt\u00e9n\u0151 100 %-os r\u00e9szesed\u00e9s szerz\u00e9sr\u0151l sz\u00f3l\u00f3 el\u0151terjeszt\u00e9s elfogad\u00e1s\u00e1r\u00f3l<\/a><\/li>\n<li style=\"text-align: justify\"><a href=\"https:\/\/semmelweis.hu\/jogigfoig\/files\/2017\/10\/105_2017.pdf\">105\/2017. (IX.28.) sz\u00e1m\u00fa hat\u00e1rozata a Sz\u00edvseb\u00e9szeti Tansz\u00e9k tansz\u00e9kvezet\u0151i megb\u00edz\u00e1s\u00e1ra be\u00e9rkezett p\u00e1ly\u00e1zatok v\u00e9lem\u00e9nyez\u00e9s\u00e9hez<\/a><\/li>\n<li style=\"text-align: justify\"><a href=\"https:\/\/semmelweis.hu\/jogigfoig\/files\/2017\/10\/106_2017.pdf\">106\/2017. (IX.28.) sz\u00e1m\u00fa hat\u00e1rozata az Eg\u00e9szs\u00e9gtudom\u00e1nyi Kar Dietetikai \u00e9s T\u00e1pl\u00e1lkoz\u00e1studom\u00e1nyi Tansz\u00e9ken meghirdetett egyetemi docensi \u00e1ll\u00e1shely\u00e9re be\u00e9rkezett p\u00e1ly\u00e1zat v\u00e9lem\u00e9nyez\u00e9s\u00e9r\u0151l<\/a><\/li>\n<li style=\"text-align: justify\"><a href=\"https:\/\/semmelweis.hu\/jogigfoig\/files\/2017\/10\/107_2017.pdf\">107\/2017. (IX.28.) sz\u00e1m\u00fa hat\u00e1rozata az Eg\u00e9szs\u00e9gtudom\u00e1nyi Kar Sz\u00fcl\u00e9szeti \u00e9s N\u0151gy\u00f3gy\u00e1szati Klinikai Ismeretek Tansz\u00e9k tansz\u00e9kvezet\u0151i megb\u00edz\u00e1s\u00e1ra be\u00e9rkezett p\u00e1ly\u00e1zat v\u00e9lem\u00e9nyez\u00e9s\u00e9r\u0151l<\/a><\/li>\n<li style=\"text-align: justify\"><a href=\"https:\/\/semmelweis.hu\/jogigfoig\/files\/2017\/10\/108_2017.pdf\">108\/2017. (IX.28.) sz\u00e1m\u00fa hat\u00e1rozata az Egyetemi Tudom\u00e1nyos Tan\u00e1cs \u00fcgyrendje m\u00f3dos\u00edt\u00e1s\u00e1r\u00f3l<\/a><\/li>\n<li style=\"text-align: justify\"><a href=\"https:\/\/semmelweis.hu\/jogigfoig\/files\/2017\/10\/109_2017.pdf\">109\/2017. (IX.28.) sz\u00e1m\u00fa hat\u00e1rozata a Semmelweis Tudom\u00e1nyos \u00e9s Innov\u00e1ci\u00f3s Alap 2017. \u00e9vi programstrat\u00e9gi\u00e1j\u00e1ban szerepl\u0151, egyes jogc\u00edmek k\u00f6z\u00f6tti \u2212 a HCEMM-projekt \u00fctemterv\u00e9nek m\u00f3dos\u00edt\u00e1s\u00e1b\u00f3l fakad\u00f3 \u2212 forr\u00e1s-\u00e1tcsoportos\u00edt\u00e1ssal kapcsolatos t\u00e1j\u00e9koztat\u00e1sr\u00f3l<\/a><\/li>\n<li style=\"text-align: justify\"><a href=\"https:\/\/semmelweis.hu\/jogigfoig\/files\/2017\/10\/110_2017.pdf\">110\/2017. (IX.28.) sz\u00e1m\u00fa hat\u00e1rozata az \u00e1pol\u00e1s mesterk\u00e9pz\u00e9si szak specializ\u00e1ci\u00f3inak nyilv\u00e1ntart\u00e1sba v\u00e9tel\u00e9r\u0151l<\/a><\/li>\n<li style=\"text-align: justify\"><a href=\"https:\/\/semmelweis.hu\/jogigfoig\/files\/2017\/10\/N_IX_28_2017.pdf\">N-IX. 28.\/2017. sz\u00e1m\u00fa hat\u00e1rozata a szen\u00e1tusi \u00fcl\u00e9s m\u00f3dos\u00edtott napirendi pontjainak elfogad\u00e1s\u00e1r\u00f3l<\/a><\/li>\n<\/ul>\n","protected":false},"excerpt":{"rendered":"<p><a href=\"https:\/\/semmelweis.hu\/jogigfoig\/files\/2017\/10\/97_2017.pdf\">97\/2017. (IX.28.) sz\u00e1m\u00fa hat\u00e1rozata a Szen\u00e1tus 2017. \u00e9v II. f\u00e9l\u00e9vi (\u0151szi szemeszter) \u00fcl\u00e9s- \u00e9s munkaterv\u00e9nek elfogad\u00e1s\u00e1r\u00f3l<\/a><br \/>\n<a href=\"https:\/\/semmelweis.hu\/jogigfoig\/files\/2017\/10\/98_2017.pdf\">98\/2017. (IX.28.) sz\u00e1m\u00fa hat\u00e1rozata a \u201eT\u00e1j\u00e9koztat\u00f3 a Semmelweis Egyetem 2017. 1-6. havi gazd\u00e1lkod\u00e1s\u00e1r\u00f3l\u201d c\u00edm\u0171 el\u0151terjeszt\u00e9s elfogad\u00e1s\u00e1r\u00f3l<\/a><br \/>\n<a href=\"https:\/\/semmelweis.hu\/jogigfoig\/files\/2017\/10\/99_2017.pdf\">99\/2017. (IX.28.) sz\u00e1m\u00fa hat\u00e1rozata a 2017. \u00c9VI VEZET\u0150I K\u00d6LTS\u00c9GVET\u00c9S kieg\u00e9sz\u00edt\u00e9se c\u00edm\u0171 el\u0151terjeszt\u00e9s elfogad\u00e1s\u00e1r\u00f3l<\/a><br \/>\n<a href=\"https:\/\/semmelweis.hu\/jogigfoig\/files\/2017\/10\/100_2017.pdf\">100\/2017. (IX.28.) sz\u00e1m\u00fa hat\u00e1rozata a Pet\u0151 Andr\u00e1s Kar m\u0171k\u00f6d\u00e9s\u00e9vel \u00f6sszef\u00fcgg\u0151 \u00e9s az integr\u00e1ci\u00f3b\u00f3l fakad\u00f3 egyes k\u00e9rd\u00e9sekr\u0151l<\/a><br \/>\n<a href=\"https:\/\/semmelweis.hu\/jogigfoig\/files\/2017\/10\/101_2017.pdf\">101\/2017 (IX.28.) sz\u00e1m\u00fa hat\u00e1rozata a Szervezeti \u00e9s M\u0171k\u00f6d\u00e9si Szab\u00e1lyzat egyes rendelkez\u00e9seinek m\u00f3dos\u00edt\u00e1s\u00e1r\u00f3l c\u00edm\u0171 el\u0151terjeszt\u00e9s elfogad\u00e1s\u00e1r\u00f3l<\/a><br \/>\n<a href=\"https:\/\/semmelweis.hu\/jogigfoig\/files\/2017\/10\/102_2017.pdf\">102\/2017. (IX.28.) sz\u00e1m\u00fa hat\u00e1rozata Semmelweis Egyetem Doktori Iskola elnevez\u00e9s\u00e9nek m\u00f3dos\u00edt\u00e1s\u00e1r\u00f3l<\/a><br \/>\n<a href=\"https:\/\/semmelweis.hu\/jogigfoig\/files\/2017\/10\/103_2017.pdf\">103\/2017. (IX.28.) sz\u00e1m\u00fa hat\u00e1rozata az Elm\u00e9leti Orvostudom\u00e1nyok Doktori Iskol\u00e1ban kiadhat\u00f3 fokozatok tudom\u00e1ny\u00e1g\u00e1nak m\u00f3dos\u00edt\u00e1s\u00e1r\u00f3l, az Elm\u00e9leti Orvostudom\u00e1nyok Doktori Iskola elnevez\u00e9s\u00e9nek m\u00f3dos\u00edt\u00e1s\u00e1r\u00f3l \u00e9s a doktori k\u00e9pz\u00e9s szab\u00e1lyai, tov\u00e1bb\u00e1 a 2016. szeptember 1. napj\u00e1t k\u00f6vet\u0151en megkezdett doktori k\u00e9pz\u00e9s \u00e9s fokozatszerz\u00e9si elj\u00e1r\u00e1s szab\u00e1lyai egyes mell\u00e9kleteinek m\u00f3dos\u00edt\u00e1s\u00e1r\u00f3l<\/a><br \/>\n<a href=\"https:\/\/semmelweis.hu\/jogigfoig\/files\/2017\/10\/104_2017.pdf\">104\/2017. (IX.28.) sz\u00e1m\u00fa hat\u00e1rozata a YES &#8211; Your Education Service Oktat\u00e1sszervez\u0151 \u00e9s Tan\u00e1csad\u00f3 Korl\u00e1tolt Felel\u0151ss\u00e9g\u0171 T\u00e1rsas\u00e1gban t\u00f6rt\u00e9n\u0151 100 %-os r\u00e9szesed\u00e9s szerz\u00e9sr\u0151l sz\u00f3l\u00f3 el\u0151terjeszt\u00e9s elfogad\u00e1s\u00e1r\u00f3l<\/a><br \/>\n<a href=\"https:\/\/semmelweis.hu\/jogigfoig\/files\/2017\/10\/105_2017.pdf\">105\/2017. (IX.28.) sz\u00e1m\u00fa hat\u00e1rozata a Sz\u00edvseb\u00e9szeti Tansz\u00e9k tansz\u00e9kvezet\u0151i megb\u00edz\u00e1s\u00e1ra be\u00e9rkezett p\u00e1ly\u00e1zatok v\u00e9lem\u00e9nyez\u00e9s\u00e9hez<\/a><br \/>\n<a href=\"https:\/\/semmelweis.hu\/jogigfoig\/files\/2017\/10\/106_2017.pdf\">106\/2017. (IX.28.) sz\u00e1m\u00fa hat\u00e1rozata az Eg\u00e9szs\u00e9gtudom\u00e1nyi Kar Dietetikai \u00e9s T\u00e1pl\u00e1lkoz\u00e1studom\u00e1nyi Tansz\u00e9ken meghirdetett egyetemi docensi \u00e1ll\u00e1shely\u00e9re be\u00e9rkezett p\u00e1ly\u00e1zat v\u00e9lem\u00e9nyez\u00e9s\u00e9r\u0151l<\/a><br \/>\n<a href=\"https:\/\/semmelweis.hu\/jogigfoig\/files\/2017\/10\/107_2017.pdf\">107\/2017. (IX.28.) sz\u00e1m\u00fa hat\u00e1rozata az Eg\u00e9szs\u00e9gtudom\u00e1nyi Kar Sz\u00fcl\u00e9szeti \u00e9s N\u0151gy\u00f3gy\u00e1szati Klinikai Ismeretek Tansz\u00e9k tansz\u00e9kvezet\u0151i megb\u00edz\u00e1s\u00e1ra be\u00e9rkezett p\u00e1ly\u00e1zat v\u00e9lem\u00e9nyez\u00e9s\u00e9r\u0151l<\/a><br \/>\n<a href=\"https:\/\/semmelweis.hu\/jogigfoig\/files\/2017\/10\/108_2017.pdf\">108\/2017. (IX.28.) sz\u00e1m\u00fa hat\u00e1rozata az Egyetemi Tudom\u00e1nyos Tan\u00e1cs \u00fcgyrendje m\u00f3dos\u00edt\u00e1s\u00e1r\u00f3l<\/a><br \/>\n<a href=\"https:\/\/semmelweis.hu\/jogigfoig\/files\/2017\/10\/109_2017.pdf\">109\/2017. (IX.28.) sz\u00e1m\u00fa hat\u00e1rozata a Semmelweis Tudom\u00e1nyos \u00e9s Innov\u00e1ci\u00f3s Alap 2017. \u00e9vi programstrat\u00e9gi\u00e1j\u00e1ban szerepl\u0151, egyes jogc\u00edmek k\u00f6z\u00f6tti \u2212 a HCEMM-projekt \u00fctemterv\u00e9nek m\u00f3dos\u00edt\u00e1s\u00e1b\u00f3l fakad\u00f3 \u2212 forr\u00e1s-\u00e1tcsoportos\u00edt\u00e1ssal kapcsolatos t\u00e1j\u00e9koztat\u00e1sr\u00f3l<\/a><br \/>\n<a href=\"https:\/\/semmelweis.hu\/jogigfoig\/files\/2017\/10\/110_2017.pdf\">110\/2017. (IX.28.) sz\u00e1m\u00fa hat\u00e1rozata az \u00e1pol\u00e1s mesterk\u00e9pz\u00e9si szak specializ\u00e1ci\u00f3inak nyilv\u00e1ntart\u00e1sba v\u00e9tel\u00e9r\u0151l<\/a><br \/>\n<a href=\"https:\/\/semmelweis.hu\/jogigfoig\/files\/2017\/10\/N_IX_28_2017.pdf\">N-IX. 28.\/2017. sz\u00e1m\u00fa hat\u00e1rozata a szen\u00e1tusi \u00fcl\u00e9s m\u00f3dos\u00edtott napirendi pontjainak elfogad\u00e1s\u00e1r\u00f3l<\/a><\/p>\n","protected":false},"author":101117,"featured_media":0,"parent":7832,"menu_order":13,"comment_status":"closed","ping_status":"closed","template":"","meta":{"_acf_changed":false,"footnotes":""},"categories":[],"tags":[],"class_list":["post-9287","page","type-page","status-publish","hentry"],"acf":[],"_links":{"self":[{"href":"https:\/\/semmelweis.hu\/jogigfoig\/wp-json\/wp\/v2\/pages\/9287","targetHints":{"allow":["GET"]}}],"collection":[{"href":"https:\/\/semmelweis.hu\/jogigfoig\/wp-json\/wp\/v2\/pages"}],"about":[{"href":"https:\/\/semmelweis.hu\/jogigfoig\/wp-json\/wp\/v2\/types\/page"}],"author":[{"embeddable":true,"href":"https:\/\/semmelweis.hu\/jogigfoig\/wp-json\/wp\/v2\/users\/101117"}],"replies":[{"embeddable":true,"href":"https:\/\/semmelweis.hu\/jogigfoig\/wp-json\/wp\/v2\/comments?post=9287"}],"version-history":[{"count":3,"href":"https:\/\/semmelweis.hu\/jogigfoig\/wp-json\/wp\/v2\/pages\/9287\/revisions"}],"predecessor-version":[{"id":9312,"href":"https:\/\/semmelweis.hu\/jogigfoig\/wp-json\/wp\/v2\/pages\/9287\/revisions\/9312"}],"up":[{"embeddable":true,"href":"https:\/\/semmelweis.hu\/jogigfoig\/wp-json\/wp\/v2\/pages\/7832"}],"wp:attachment":[{"href":"https:\/\/semmelweis.hu\/jogigfoig\/wp-json\/wp\/v2\/media?parent=9287"}],"wp:term":[{"taxonomy":"category","embeddable":true,"href":"https:\/\/semmelweis.hu\/jogigfoig\/wp-json\/wp\/v2\/categories?post=9287"},{"taxonomy":"post_tag","embeddable":true,"href":"https:\/\/semmelweis.hu\/jogigfoig\/wp-json\/wp\/v2\/tags?post=9287"}],"curies":[{"name":"wp","href":"https:\/\/api.w.org\/{rel}","templated":true}]}}