{"id":88878,"date":"2024-01-09T09:12:52","date_gmt":"2024-01-09T08:12:52","guid":{"rendered":"https:\/\/semmelweis.hu\/jogigfoig\/?page_id=88878"},"modified":"2026-03-02T15:27:36","modified_gmt":"2026-03-02T14:27:36","slug":"egeszsegugyi-teritesi-dij-szabalyzat-archivum","status":"publish","type":"page","link":"https:\/\/semmelweis.hu\/jogigfoig\/dokumentumtar\/szabalyzattar-archivum\/egeszsegugyi-teritesi-dij-szabalyzat-archivum\/","title":{"rendered":"Eg\u00e9szs\u00e9g\u00fcgyi t\u00e9r\u00edt\u00e9si- \u00e9s d\u00edjszab\u00e1lyzat (Arch\u00edvum)"},"content":{"rendered":"<div class=\"responsive-tabs\">\n<h2 class=\"tabtitle\">Szab\u00e1lyzat arch\u00edv v\u00e1ltozatai<\/h2>\n<div class=\"tabcontent\">\n\n<ul>\n<li><a href=\"https:\/\/semmelweis.hu\/jogigfoig\/files\/2022\/05\/Egeszsegugyi_teritesi_dij_szabalyzat_hataly_2022_V_21.pdf\">2023. december 20-ig<\/a><\/li>\n<li><a href=\"https:\/\/semmelweis.hu\/jogigfoig\/files\/2023\/12\/Egeszsegugyi_teritesi_dij_szabalyzat_hataly_2023.XII_.21.pdf\">2023. december 21 &#8211; 2024. okt\u00f3ber 31.<\/a><\/li>\n<li><a href=\"https:\/\/semmelweis.hu\/jogigfoig\/files\/2024\/10\/Egeszsegugyi_teritesi_dij_szabalyzat_hataly_2024.XI_.01-tol.pdf\">2024. november 1 &#8211; 2024. december 19.<\/a><\/li>\n<li><a href=\"https:\/\/semmelweis.hu\/jogigfoig\/files\/2025\/01\/Egeszsegugyi_teritesi-_es_dijszabalyzat_hataly_2024_12_20.pdf\">2024. december 20 &#8211; 2025. \u00e1prilis 15.<\/a>\n<ul>\n<li><a href=\"https:\/\/semmelweis.hu\/jogigfoig\/files\/2025\/03\/Semmelweis-Egyetem-ETDSZ-6.-szamu-melleklet_2025.03.13.pdf\">6. sz\u00e1m\u00fa mell\u00e9klet: K\u00fcl\u00f6n jogszab\u00e1lyban \u00f6sszegszer\u0171en meghat\u00e1rozott t\u00e9r\u00edt\u00e9si d\u00edjjal b\u00edr\u00f3 \u2013 szolg\u00e1ltat\u00e1sok, hotelszolg\u00e1ltat\u00e1sok \u00e9s egy\u00e9b k\u00e9nyelmi szolg\u00e1ltat\u00e1sok t\u00e9r\u00edt\u00e9si d\u00edjai<\/a><\/li>\n<li><a href=\"https:\/\/semmelweis.hu\/jogigfoig\/files\/2025\/01\/Semmelweis-Egyetem-ETDSZ-7.-szamu-melleklet_2024_1220.pdf\">7. sz\u00e1m\u00fa mell\u00e9klet: K\u00f6z\u00f6ss\u00e9gi jog, nemzetk\u00f6zi szerz\u0151d\u00e9s, biztos\u00edt\u00e1si jogviszony alapj\u00e1n ny\u00fajthat\u00f3 ell\u00e1t\u00e1sok<\/a><\/li>\n<li><a href=\"https:\/\/semmelweis.hu\/jogigfoig\/files\/2025\/01\/Semmelweis-Egyetem-ETDSZ-8.-szamu-melleklet_2024_1220.pdf\">8. sz\u00e1m\u00fa mell\u00e9klet: Jogszab\u00e1lyok<\/a><\/li>\n<li><a href=\"https:\/\/semmelweis.hu\/jogigfoig\/files\/2025\/01\/Semmelweis-Egyetem-ETDSZ-9_10.-szamu-melleklet_2024_1220.xlsx\">9. sz\u00e1m\u00fa mell\u00e9klet: Az akut betegell\u00e1t\u00e1s \u00e9s azzal kapcsolatos adminisztrat\u00edv folyamat ellen\u0151rz\u00e9si nyomvonala<\/a><\/li>\n<li><a href=\"https:\/\/semmelweis.hu\/jogigfoig\/files\/2025\/01\/Semmelweis-Egyetem-ETDSZ-9_10.-szamu-melleklet_2024_1220.xlsx\">10. sz\u00e1m\u00fa mell\u00e9klet: A tervezett betegell\u00e1t\u00e1s \u00e9s azzal kapcsolatos adminisztrat\u00edv folyamat ellen\u0151rz\u00e9si nyomvonala<\/a><\/li>\n<\/ul>\n<\/li>\n<li>2025. \u00e1prilis 16 &#8211; 2025. augusztus 31.\n<ul>\n<li><a href=\"https:\/\/semmelweis.hu\/jogigfoig\/files\/2025\/02\/1.-szamu-melleklet_Jarobeteg-ellatas-teritesi-dijai_20250203.pdf\">1. sz\u00e1m\u00fa mell\u00e9klet: J\u00e1r\u00f3beteg ell\u00e1t\u00e1s t\u00e9r\u00edt\u00e9si d\u00edjai<\/a><\/li>\n<li><a href=\"https:\/\/semmelweis.hu\/jogigfoig\/files\/2025\/02\/4.-szamu-melleklet_A-kronikus-rehabilitacios-es-apolasi-osztalyok-teritesi-dijai_20250203.pdf\">4. sz\u00e1m\u00fa mell\u00e9klet: Kr\u00f3nikus, rehabilit\u00e1ci\u00f3s \u00e9s \u00e1pol\u00e1si oszt\u00e1lyok t\u00e9r\u00edt\u00e9si d\u00edjai<\/a><\/li>\n<\/ul>\n<\/li>\n<li>2025. szeptember 01 &#8211; 2025. szeptember 30.\n<ul>\n<li><a href=\"https:\/\/semmelweis.hu\/jogigfoig\/files\/2025\/08\/1.-szamu-melleklet_Jarobeteg-ellatas-teritesi-dijai_20250901tol.pdf\">1. sz\u00e1m\u00fa mell\u00e9klet: J\u00e1r\u00f3beteg ell\u00e1t\u00e1s t\u00e9r\u00edt\u00e9si d\u00edjai<\/a><\/li>\n<\/ul>\n<\/li>\n<li>2025. \u00e1prilis 16 &#8211; 2025. december 31.\n<ul>\n<li><a href=\"https:\/\/semmelweis.hu\/jogigfoig\/files\/2025\/04\/ETDSZ_7_szamu_melleklet_surgossegi_ellatas_dijtetelei_2025_0416.pdf\">7. sz\u00e1m\u00fa mell\u00e9klet: S\u00fcrg\u0151ss\u00e9gi ell\u00e1t\u00e1s d\u00edjt\u00e9telei<\/a><\/li>\n<\/ul>\n<\/li>\n<li>2025. okt\u00f3ber 01 &#8211; 2026. febru\u00e1r 28.\n<ul>\n<li><a href=\"https:\/\/semmelweis.hu\/jogigfoig\/files\/2025\/09\/ETDSZ_1_szamu_melleklet_hataly_20251001_GSE.pdf\">1. sz\u00e1m\u00fa mell\u00e9klet: J\u00e1r\u00f3beteg ell\u00e1t\u00e1s t\u00e9r\u00edt\u00e9si d\u00edjai<\/a><\/li>\n<\/ul>\n<\/li>\n<li>2024. december 20 &#8211; 2026. m\u00e1rcius 31.\n<ul>\n<li><a href=\"https:\/\/semmelweis.hu\/jogigfoig\/files\/2025\/01\/Semmelweis-Egyetem-ETDSZ-5.-szamu-melleklet_2024_1220.pdf\">5. sz\u00e1m\u00fa mell\u00e9klet: A fog\u00e1szati beavatkoz\u00e1sok t\u00e9r\u00edt\u00e9si d\u00edjai<\/a><\/li>\n<\/ul>\n<\/li>\n<\/ul>\n\n<\/div><h2 class=\"tabtitle\">M\u00f3dos\u00edt\u00f3<br \/>\nhat\u00e1rozat<\/h2>\n<div class=\"tabcontent\">\n\n<ul>\n<li><a href=\"https:\/\/semmelweis.hu\/jogigfoig\/files\/2023\/12\/113_2023_Szabalyzatok-Konyve-VI.pdf\" target=\"_blank\" rel=\"noopener\">113\/2023. (XII.13.)<\/a><\/li>\n<\/ul>\n\n<\/div><h2 class=\"tabtitle\">Hat\u00e1lyon k\u00edv\u00fcl helyezett <br \/>\nhat\u00e1rozatok<\/h2>\n<div class=\"tabcontent\">\n\n<ul>\n<li style=\"list-style-type: none\">\n<ul>\n<li><a href=\"https:\/\/semmelweis.hu\/jogigfoig\/files\/2015\/07\/69_2005_X_27_Teritesidij_Szabalyzat.pdf\">69\/2005.(X.27.)<\/a><\/li>\n<li><a href=\"https:\/\/semmelweis.hu\/jogigfoig\/files\/2015\/06\/49_sz_V_28_hatarozat_Teritesi_dij_szabalyzat.pdf\">49\/2015. (V.28.)<\/a><\/li>\n<li><a href=\"https:\/\/semmelweis.hu\/jogigfoig\/files\/2016\/02\/161_B_XII_17_Teritesi_Dij_Szabalyzat.pdf\">161\/B\/2015. (XII\/17.)<\/a><\/li>\n<li><a href=\"https:\/\/semmelweis.hu\/jogigfoig\/files\/2016\/06\/67_sz_V_25_Teritesi_dij_Szabalyzat.pdf\">67\/2016. (V\/25.)<\/a><\/li>\n<li><a href=\"https:\/\/semmelweis.hu\/jogigfoig\/files\/2023\/07\/teritesi_mod-4_alairt-hatarozat_20170301.pdf\">E\/1\/2017. (I.30.)<\/a><\/li>\n<li><a href=\"https:\/\/semmelweis.hu\/jogigfoig\/files\/2018\/12\/E_3_2018_-XI_29_sz_hatarozat_a_TDSZ_modositasarol.pdf\">E\/3\/2018. (XI.29.)<\/a><\/li>\n<li><a href=\"https:\/\/semmelweis.hu\/jogigfoig\/files\/2022\/05\/33_2022_Szabalyzatok-Konyve-I.utem_.pdf\">33\/2022. (V.13.)<\/a><\/li>\n<\/ul>\n<\/li>\n<\/ul>\n<p>&nbsp;<\/p>\n<\/div><\/div>\n","protected":false},"excerpt":{"rendered":"<p><a href=\"https:\/\/semmelweis.hu\/jogigfoig\/files\/2022\/05\/Egeszsegugyi_teritesi_dij_szabalyzat_hataly_2022_V_21.pdf\">2023. december 20-ig<\/a> <a href=\"https:\/\/semmelweis.hu\/jogigfoig\/files\/2023\/12\/Egeszsegugyi_teritesi_dij_szabalyzat_hataly_2023.XII_.21.pdf\">2023. december 21 &#8211; 2024. okt\u00f3ber 31.<\/a> <a href=\"https:\/\/semmelweis.hu\/jogigfoig\/files\/2024\/10\/Egeszsegugyi_teritesi_dij_szabalyzat_hataly_2024.XI_.01-tol.pdf\">2024. november 1 &#8211; 2024. december 19.<\/a> <a href=\"https:\/\/semmelweis.hu\/jogigfoig\/files\/2025\/01\/Egeszsegugyi_teritesi-_es_dijszabalyzat_hataly_2024_12_20.pdf\">2024. december 20 &#8211; 2025. \u00e1prilis 15.<\/a> <a href=\"https:\/\/semmelweis.hu\/jogigfoig\/files\/2025\/03\/Semmelweis-Egyetem-ETDSZ-6.-szamu-melleklet_2025.03.13.pdf\">6. sz\u00e1m\u00fa mell\u00e9klet: K\u00fcl\u00f6n jogszab\u00e1lyban \u00f6sszegszer\u0171en meghat\u00e1rozott t\u00e9r\u00edt\u00e9si d\u00edjjal b\u00edr\u00f3 \u2013 szolg\u00e1ltat\u00e1sok, hotelszolg\u00e1ltat\u00e1sok \u00e9s egy\u00e9b k\u00e9nyelmi szolg\u00e1ltat\u00e1sok t\u00e9r\u00edt\u00e9si d\u00edjai<\/a> <a href=\"https:\/\/semmelweis.hu\/jogigfoig\/files\/2025\/01\/Semmelweis-Egyetem-ETDSZ-7.-szamu-melleklet_2024_1220.pdf\">7. sz\u00e1m\u00fa mell\u00e9klet: K\u00f6z\u00f6ss\u00e9gi jog, nemzetk\u00f6zi szerz\u0151d\u00e9s, biztos\u00edt\u00e1si jogviszony alapj\u00e1n ny\u00fajthat\u00f3 ell\u00e1t\u00e1sok<\/a> <a href=\"https:\/\/semmelweis.hu\/jogigfoig\/files\/2025\/01\/Semmelweis-Egyetem-ETDSZ-8.-szamu-melleklet_2024_1220.pdf\">8. sz\u00e1m\u00fa mell\u00e9klet: Jogszab\u00e1lyok<\/a> <a href=\"https:\/\/semmelweis.hu\/jogigfoig\/files\/2025\/01\/Semmelweis-Egyetem-ETDSZ-9_10.-szamu-melleklet_2024_1220.xlsx\">9. sz\u00e1m\u00fa mell\u00e9klet: Az akut betegell\u00e1t\u00e1s \u00e9s azzal kapcsolatos adminisztrat\u00edv folyamat ellen\u0151rz\u00e9si nyomvonala<\/a> <a href=\"https:\/\/semmelweis.hu\/jogigfoig\/files\/2025\/01\/Semmelweis-Egyetem-ETDSZ-9_10.-szamu-melleklet_2024_1220.xlsx\">10. sz\u00e1m\u00fa mell\u00e9klet: A tervezett betegell\u00e1t\u00e1s \u00e9s azzal kapcsolatos adminisztrat\u00edv folyamat ellen\u0151rz\u00e9si nyomvonala<\/a> 2025. \u00e1prilis 16 &#8211; 2025. augusztus 31. <a href=\"https:\/\/semmelweis.hu\/jogigfoig\/files\/2025\/02\/1.-szamu-melleklet_Jarobeteg-ellatas-teritesi-dijai_20250203.pdf\">1. sz\u00e1m\u00fa mell\u00e9klet: J\u00e1r\u00f3beteg ell\u00e1t\u00e1s t\u00e9r\u00edt\u00e9si d\u00edjai<\/a> <a href=\"https:\/\/semmelweis.hu\/jogigfoig\/files\/2025\/02\/4.-szamu-melleklet_A-kronikus-rehabilitacios-es-apolasi-osztalyok-teritesi-dijai_20250203.pdf\">4. sz\u00e1m\u00fa mell\u00e9klet: Kr\u00f3nikus, rehabilit\u00e1ci\u00f3s \u00e9s \u00e1pol\u00e1si oszt\u00e1lyok t\u00e9r\u00edt\u00e9si d\u00edjai<\/a> 2025. szeptember 01 &#8211; 2025. szeptember 30. <a href=\"https:\/\/semmelweis.hu\/jogigfoig\/files\/2025\/08\/1.-szamu-melleklet_Jarobeteg-ellatas-teritesi-dijai_20250901tol.pdf\">1. sz\u00e1m\u00fa mell\u00e9klet: J\u00e1r\u00f3beteg ell\u00e1t\u00e1s t\u00e9r\u00edt\u00e9si d\u00edjai<\/a> 2025. \u00e1prilis 16 &#8211; 2025. december 31. <a href=\"https:\/\/semmelweis.hu\/jogigfoig\/files\/2025\/04\/ETDSZ_7_szamu_melleklet_surgossegi_ellatas_dijtetelei_2025_0416.pdf\">7. sz\u00e1m\u00fa mell\u00e9klet: S\u00fcrg\u0151ss\u00e9gi ell\u00e1t\u00e1s d\u00edjt\u00e9telei<\/a> 2025. okt\u00f3ber 01 &#8211; 2026. febru\u00e1r 28. <a href=\"https:\/\/semmelweis.hu\/jogigfoig\/files\/2025\/09\/ETDSZ_1_szamu_melleklet_hataly_20251001_GSE.pdf\">1. sz\u00e1m\u00fa mell\u00e9klet: J\u00e1r\u00f3beteg ell\u00e1t\u00e1s t\u00e9r\u00edt\u00e9si d\u00edjai<\/a> 2024. december 20 &#8211; 2026. m\u00e1rcius 31. <a href=\"https:\/\/semmelweis.hu\/jogigfoig\/files\/2025\/01\/Semmelweis-Egyetem-ETDSZ-5.-szamu-melleklet_2024_1220.pdf\">5. sz\u00e1m\u00fa mell\u00e9klet: A fog\u00e1szati beavatkoz\u00e1sok t\u00e9r\u00edt\u00e9si d\u00edjai<\/a> <a href=\"https:\/\/semmelweis.hu\/jogigfoig\/files\/2023\/12\/113_2023_Szabalyzatok-Konyve-VI.pdf\" target=\"_blank\" rel=\"noopener\">113\/2023. (XII.13.)<\/a> <a href=\"https:\/\/semmelweis.hu\/jogigfoig\/files\/2015\/07\/69_2005_X_27_Teritesidij_Szabalyzat.pdf\">69\/2005.(X.27.)<\/a> <a href=\"https:\/\/semmelweis.hu\/jogigfoig\/files\/2015\/06\/49_sz_V_28_hatarozat_Teritesi_dij_szabalyzat.pdf\">49\/2015. (V.28.)<\/a> <a href=\"https:\/\/semmelweis.hu\/jogigfoig\/files\/2016\/02\/161_B_XII_17_Teritesi_Dij_Szabalyzat.pdf\">161\/B\/2015. (XII\/17.)<\/a> <a href=\"https:\/\/semmelweis.hu\/jogigfoig\/files\/2016\/06\/67_sz_V_25_Teritesi_dij_Szabalyzat.pdf\">67\/2016. (V\/25.)<\/a> <a href=\"https:\/\/semmelweis.hu\/jogigfoig\/files\/2023\/07\/teritesi_mod-4_alairt-hatarozat_20170301.pdf\">E\/1\/2017. (I.30.)<\/a> <a href=\"https:\/\/semmelweis.hu\/jogigfoig\/files\/2018\/12\/E_3_2018_-XI_29_sz_hatarozat_a_TDSZ_modositasarol.pdf\">E\/3\/2018. (XI.29.)<\/a> <a href=\"https:\/\/semmelweis.hu\/jogigfoig\/files\/2022\/05\/33_2022_Szabalyzatok-Konyve-I.utem_.pdf\">33\/2022. (V.13.)<\/a> &hellip;<\/p>\n","protected":false},"author":101467,"featured_media":0,"parent":362,"menu_order":0,"comment_status":"closed","ping_status":"closed","template":"","meta":{"_acf_changed":false,"footnotes":""},"categories":[],"tags":[],"class_list":["post-88878","page","type-page","status-publish","hentry"],"acf":[],"_links":{"self":[{"href":"https:\/\/semmelweis.hu\/jogigfoig\/wp-json\/wp\/v2\/pages\/88878","targetHints":{"allow":["GET"]}}],"collection":[{"href":"https:\/\/semmelweis.hu\/jogigfoig\/wp-json\/wp\/v2\/pages"}],"about":[{"href":"https:\/\/semmelweis.hu\/jogigfoig\/wp-json\/wp\/v2\/types\/page"}],"author":[{"embeddable":true,"href":"https:\/\/semmelweis.hu\/jogigfoig\/wp-json\/wp\/v2\/users\/101467"}],"replies":[{"embeddable":true,"href":"https:\/\/semmelweis.hu\/jogigfoig\/wp-json\/wp\/v2\/comments?post=88878"}],"version-history":[{"count":10,"href":"https:\/\/semmelweis.hu\/jogigfoig\/wp-json\/wp\/v2\/pages\/88878\/revisions"}],"predecessor-version":[{"id":105200,"href":"https:\/\/semmelweis.hu\/jogigfoig\/wp-json\/wp\/v2\/pages\/88878\/revisions\/105200"}],"up":[{"embeddable":true,"href":"https:\/\/semmelweis.hu\/jogigfoig\/wp-json\/wp\/v2\/pages\/362"}],"wp:attachment":[{"href":"https:\/\/semmelweis.hu\/jogigfoig\/wp-json\/wp\/v2\/media?parent=88878"}],"wp:term":[{"taxonomy":"category","embeddable":true,"href":"https:\/\/semmelweis.hu\/jogigfoig\/wp-json\/wp\/v2\/categories?post=88878"},{"taxonomy":"post_tag","embeddable":true,"href":"https:\/\/semmelweis.hu\/jogigfoig\/wp-json\/wp\/v2\/tags?post=88878"}],"curies":[{"name":"wp","href":"https:\/\/api.w.org\/{rel}","templated":true}]}}