{"id":88645,"date":"2023-12-07T13:39:32","date_gmt":"2023-12-07T12:39:32","guid":{"rendered":"https:\/\/semmelweis.hu\/jogigfoig\/?page_id=88645"},"modified":"2024-01-31T13:55:37","modified_gmt":"2024-01-31T12:55:37","slug":"2023-november-30","status":"publish","type":"page","link":"https:\/\/semmelweis.hu\/jogigfoig\/testuletek\/szenatus\/2023-evi-szenatusi-hatarozatok\/2023-november-30\/","title":{"rendered":"2023. november 30."},"content":{"rendered":"<p style=\"text-align: justify\"><a href=\"https:\/\/semmelweis.hu\/jogigfoig\/files\/2023\/12\/N_7_2023_hatarozat.pdf\">A Semmelweis Egyetem\u00a0Szen\u00e1tus\u00e1nak\u00a0N-7.2023. (XI.30.) sz\u00e1m\u00fa hat\u00e1rozata\u00a0a szen\u00e1tusi \u00fcl\u00e9s napirendj\u00e9r\u0151l<\/a><\/p>\n<p style=\"text-align: justify\"><a href=\"https:\/\/semmelweis.hu\/jogigfoig\/files\/2023\/12\/106_2023_beszamolo-az-elozo-eves-rektori-tevekenysegrol.pdf\">A Semmelweis Egyetem\u00a0Szen\u00e1tus\u00e1nak\u00a0106\/2023. (XI.30.) sz\u00e1m\u00fa hat\u00e1rozata\u00a0az el\u0151z\u0151 \u00e9ves rektori tev\u00e9kenys\u00e9gr\u0151l sz\u00f3l\u00f3 besz\u00e1mol\u00f3r\u00f3l<\/a><\/p>\n<p style=\"text-align: justify\"><a href=\"https:\/\/semmelweis.hu\/jogigfoig\/files\/2024\/01\/107_2023_a-Semmelweis-Egyetem-2022-2030-periodusra-vonatkozo-vagyongazdalkodasi-tervenek-modositasarol.pdf\">A Semmelweis Egyetem\u00a0Szen\u00e1tus\u00e1nak\u00a0107\/2023. (XI.30.) sz\u00e1m\u00fa hat\u00e1rozata\u00a0a Semmelweis Egyetem 2022-2030. peri\u00f3dusra vonatkoz\u00f3\u00a0Vagyongazd\u00e1lkod\u00e1si terv\u00e9nek m\u00f3dos\u00edt\u00e1s\u00e1r\u00f3l<\/a><\/p>\n<p style=\"text-align: justify\"><a href=\"https:\/\/semmelweis.hu\/jogigfoig\/files\/2024\/01\/107_2023_melleklet-1_fenntartoi-egyetertes.pdf\">A Semmelweis Egyetem Szen\u00e1tus\u00e1nak 107\/2023. (XI.30.) sz\u00e1m\u00fa hat\u00e1rozata a Semmelweis Egyetem 2022-2030. peri\u00f3dusra vonatkoz\u00f3 Vagyongazd\u00e1lkod\u00e1si terv\u00e9nek m\u00f3dos\u00edt\u00e1s\u00e1r\u00f3l &#8211; 1. sz\u00e1m\u00fa mell\u00e9klet<\/a><\/p>\n<p style=\"text-align: justify\"><a href=\"https:\/\/semmelweis.hu\/jogigfoig\/files\/2024\/01\/107_2023_melleklet-2_Vagyongazdalkodasi-terv-2022-2030.pdf\">A Semmelweis Egyetem\u00a0Szen\u00e1tus\u00e1nak\u00a0107\/2023. (XI.30.) sz\u00e1m\u00fa hat\u00e1rozata\u00a0a Semmelweis Egyetem 2022-2030. peri\u00f3dusra vonatkoz\u00f3\u00a0Vagyongazd\u00e1lkod\u00e1si terv\u00e9nek m\u00f3dos\u00edt\u00e1s\u00e1r\u00f3l &#8211; 2. sz\u00e1m\u00fa mell\u00e9klet<\/a><\/p>\n<p style=\"text-align: justify\"><a href=\"https:\/\/semmelweis.hu\/jogigfoig\/files\/2023\/12\/108_2023_Nepegeszsegugyi-ellenor-BSc-szakirany-nevenek-megvaltoztatasarol.pdf\">A Semmelweis Egyetem\u00a0Szen\u00e1tus\u00e1nak\u00a0108\/2023. (XI.30.) sz\u00e1m\u00fa hat\u00e1rozata\u00a0a n\u00e9peg\u00e9szs\u00e9g\u00fcgyi ellen\u0151r BSc szakir\u00e1ny nev\u00e9nek megv\u00e1ltoztat\u00e1s\u00e1r\u00f3l<\/a><\/p>\n<p style=\"text-align: justify\"><a href=\"https:\/\/semmelweis.hu\/jogigfoig\/files\/2023\/12\/109_2023_EKK-Mentalhigiene-Intezet-mentalhigiene-szakiranyu-tovabbkepzes-szakfelelosenek-valtozasarol.pdf\">A Semmelweis Egyetem\u00a0Szen\u00e1tus\u00e1nak\u00a0109\/2023. (XI.30.) sz\u00e1m\u00fa hat\u00e1rozata\u00a0az Eg\u00e9szs\u00e9g\u00fcgyi K\u00f6zszolg\u00e1lati Kar Ment\u00e1lhigi\u00e9n\u00e9 Int\u00e9zet ment\u00e1lhigi\u00e9n\u00e9 szakir\u00e1ny\u00fa tov\u00e1bbk\u00e9pz\u00e9s szakfelel\u0151s\u00e9nek v\u00e1ltoz\u00e1s\u00e1r\u00f3l<\/a><\/p>\n<p style=\"text-align: justify\"><a href=\"https:\/\/semmelweis.hu\/jogigfoig\/files\/2023\/12\/110_2023_aktualis-vezetoi-palyazatok.pdf\">A Semmelweis Egyetem\u00a0Szen\u00e1tus\u00e1nak\u00a0110\/2023. (XI.30.) sz\u00e1m\u00fa hat\u00e1rozata\u00a0az aktu\u00e1lis vezet\u0151i p\u00e1ly\u00e1zatok v\u00e9lem\u00e9nyez\u00e9s\u00e9r\u0151l<\/a><\/p>\n<p style=\"text-align: justify\"><a href=\"https:\/\/semmelweis.hu\/jogigfoig\/files\/2023\/12\/111_2023_Pro-Universitate-dij.pdf\">A Semmelweis Egyetem\u00a0Szen\u00e1tus\u00e1nak\u00a0111\/2023. (XI.30.) sz\u00e1m\u00fa hat\u00e1rozata\u00a0a Pro Universitate d\u00edj adom\u00e1nyoz\u00e1s\u00e1r\u00f3l<\/a><\/p>\n<p style=\"text-align: justify\"><a href=\"https:\/\/semmelweis.hu\/jogigfoig\/files\/2023\/12\/112_2023_Kituntetesi-es-dijak-adomanyozasarol-szolo-szabalyzat-modositasarol.pdf\">A Semmelweis Egyetem\u00a0Szen\u00e1tus\u00e1nak\u00a0112\/2023. (XI.30.) sz\u00e1m\u00fa hat\u00e1rozata\u00a0a Kit\u00fcntet\u00e9si \u00e9s d\u00edjak adom\u00e1nyoz\u00e1s\u00e1r\u00f3l sz\u00f3l\u00f3 szab\u00e1lyzat m\u00f3dos\u00edt\u00e1s\u00e1r\u00f3l<\/a><\/p>\n<p style=\"text-align: justify\"><a href=\"https:\/\/semmelweis.hu\/jogigfoig\/files\/2023\/12\/112_2023_1-sz-melleklet.pdf\">A Semmelweis Egyetem Szen\u00e1tus\u00e1nak 112\/2023. (XI.30.) sz\u00e1m\u00fa hat\u00e1rozata a Kit\u00fcntet\u00e9si \u00e9s d\u00edjak adom\u00e1nyoz\u00e1s\u00e1r\u00f3l sz\u00f3l\u00f3 szab\u00e1lyzat m\u00f3dos\u00edt\u00e1s\u00e1r\u00f3l &#8211; 1. sz\u00e1m\u00fa mell\u00e9klet<\/a><\/p>\n","protected":false},"excerpt":{"rendered":"<p><a href=\"https:\/\/semmelweis.hu\/jogigfoig\/files\/2023\/12\/N_7_2023_hatarozat.pdf\">A Semmelweis Egyetem\u00a0Szen\u00e1tus\u00e1nak\u00a0N-7.2023. (XI.30.) sz\u00e1m\u00fa hat\u00e1rozata\u00a0a szen\u00e1tusi \u00fcl\u00e9s napirendj\u00e9r\u0151l<\/a><br \/>\n<a href=\"https:\/\/semmelweis.hu\/jogigfoig\/files\/2023\/12\/106_2023_beszamolo-az-elozo-eves-rektori-tevekenysegrol.pdf\">A Semmelweis Egyetem\u00a0Szen\u00e1tus\u00e1nak\u00a0106\/2023. (XI.30.) sz\u00e1m\u00fa hat\u00e1rozata\u00a0az el\u0151z\u0151 \u00e9ves rektori tev\u00e9kenys\u00e9gr\u0151l sz\u00f3l\u00f3 besz\u00e1mol\u00f3r\u00f3l<\/a><br \/>\n<a href=\"https:\/\/semmelweis.hu\/jogigfoig\/files\/2024\/01\/107_2023_a-Semmelweis-Egyetem-2022-2030-periodusra-vonatkozo-vagyongazdalkodasi-tervenek-modositasarol.pdf\">A Semmelweis Egyetem\u00a0Szen\u00e1tus\u00e1nak\u00a0107\/2023. (XI.30.) sz\u00e1m\u00fa hat\u00e1rozata\u00a0a Semmelweis Egyetem 2022-2030. peri\u00f3dusra vonatkoz\u00f3\u00a0Vagyongazd\u00e1lkod\u00e1si terv\u00e9nek m\u00f3dos\u00edt\u00e1s\u00e1r\u00f3l<\/a><br \/>\n<a href=\"https:\/\/semmelweis.hu\/jogigfoig\/files\/2024\/01\/107_2023_melleklet-1_fenntartoi-egyetertes.pdf\">A Semmelweis Egyetem Szen\u00e1tus\u00e1nak 107\/2023. (XI.30.) sz\u00e1m\u00fa hat\u00e1rozata a Semmelweis Egyetem 2022-2030. peri\u00f3dusra vonatkoz\u00f3 Vagyongazd\u00e1lkod\u00e1si terv\u00e9nek m\u00f3dos\u00edt\u00e1s\u00e1r\u00f3l &#8211; 1. sz\u00e1m\u00fa mell\u00e9klet<\/a><br \/>\n<a href=\"https:\/\/semmelweis.hu\/jogigfoig\/files\/2024\/01\/107_2023_melleklet-2_Vagyongazdalkodasi-terv-2022-2030.pdf\">A Semmelweis Egyetem\u00a0Szen\u00e1tus\u00e1nak\u00a0107\/2023. (XI.30.) sz\u00e1m\u00fa hat\u00e1rozata\u00a0a Semmelweis Egyetem 2022-2030. peri\u00f3dusra vonatkoz\u00f3\u00a0Vagyongazd\u00e1lkod\u00e1si terv\u00e9nek m\u00f3dos\u00edt\u00e1s\u00e1r\u00f3l &#8211; 2. sz\u00e1m\u00fa mell\u00e9klet<\/a><br \/>\n<a href=\"https:\/\/semmelweis.hu\/jogigfoig\/files\/2023\/12\/108_2023_Nepegeszsegugyi-ellenor-BSc-szakirany-nevenek-megvaltoztatasarol.pdf\">A Semmelweis Egyetem\u00a0Szen\u00e1tus\u00e1nak\u00a0108\/2023. (XI.30.) sz\u00e1m\u00fa hat\u00e1rozata\u00a0a n\u00e9peg\u00e9szs\u00e9g\u00fcgyi ellen\u0151r BSc szakir\u00e1ny nev\u00e9nek megv\u00e1ltoztat\u00e1s\u00e1r\u00f3l<\/a><br \/>\n<a href=\"https:\/\/semmelweis.hu\/jogigfoig\/files\/2023\/12\/109_2023_EKK-Mentalhigiene-Intezet-mentalhigiene-szakiranyu-tovabbkepzes-szakfelelosenek-valtozasarol.pdf\">A Semmelweis Egyetem\u00a0Szen\u00e1tus\u00e1nak\u00a0109\/2023. (XI.30.) sz\u00e1m\u00fa hat\u00e1rozata\u00a0az Eg\u00e9szs\u00e9g\u00fcgyi K\u00f6zszolg\u00e1lati Kar Ment\u00e1lhigi\u00e9n\u00e9 Int\u00e9zet ment\u00e1lhigi\u00e9n\u00e9 szakir\u00e1ny\u00fa tov\u00e1bbk\u00e9pz\u00e9s szakfelel\u0151s\u00e9nek v\u00e1ltoz\u00e1s\u00e1r\u00f3l<\/a><br \/>\n<a href=\"https:\/\/semmelweis.hu\/jogigfoig\/files\/2023\/12\/110_2023_aktualis-vezetoi-palyazatok.pdf\">A Semmelweis Egyetem\u00a0Szen\u00e1tus\u00e1nak\u00a0110\/2023. (XI.30.) sz\u00e1m\u00fa hat\u00e1rozata\u00a0az aktu\u00e1lis vezet\u0151i p\u00e1ly\u00e1zatok v\u00e9lem\u00e9nyez\u00e9s\u00e9r\u0151l<\/a><br \/>\n<a href=\"https:\/\/semmelweis.hu\/jogigfoig\/files\/2023\/12\/111_2023_Pro-Universitate-dij.pdf\">A Semmelweis Egyetem\u00a0Szen\u00e1tus\u00e1nak\u00a0111\/2023. (XI.30.) sz\u00e1m\u00fa hat\u00e1rozata\u00a0a Pro Universitate d\u00edj adom\u00e1nyoz\u00e1s\u00e1r\u00f3l<\/a><br \/>\n<a href=\"https:\/\/semmelweis.hu\/jogigfoig\/files\/2023\/12\/112_2023_Kituntetesi-es-dijak-adomanyozasarol-szolo-szabalyzat-modositasarol.pdf\">A Semmelweis Egyetem\u00a0Szen\u00e1tus\u00e1nak\u00a0112\/2023. (XI.30.) sz\u00e1m\u00fa hat\u00e1rozata\u00a0a Kit\u00fcntet\u00e9si \u00e9s d\u00edjak adom\u00e1nyoz\u00e1s\u00e1r\u00f3l sz\u00f3l\u00f3 szab\u00e1lyzat m\u00f3dos\u00edt\u00e1s\u00e1r\u00f3l<\/a><br \/>\n<a href=\"https:\/\/semmelweis.hu\/jogigfoig\/files\/2023\/12\/112_2023_1-sz-melleklet.pdf\">A Semmelweis Egyetem Szen\u00e1tus\u00e1nak 112\/2023. (XI.30.) sz\u00e1m\u00fa hat\u00e1rozata a Kit\u00fcntet\u00e9si \u00e9s d\u00edjak adom\u00e1nyoz\u00e1s\u00e1r\u00f3l sz\u00f3l\u00f3 szab\u00e1lyzat m\u00f3dos\u00edt\u00e1s\u00e1r\u00f3l &#8211; 1. sz\u00e1m\u00fa mell\u00e9klet<\/a><\/p>\n","protected":false},"author":101467,"featured_media":0,"parent":86448,"menu_order":11,"comment_status":"closed","ping_status":"closed","template":"","meta":{"_acf_changed":false,"footnotes":""},"categories":[],"tags":[],"class_list":["post-88645","page","type-page","status-publish","hentry"],"acf":[],"_links":{"self":[{"href":"https:\/\/semmelweis.hu\/jogigfoig\/wp-json\/wp\/v2\/pages\/88645","targetHints":{"allow":["GET"]}}],"collection":[{"href":"https:\/\/semmelweis.hu\/jogigfoig\/wp-json\/wp\/v2\/pages"}],"about":[{"href":"https:\/\/semmelweis.hu\/jogigfoig\/wp-json\/wp\/v2\/types\/page"}],"author":[{"embeddable":true,"href":"https:\/\/semmelweis.hu\/jogigfoig\/wp-json\/wp\/v2\/users\/101467"}],"replies":[{"embeddable":true,"href":"https:\/\/semmelweis.hu\/jogigfoig\/wp-json\/wp\/v2\/comments?post=88645"}],"version-history":[{"count":4,"href":"https:\/\/semmelweis.hu\/jogigfoig\/wp-json\/wp\/v2\/pages\/88645\/revisions"}],"predecessor-version":[{"id":89320,"href":"https:\/\/semmelweis.hu\/jogigfoig\/wp-json\/wp\/v2\/pages\/88645\/revisions\/89320"}],"up":[{"embeddable":true,"href":"https:\/\/semmelweis.hu\/jogigfoig\/wp-json\/wp\/v2\/pages\/86448"}],"wp:attachment":[{"href":"https:\/\/semmelweis.hu\/jogigfoig\/wp-json\/wp\/v2\/media?parent=88645"}],"wp:term":[{"taxonomy":"category","embeddable":true,"href":"https:\/\/semmelweis.hu\/jogigfoig\/wp-json\/wp\/v2\/categories?post=88645"},{"taxonomy":"post_tag","embeddable":true,"href":"https:\/\/semmelweis.hu\/jogigfoig\/wp-json\/wp\/v2\/tags?post=88645"}],"curies":[{"name":"wp","href":"https:\/\/api.w.org\/{rel}","templated":true}]}}

<p style="text-align: justify"><a href="https://semmelweis.hu/jogigfoig/files/2023/12/N_7_2023_hatarozat.pdf">A Semmelweis Egyetem Szenátusának N-7.2023. (XI.30.) számú határozata a szenátusi ülés napirendjéről</a></p>
<p style="text-align: justify"><a href="https://semmelweis.hu/jogigfoig/files/2023/12/106_2023_beszamolo-az-elozo-eves-rektori-tevekenysegrol.pdf">A Semmelweis Egyetem Szenátusának 106/2023. (XI.30.) számú határozata az előző éves rektori tevékenységről szóló beszámolóról</a></p>
<p style="text-align: justify"><a href="https://semmelweis.hu/jogigfoig/files/2024/01/107_2023_a-Semmelweis-Egyetem-2022-2030-periodusra-vonatkozo-vagyongazdalkodasi-tervenek-modositasarol.pdf">A Semmelweis Egyetem Szenátusának 107/2023. (XI.30.) számú határozata a Semmelweis Egyetem 2022-2030. periódusra vonatkozó Vagyongazdálkodási tervének módosításáról</a></p>
<p style="text-align: justify"><a href="https://semmelweis.hu/jogigfoig/files/2024/01/107_2023_melleklet-1_fenntartoi-egyetertes.pdf">A Semmelweis Egyetem Szenátusának 107/2023. (XI.30.) számú határozata a Semmelweis Egyetem 2022-2030. periódusra vonatkozó Vagyongazdálkodási tervének módosításáról &#8211; 1. számú melléklet</a></p>
<p style="text-align: justify"><a href="https://semmelweis.hu/jogigfoig/files/2024/01/107_2023_melleklet-2_Vagyongazdalkodasi-terv-2022-2030.pdf">A Semmelweis Egyetem Szenátusának 107/2023. (XI.30.) számú határozata a Semmelweis Egyetem 2022-2030. periódusra vonatkozó Vagyongazdálkodási tervének módosításáról &#8211; 2. számú melléklet</a></p>
<p style="text-align: justify"><a href="https://semmelweis.hu/jogigfoig/files/2023/12/108_2023_Nepegeszsegugyi-ellenor-BSc-szakirany-nevenek-megvaltoztatasarol.pdf">A Semmelweis Egyetem Szenátusának 108/2023. (XI.30.) számú határozata a népegészségügyi ellenőr BSc szakirány nevének megváltoztatásáról</a></p>
<p style="text-align: justify"><a href="https://semmelweis.hu/jogigfoig/files/2023/12/109_2023_EKK-Mentalhigiene-Intezet-mentalhigiene-szakiranyu-tovabbkepzes-szakfelelosenek-valtozasarol.pdf">A Semmelweis Egyetem Szenátusának 109/2023. (XI.30.) számú határozata az Egészségügyi Közszolgálati Kar Mentálhigiéné Intézet mentálhigiéné szakirányú továbbképzés szakfelelősének változásáról</a></p>
<p style="text-align: justify"><a href="https://semmelweis.hu/jogigfoig/files/2023/12/110_2023_aktualis-vezetoi-palyazatok.pdf">A Semmelweis Egyetem Szenátusának 110/2023. (XI.30.) számú határozata az aktuális vezetői pályázatok véleményezéséről</a></p>
<p style="text-align: justify"><a href="https://semmelweis.hu/jogigfoig/files/2023/12/111_2023_Pro-Universitate-dij.pdf">A Semmelweis Egyetem Szenátusának 111/2023. (XI.30.) számú határozata a Pro Universitate díj adományozásáról</a></p>
<p style="text-align: justify"><a href="https://semmelweis.hu/jogigfoig/files/2023/12/112_2023_Kituntetesi-es-dijak-adomanyozasarol-szolo-szabalyzat-modositasarol.pdf">A Semmelweis Egyetem Szenátusának 112/2023. (XI.30.) számú határozata a Kitüntetési és díjak adományozásáról szóló szabályzat módosításáról</a></p>
<p style="text-align: justify"><a href="https://semmelweis.hu/jogigfoig/files/2023/12/112_2023_1-sz-melleklet.pdf">A Semmelweis Egyetem Szenátusának 112/2023. (XI.30.) számú határozata a Kitüntetési és díjak adományozásáról szóló szabályzat módosításáról &#8211; 1. számú melléklet</a></p>

<p><a href="https://semmelweis.hu/jogigfoig/files/2023/12/N_7_2023_hatarozat.pdf">A Semmelweis Egyetem Szenátusának N-7.2023. (XI.30.) számú határozata a szenátusi ülés napirendjéről</a><br />
<a href="https://semmelweis.hu/jogigfoig/files/2023/12/106_2023_beszamolo-az-elozo-eves-rektori-tevekenysegrol.pdf">A Semmelweis Egyetem Szenátusának 106/2023. (XI.30.) számú határozata az előző éves rektori tevékenységről szóló beszámolóról</a><br />
<a href="https://semmelweis.hu/jogigfoig/files/2024/01/107_2023_a-Semmelweis-Egyetem-2022-2030-periodusra-vonatkozo-vagyongazdalkodasi-tervenek-modositasarol.pdf">A Semmelweis Egyetem Szenátusának 107/2023. (XI.30.) számú határozata a Semmelweis Egyetem 2022-2030. periódusra vonatkozó Vagyongazdálkodási tervének módosításáról</a><br />
<a href="https://semmelweis.hu/jogigfoig/files/2024/01/107_2023_melleklet-1_fenntartoi-egyetertes.pdf">A Semmelweis Egyetem Szenátusának 107/2023. (XI.30.) számú határozata a Semmelweis Egyetem 2022-2030. periódusra vonatkozó Vagyongazdálkodási tervének módosításáról &#8211; 1. számú melléklet</a><br />
<a href="https://semmelweis.hu/jogigfoig/files/2024/01/107_2023_melleklet-2_Vagyongazdalkodasi-terv-2022-2030.pdf">A Semmelweis Egyetem Szenátusának 107/2023. (XI.30.) számú határozata a Semmelweis Egyetem 2022-2030. periódusra vonatkozó Vagyongazdálkodási tervének módosításáról &#8211; 2. számú melléklet</a><br />
<a href="https://semmelweis.hu/jogigfoig/files/2023/12/108_2023_Nepegeszsegugyi-ellenor-BSc-szakirany-nevenek-megvaltoztatasarol.pdf">A Semmelweis Egyetem Szenátusának 108/2023. (XI.30.) számú határozata a népegészségügyi ellenőr BSc szakirány nevének megváltoztatásáról</a><br />
<a href="https://semmelweis.hu/jogigfoig/files/2023/12/109_2023_EKK-Mentalhigiene-Intezet-mentalhigiene-szakiranyu-tovabbkepzes-szakfelelosenek-valtozasarol.pdf">A Semmelweis Egyetem Szenátusának 109/2023. (XI.30.) számú határozata az Egészségügyi Közszolgálati Kar Mentálhigiéné Intézet mentálhigiéné szakirányú továbbképzés szakfelelősének változásáról</a><br />
<a href="https://semmelweis.hu/jogigfoig/files/2023/12/110_2023_aktualis-vezetoi-palyazatok.pdf">A Semmelweis Egyetem Szenátusának 110/2023. (XI.30.) számú határozata az aktuális vezetői pályázatok véleményezéséről</a><br />
<a href="https://semmelweis.hu/jogigfoig/files/2023/12/111_2023_Pro-Universitate-dij.pdf">A Semmelweis Egyetem Szenátusának 111/2023. (XI.30.) számú határozata a Pro Universitate díj adományozásáról</a><br />
<a href="https://semmelweis.hu/jogigfoig/files/2023/12/112_2023_Kituntetesi-es-dijak-adomanyozasarol-szolo-szabalyzat-modositasarol.pdf">A Semmelweis Egyetem Szenátusának 112/2023. (XI.30.) számú határozata a Kitüntetési és díjak adományozásáról szóló szabályzat módosításáról</a><br />
<a href="https://semmelweis.hu/jogigfoig/files/2023/12/112_2023_1-sz-melleklet.pdf">A Semmelweis Egyetem Szenátusának 112/2023. (XI.30.) számú határozata a Kitüntetési és díjak adományozásáról szóló szabályzat módosításáról &#8211; 1. számú melléklet</a></p>
