{"id":88542,"date":"2023-11-09T13:15:57","date_gmt":"2023-11-09T12:15:57","guid":{"rendered":"https:\/\/semmelweis.hu\/jogigfoig\/?page_id=88542"},"modified":"2025-06-12T14:21:49","modified_gmt":"2025-06-12T12:21:49","slug":"a-szemelyes-adatok-kezelesere-vonatkozo-legfontosabb-jogszabalyok","status":"publish","type":"page","link":"https:\/\/semmelweis.hu\/jogigfoig\/adatvedelem-betegjog\/a-szemelyes-adatok-kezelesere-vonatkozo-legfontosabb-jogszabalyok\/","title":{"rendered":"A szem\u00e9lyes adatok kezel\u00e9s\u00e9re vonatkoz\u00f3 legfontosabb jogszab\u00e1lyok"},"content":{"rendered":"<p style=\"text-align: justify\">A szem\u00e9lyes adatok kezel\u00e9s\u00e9re vonatkoz\u00f3 legfontosabb jogszab\u00e1lyok<\/p>\n<p style=\"padding-left: 40px;text-align: justify\">Az eur\u00f3pai \u00e1ltal\u00e1nos adatv\u00e9delmi rendelet (<a href=\"https:\/\/eur-lex.europa.eu\/legal-content\/HU\/TXT\/PDF\/?uri=CELEX:32016R0679\">GDPR<\/a>)\u00a0<\/p>\n<p style=\"padding-left: 40px;text-align: justify\">Az inform\u00e1ci\u00f3s \u00f6nrendelkez\u00e9si jogr\u00f3l \u00e9s az inform\u00e1ci\u00f3szabads\u00e1gr\u00f3l sz\u00f3l\u00f3 2011. \u00e9vi CXII. t\u00f6rv\u00e9ny (<a href=\"https:\/\/njt.hu\/jogszabaly\/2011-112-00-00\">Infotv<\/a>.)\u00a0<\/p>\n<p style=\"padding-left: 40px;text-align: justify\">Az eg\u00e9szs\u00e9g\u00fcgyi \u00e9s a hozz\u00e1juk kapcsol\u00f3d\u00f3 szem\u00e9lyes adatok kezel\u00e9s\u00e9r\u0151l \u00e9s v\u00e9delm\u00e9r\u0151l sz\u00f3l\u00f3 1997. \u00e9vi XLVII. t\u00f6rv\u00e9ny (<a href=\"https:\/\/njt.hu\/jogszabaly\/1997-47-00-00\">E\u00fcak<\/a>.)<\/p>\n<p style=\"padding-left: 40px;text-align: justify\">Az eg\u00e9szs\u00e9g\u00fcgyr\u0151l sz\u00f3l\u00f3 1997. \u00e9vi CLIV. t\u00f6rv\u00e9ny (<a href=\"https:\/\/njt.hu\/jogszabaly\/1997-154-00-00\">E\u00fctv<\/a>.)\u00a0<\/p>\n<p style=\"padding-left: 40px;text-align: justify\">Az eg\u00e9szs\u00e9g\u00fcgyi szolg\u00e1lati jogviszonyr\u00f3l sz\u00f3l\u00f3 2020. \u00e9vi C. t\u00f6rv\u00e9ny (<a href=\"https:\/\/njt.hu\/jogszabaly\/2020-100-00-00\">Eszjtv<\/a>.)\u00a0<\/p>\n<p style=\"padding-left: 40px;text-align: justify\">A hum\u00e1ngenetikai adatok v\u00e9delm\u00e9r\u0151l, a hum\u00e1ngenetikai vizsg\u00e1latok \u00e9s kutat\u00e1sok, valamint a biobankok m\u0171k\u00f6d\u00e9s\u00e9nek szab\u00e1lyair\u00f3l sz\u00f3l\u00f3 2008. \u00e9vi XXI. t\u00f6rv\u00e9ny (<a href=\"https:\/\/njt.hu\/jogszabaly\/2008-21-00-00\">Hgtv<\/a>.)<\/p>\n<p style=\"padding-left: 40px;text-align: justify\">az Elektronikus Eg\u00e9szs\u00e9g\u00fcgyi Szolg\u00e1ltat\u00e1si T\u00e9rrel kapcsolatos r\u00e9szletes szab\u00e1lyokr\u00f3l sz\u00f3l\u00f3 39\/2016. (XII. 21.) EMMI rendelet (<a href=\"https:\/\/njt.hu\/jogszabaly\/2016-39-20-5H\">EESZT rendelet<\/a>)<\/p>\n<p style=\"padding-left: 40px;text-align: justify\">A munka t\u00f6rv\u00e9nyk\u00f6nyv\u00e9r\u0151l sz\u00f3l\u00f3 2012. \u00e9vi I. t\u00f6rv\u00e9ny (<a href=\"https:\/\/njt.hu\/jogszabaly\/2012-1-00-00\">Mt<\/a>.)<\/p>\n<p style=\"text-align: justify\">\u00a0<\/p>\n","protected":false},"excerpt":{"rendered":"<p>A szem\u00e9lyes adatok kezel\u00e9s\u00e9re vonatkoz\u00f3 legfontosabb jogszab\u00e1lyok Az eur\u00f3pai \u00e1ltal\u00e1nos adatv\u00e9delmi rendelet ( <a href=\"https:\/\/eur-lex.europa.eu\/legal-content\/HU\/TXT\/PDF\/?uri=CELEX:32016R0679\">GDPR<\/a> )\u00a0 Az inform\u00e1ci\u00f3s \u00f6nrendelkez\u00e9si jogr\u00f3l \u00e9s az inform\u00e1ci\u00f3szabads\u00e1gr\u00f3l sz\u00f3l\u00f3 2011. \u00e9vi CXII. t\u00f6rv\u00e9ny ( <a href=\"https:\/\/njt.hu\/jogszabaly\/2011-112-00-00\">Infotv<\/a> .)\u00a0 Az eg\u00e9szs\u00e9g\u00fcgyi \u00e9s a hozz\u00e1juk kapcsol\u00f3d\u00f3 szem\u00e9lyes adatok kezel\u00e9s\u00e9r\u0151l \u00e9s v\u00e9delm\u00e9r\u0151l sz\u00f3l\u00f3 1997. \u00e9vi XLVII. t\u00f6rv\u00e9ny ( <a href=\"https:\/\/njt.hu\/jogszabaly\/1997-47-00-00\">E\u00fcak<\/a> .) Az eg\u00e9szs\u00e9g\u00fcgyr\u0151l sz\u00f3l\u00f3 1997. \u00e9vi CLIV. t\u00f6rv\u00e9ny ( <a href=\"https:\/\/njt.hu\/jogszabaly\/1997-154-00-00\">E\u00fctv<\/a> .)\u00a0 &hellip;<\/p>\n","protected":false},"author":101467,"featured_media":0,"parent":8034,"menu_order":5,"comment_status":"closed","ping_status":"closed","template":"","meta":{"_acf_changed":false,"footnotes":""},"categories":[],"tags":[],"class_list":["post-88542","page","type-page","status-publish","hentry"],"acf":[],"_links":{"self":[{"href":"https:\/\/semmelweis.hu\/jogigfoig\/wp-json\/wp\/v2\/pages\/88542","targetHints":{"allow":["GET"]}}],"collection":[{"href":"https:\/\/semmelweis.hu\/jogigfoig\/wp-json\/wp\/v2\/pages"}],"about":[{"href":"https:\/\/semmelweis.hu\/jogigfoig\/wp-json\/wp\/v2\/types\/page"}],"author":[{"embeddable":true,"href":"https:\/\/semmelweis.hu\/jogigfoig\/wp-json\/wp\/v2\/users\/101467"}],"replies":[{"embeddable":true,"href":"https:\/\/semmelweis.hu\/jogigfoig\/wp-json\/wp\/v2\/comments?post=88542"}],"version-history":[{"count":2,"href":"https:\/\/semmelweis.hu\/jogigfoig\/wp-json\/wp\/v2\/pages\/88542\/revisions"}],"predecessor-version":[{"id":99194,"href":"https:\/\/semmelweis.hu\/jogigfoig\/wp-json\/wp\/v2\/pages\/88542\/revisions\/99194"}],"up":[{"embeddable":true,"href":"https:\/\/semmelweis.hu\/jogigfoig\/wp-json\/wp\/v2\/pages\/8034"}],"wp:attachment":[{"href":"https:\/\/semmelweis.hu\/jogigfoig\/wp-json\/wp\/v2\/media?parent=88542"}],"wp:term":[{"taxonomy":"category","embeddable":true,"href":"https:\/\/semmelweis.hu\/jogigfoig\/wp-json\/wp\/v2\/categories?post=88542"},{"taxonomy":"post_tag","embeddable":true,"href":"https:\/\/semmelweis.hu\/jogigfoig\/wp-json\/wp\/v2\/tags?post=88542"}],"curies":[{"name":"wp","href":"https:\/\/api.w.org\/{rel}","templated":true}]}}