{"id":88338,"date":"2023-10-12T14:37:02","date_gmt":"2023-10-12T12:37:02","guid":{"rendered":"https:\/\/semmelweis.hu\/jogigfoig\/?page_id=88338"},"modified":"2024-12-04T14:18:08","modified_gmt":"2024-12-04T13:18:08","slug":"2023-oktober-5","status":"publish","type":"page","link":"https:\/\/semmelweis.hu\/jogigfoig\/testuletek\/szenatus\/2023-evi-szenatusi-hatarozatok\/2023-oktober-5\/","title":{"rendered":"2023. okt\u00f3ber 5."},"content":{"rendered":"<p style=\"text-align: justify\"><a href=\"https:\/\/semmelweis.hu\/jogigfoig\/files\/2023\/10\/74_2023_a-Szenatus-2023.-oszi-munkaterve.pdf\">A Semmelweis Egyetem\u00a0Szen\u00e1tus\u00e1nak\u00a074\/2023. (X.5.) sz\u00e1m\u00fa hat\u00e1rozata\u00a0a Szen\u00e1tus 2023. \u00e9vi \u0151szi munkaterv\u00e9r\u0151l<\/a><\/p>\n<p style=\"text-align: justify\"><a href=\"https:\/\/semmelweis.hu\/jogigfoig\/files\/2023\/10\/74_2023_melleklet_2023.-oszi-munkaterv.pdf\">A Semmelweis Egyetem Szen\u00e1tus\u00e1nak 74\/2023. (X.5.) sz\u00e1m\u00fa hat\u00e1rozata a Szen\u00e1tus 2023. \u00e9vi \u0151szi munkaterv\u00e9r\u0151l &#8211; 1. sz\u00e1m\u00fa mell\u00e9klet<\/a><\/p>\n<p style=\"text-align: justify\"><a href=\"https:\/\/semmelweis.hu\/jogigfoig\/files\/2024\/12\/75_2023_-szamu-hatarozat-a-Semmelweis-Egyetem-2022-2026.-idoszakra-vonatkozo-Vagyongazdalkodasi-tervenek-2022-2030-periodusra-torteno-modositasarol.pdf\">A Semmelweis Egyetem Szen\u00e1tus\u00e1nak 75\/2023. (X.5.) sz\u00e1m\u00fa hat\u00e1rozata a Semmelweis Egyetem 2022-2026. id\u0151szakra vonatkoz\u00f3 Vagyongazd\u00e1lkod\u00e1si terv\u00e9nek 2022-2030 peri\u00f3dusra t\u00f6rt\u00e9n\u0151 m\u00f3dos\u00edt\u00e1s\u00e1r\u00f3l<\/a><\/p>\n<p style=\"text-align: justify\"><a href=\"https:\/\/semmelweis.hu\/jogigfoig\/files\/2023\/10\/75_2023_melleklet-1_SE_Vagyongazdalkodasi-terv_2022-2030.pdf\">A Semmelweis Egyetem Szen\u00e1tus\u00e1nak 75\/2023. (X.5.) sz\u00e1m\u00fa hat\u00e1rozata a Semmelweis Egyetem 2022-2026. id\u0151szakra vonatkoz\u00f3 Vagyongazd\u00e1lkod\u00e1si terv\u00e9nek 2022-2030 peri\u00f3dusra t\u00f6rt\u00e9n\u0151 m\u00f3dos\u00edt\u00e1s\u00e1r\u00f3l &#8211; 1. sz\u00e1m\u00fa mell\u00e9klet<\/a><\/p>\n<p style=\"text-align: justify\"><a href=\"https:\/\/semmelweis.hu\/jogigfoig\/files\/2023\/10\/75_2023_melleklet-2_melleklet-a-vagyongazdalkodasi-tervhez.pdf\">A Semmelweis Egyetem Szen\u00e1tus\u00e1nak 75\/2023. (X.5.) sz\u00e1m\u00fa hat\u00e1rozata a Semmelweis Egyetem 2022-2026. id\u0151szakra vonatkoz\u00f3 Vagyongazd\u00e1lkod\u00e1si terv\u00e9nek 2022-2030 peri\u00f3dusra t\u00f6rt\u00e9n\u0151 m\u00f3dos\u00edt\u00e1s\u00e1r\u00f3l &#8211; 2. sz\u00e1m\u00fa mell\u00e9klet<\/a><\/p>\n<p style=\"text-align: justify\"><a href=\"https:\/\/semmelweis.hu\/jogigfoig\/files\/2023\/10\/76_2023_KK-ugyrend-modositas.pdf\">A Semmelweis Egyetem\u00a0Szen\u00e1tus\u00e1nak\u00a076\/2023. (X.5.) sz\u00e1m\u00fa hat\u00e1rozata\u00a0a Klinikai K\u00f6zpont Szervezeti \u00dcgyrendj\u00e9nek m\u00f3dos\u00edt\u00e1s\u00e1r\u00f3l<\/a><\/p>\n<p style=\"text-align: justify\"><a href=\"https:\/\/semmelweis.hu\/jogigfoig\/files\/2023\/10\/77_2023_Scientific-Editor-online-tovabbkepzes.pdf\">A Semmelweis Egyetem\u00a0Szen\u00e1tus\u00e1nak\u00a077\/2023. (X.5.) sz\u00e1m\u00fa hat\u00e1rozata\u00a0az angol nyelv\u0171 SCIENTIFIC EDITOR (tudom\u00e1nyos szerkeszt\u0151)\u00a0online nemzetk\u00f6zi szakir\u00e1ny\u00fa tov\u00e1bbk\u00e9pz\u00e9s l\u00e9tes\u00edt\u00e9s\u00e9r\u0151l<\/a><\/p>\n<p style=\"text-align: justify\"><a href=\"https:\/\/semmelweis.hu\/jogigfoig\/files\/2023\/10\/78_2023_ETT-szemelyi-osszetetel.pdf\">A Semmelweis Egyetem\u00a0Szen\u00e1tus\u00e1nak\u00a078\/2023. (X.5.) sz\u00e1m\u00fa hat\u00e1rozata\u00a0az Egyetemi Tudom\u00e1nyos Tan\u00e1cs szem\u00e9lyi \u00f6sszet\u00e9tel\u00e9nek meg\u00faj\u00edt\u00e1s\u00e1r\u00f3l<\/a><\/p>\n<p style=\"text-align: justify\"><a href=\"https:\/\/semmelweis.hu\/jogigfoig\/files\/2023\/10\/79_2023_FB-szemelyi-osszetetel.pdf\">A Semmelweis Egyetem\u00a0Szen\u00e1tus\u00e1nak\u00a079\/2023. (X.5.) sz\u00e1m\u00fa hat\u00e1rozata\u00a0a Fel\u00fclb\u00edr\u00e1lati Bizotts\u00e1g szem\u00e9lyi \u00f6sszet\u00e9tel\u00e9nek v\u00e1ltoz\u00e1s\u00e1r\u00f3l<\/a><\/p>\n<p style=\"text-align: justify\"><a href=\"https:\/\/semmelweis.hu\/jogigfoig\/files\/2023\/10\/80_2023_MAB-szemelyi-osszetetel.pdf\">A Semmelweis Egyetem\u00a0Szen\u00e1tus\u00e1nak 80\/2023. (X.5.) sz\u00e1m\u00fa hat\u00e1rozata\u00a0a Munkahelyi \u00c1llatj\u00f3l\u00e9ti Bizotts\u00e1g szem\u00e9lyi \u00f6sszet\u00e9tel\u00e9nek meg\u00faj\u00edt\u00e1s\u00e1r\u00f3l<\/a><\/p>\n<p style=\"text-align: justify\"><a href=\"https:\/\/semmelweis.hu\/jogigfoig\/files\/2023\/10\/81_2023_Semmelweis-Ignac-jutalomdij.pdf\">A Semmelweis Egyetem\u00a0Szen\u00e1tus\u00e1nak\u00a081\/2023. (X.5.) sz\u00e1m\u00fa hat\u00e1rozata\u00a0a 2023. \u00e9vi Semmelweis Ign\u00e1c eml\u00e9k\u00e9rem \u00e9s jutalomd\u00edj adom\u00e1nyoz\u00e1s\u00e1r\u00f3l<\/a><\/p>\n<p style=\"text-align: justify\"><a href=\"https:\/\/semmelweis.hu\/jogigfoig\/files\/2023\/10\/82_2023_Richter-Gedeon-emlekerem-es-jutalomdij.pdf\">A Semmelweis Egyetem\u00a0Szen\u00e1tus\u00e1nak\u00a082\/2023. (X.25.) sz\u00e1m\u00fa hat\u00e1rozata\u00a0a 2023. \u00e9vi Richter Gedeon eml\u00e9k\u00e9rem \u00e9s jutalomd\u00edj adom\u00e1nyoz\u00e1s\u00e1r\u00f3l<\/a><\/p>\n<p style=\"text-align: justify\"><a href=\"https:\/\/semmelweis.hu\/jogigfoig\/files\/2023\/10\/83_2023_Hugonnai-Vilma-emlekerem-es-jutalomdij.pdf\">A Semmelweis Egyetem\u00a0Szen\u00e1tus\u00e1nak\u00a083\/2023. (X.5.) sz\u00e1m\u00fa hat\u00e1rozata\u00a0a 2023. \u00e9vi Hugonnai Vilma eml\u00e9k\u00e9rem \u00e9s jutalomd\u00edj adom\u00e1nyoz\u00e1s\u00e1r\u00f3l<\/a><\/p>\n<p style=\"text-align: justify\"><a href=\"https:\/\/semmelweis.hu\/jogigfoig\/files\/2023\/10\/84_2023_Huzella-Tivadar-emlekerem-es-jutalomdij.pdf\">A Semmelweis Egyetem\u00a0Szen\u00e1tus\u00e1nak\u00a084\/2023. (X.5.) sz\u00e1m\u00fa hat\u00e1rozata\u00a0a 2023. \u00e9vi Huzella Tivadar eml\u00e9k\u00e9rem \u00e9s jutalomd\u00edj adom\u00e1nyoz\u00e1s\u00e1r\u00f3l<\/a><\/p>\n<p style=\"text-align: justify\"><a href=\"https:\/\/semmelweis.hu\/jogigfoig\/files\/2023\/10\/85_2023_Jendrassik-Erno-emlekerem-es-jutalomdij.pdf\">A Semmelweis Egyetem\u00a0Szen\u00e1tus\u00e1nak\u00a085\/2023. (X.5.) sz\u00e1m\u00fa hat\u00e1rozata\u00a0a 2023. \u00e9vi Jendrassik Ern\u0151 eml\u00e9k\u00e9rem \u00e9s jutalomd\u00edj adom\u00e1nyoz\u00e1s\u00e1r\u00f3l<\/a><\/p>\n<p style=\"text-align: justify\"><a href=\"https:\/\/semmelweis.hu\/jogigfoig\/files\/2023\/10\/86_2023_Hari-Maria-emlekerem-es-jutalomdij.pdf\">A Semmelweis Egyetem\u00a0Szen\u00e1tus\u00e1nak\u00a086\/2023. (X.5.) sz\u00e1m\u00fa hat\u00e1rozata\u00a0a 2023. \u00e9vi H\u00e1ri M\u00e1ria eml\u00e9k\u00e9rem \u00e9s jutalomd\u00edj adom\u00e1nyoz\u00e1s\u00e1r\u00f3l<\/a><\/p>\n<p style=\"text-align: justify\"><a href=\"https:\/\/semmelweis.hu\/jogigfoig\/files\/2023\/10\/87_2023_Semmelweis-Budapest-Award.pdf\">A Semmelweis Egyetem\u00a0Szen\u00e1tus\u00e1nak\u00a087\/2023. (X.5.) sz\u00e1m\u00fa hat\u00e1rozata\u00a0a 2023. \u00e9vi Semmelweis Budapest Award adom\u00e1nyoz\u00e1s\u00e1r\u00f3l<\/a><\/p>\n<p style=\"text-align: justify\"><a href=\"https:\/\/semmelweis.hu\/jogigfoig\/files\/2023\/10\/88_2023_Semmelweis-Innovacios-Dij.pdf\">A Semmelweis Egyetem\u00a0Szen\u00e1tus\u00e1nak\u00a088\/2023. (X.5.) sz\u00e1m\u00fa hat\u00e1rozata\u00a0a 2023. \u00e9vi Semmelweis Innov\u00e1ci\u00f3s D\u00edj adom\u00e1nyoz\u00e1s\u00e1r\u00f3l<\/a><\/p>\n<p style=\"text-align: justify\"><a href=\"https:\/\/semmelweis.hu\/jogigfoig\/files\/2023\/10\/89_2023_SzMSz-modositas-I-es-II-Konyv.pdf\">A Semmelweis Egyetem\u00a0Szen\u00e1tus\u00e1nak\u00a089\/2023. (X.5.) sz\u00e1m\u00fa hat\u00e1rozata\u00a0a Szervezeti \u00e9s M\u0171k\u00f6d\u00e9si Szab\u00e1lyzat I. \u00e9s II. K\u00f6nyv egyes\u00a0rendelkez\u00e9seinek m\u00f3dos\u00edt\u00e1s\u00e1r\u00f3l<\/a><\/p>\n<p style=\"text-align: justify\"><a href=\"https:\/\/semmelweis.hu\/jogigfoig\/files\/2023\/10\/89_2023_melleklet_SzMSz-modositas-I-es-II-Konyv.pdf\">A Semmelweis Egyetem Szen\u00e1tus\u00e1nak 89\/2023. (X.5.) sz\u00e1m\u00fa hat\u00e1rozata a Szervezeti \u00e9s M\u0171k\u00f6d\u00e9si Szab\u00e1lyzat I. \u00e9s II. K\u00f6nyv egyes rendelkez\u00e9seinek m\u00f3dos\u00edt\u00e1s\u00e1r\u00f3l &#8211; 1. sz\u00e1m\u00fa mell\u00e9klet<\/a><\/p>\n<p style=\"text-align: justify\"><a href=\"https:\/\/semmelweis.hu\/jogigfoig\/files\/2023\/10\/90_2023_SZEB-ugyrend-modositas.pdf\">A Semmelweis Egyetem Szen\u00e1tus\u00e1nak 90\/2023. (X.5.) sz\u00e1m\u00fa hat\u00e1rozata a Hallgat\u00f3k Szoci\u00e1lis \u00e9s Es\u00e9lyegyenl\u0151s\u00e9gi \u00dcgyeivel Foglalkoz\u00f3 Bizotts\u00e1g \u00dcgyrendj\u00e9nek\u00a0 m\u00f3dos\u00edt\u00e1s\u00e1r\u00f3l<\/a><\/p>\n<p style=\"text-align: justify\"><a href=\"https:\/\/semmelweis.hu\/jogigfoig\/files\/2023\/10\/91_2023_2023-2024-tantargyi-kovetelmenyrendszer-modositas-AOK.pdf\">A Semmelweis Egyetem\u00a0Szen\u00e1tus\u00e1nak\u00a091\/2023. (X.5.) sz\u00e1m\u00fa hat\u00e1rozata\u00a0az \u00c1ltal\u00e1nos Orvostudom\u00e1nyi Karon a 2023\/2024-es tan\u00e9vre beny\u00fajtott tant\u00e1rgyi k\u00f6vetelm\u00e9nyrendszerek ut\u00f3lagos m\u00f3dos\u00edt\u00e1s\u00e1r\u00f3l<\/a><\/p>\n<p style=\"text-align: justify\"><a href=\"https:\/\/semmelweis.hu\/jogigfoig\/files\/2023\/10\/92_2023_uj-szervezeti-egyseg-letrehozasa-_Pankreasz-Betegsegek-Intezete.pdf\">A Semmelweis Egyetem\u00a0Szen\u00e1tus\u00e1nak 92\/2023. (X.5.) sz\u00e1m\u00fa hat\u00e1rozata\u00a0a Pancreas Betegs\u00e9gek Tansz\u00e9ki Csoport Pankre\u00e1sz Betegs\u00e9gek Int\u00e9zet\u00e9be t\u00f6rt\u00e9n\u0151 beolvad\u00e1s\u00e1val l\u00e9trej\u00f6v\u0151 \u00faj szervezeti egys\u00e9g l\u00e9trehoz\u00e1s\u00e1r\u00f3l<\/a><\/p>\n<p style=\"text-align: justify\"><a href=\"https:\/\/semmelweis.hu\/jogigfoig\/files\/2023\/10\/93_2023_Neonatologia-Tanszek-letrehozasa-a-Gyermekgyogyaszati-Klinikan-belul.pdf\">A Semmelweis Egyetem\u00a0Szen\u00e1tus\u00e1nak\u00a093\/2023. (X.5.) sz\u00e1m\u00fa hat\u00e1rozata\u00a0a Neonatol\u00f3gia Tansz\u00e9k l\u00e9trehoz\u00e1s\u00e1r\u00f3l 2023. november 1. napj\u00e1t\u00f3l a Gyermekgy\u00f3gy\u00e1szati Klinik\u00e1n bel\u00fcl<\/a><\/p>\n<p style=\"text-align: justify\"><a href=\"https:\/\/semmelweis.hu\/jogigfoig\/files\/2023\/11\/94_2023_szabadkai-konduktor-BA-kepzes.pdf\">A Semmelweis Egyetem\u00a0Szen\u00e1tus\u00e1nak\u00a094\/2023. (X.5.) sz\u00e1m\u00fa hat\u00e1rozata\u00a0a szabadkai konduktor BA k\u00e9pz\u00e9s ind\u00edt\u00e1s\u00e1nak t\u00e1mogat\u00e1s\u00e1r\u00f3l<\/a><\/p>\n<p style=\"text-align: justify\"><a href=\"https:\/\/semmelweis.hu\/jogigfoig\/files\/2023\/11\/94_2023_melleklet_NEOA-nyilatkozat.pdf\">A Semmelweis Egyetem Szen\u00e1tus\u00e1nak 94\/2023. (X.5.) sz\u00e1m\u00fa hat\u00e1rozata a szabadkai konduktor BA k\u00e9pz\u00e9s ind\u00edt\u00e1s\u00e1nak t\u00e1mogat\u00e1s\u00e1r\u00f3l &#8211; 1. sz\u00e1m\u00fa mell\u00e9klet<\/a><\/p>\n<p style=\"text-align: justify\"><a href=\"https:\/\/semmelweis.hu\/jogigfoig\/files\/2023\/10\/95_2023_SzMSz-modositas.pdf\">A Semmelweis Egyetem\u00a0Szen\u00e1tus\u00e1nak\u00a095\/2023. (X.5.) sz\u00e1m\u00fa hat\u00e1rozata\u00a0a Szervezeti \u00e9s M\u0171k\u00f6d\u00e9si Szab\u00e1lyzat m\u00f3dos\u00edt\u00e1s\u00e1r\u00f3l<\/a><\/p>\n<p style=\"text-align: justify\"><a href=\"https:\/\/semmelweis.hu\/jogigfoig\/files\/2023\/10\/95_2023_melleklet_SzMSz-modositas.pdf\">A Semmelweis Egyetem Szen\u00e1tus\u00e1nak 95\/2023. (X.5.) sz\u00e1m\u00fa hat\u00e1rozata a Szervezeti \u00e9s M\u0171k\u00f6d\u00e9si Szab\u00e1lyzat m\u00f3dos\u00edt\u00e1s\u00e1r\u00f3l &#8211; 1. sz\u00e1m\u00fa mell\u00e9klet<\/a><\/p>\n<p style=\"text-align: justify\"><a href=\"https:\/\/semmelweis.hu\/jogigfoig\/files\/2023\/10\/96_2023_Batthyany-Strattmann-Laszlo-dij.pdf\">A Semmelweis Egyetem\u00a0Szen\u00e1tus\u00e1nak\u00a096\/2023. (X.5.) sz\u00e1m\u00fa hat\u00e1rozata\u00a0a miniszteri szint\u0171 kit\u00fcntet\u00e9sre t\u00f6rt\u00e9n\u0151 felterjeszt\u00e9sr\u0151l<\/a><\/p>\n<p style=\"text-align: justify\"><a href=\"https:\/\/semmelweis.hu\/jogigfoig\/files\/2023\/10\/97_2023_HOK-Alapszabaly-modositas.pdf\">A Semmelweis Egyetem\u00a0Szen\u00e1tus\u00e1nak\u00a097\/2023. (X.5.) sz\u00e1m\u00fa hat\u00e1rozata\u00a0a Hallgat\u00f3i \u00d6nkorm\u00e1nyzat Alapszab\u00e1ly\u00e1nak m\u00f3dos\u00edt\u00e1s\u00e1r\u00f3l<\/a><\/p>\n<p style=\"text-align: justify\">\u00a0<\/p>\n","protected":false},"excerpt":{"rendered":"<p><a href=\"https:\/\/semmelweis.hu\/jogigfoig\/files\/2023\/10\/74_2023_a-Szenatus-2023.-oszi-munkaterve.pdf\">A Semmelweis Egyetem\u00a0Szen\u00e1tus\u00e1nak\u00a074\/2023. (X.5.) sz\u00e1m\u00fa hat\u00e1rozata\u00a0a Szen\u00e1tus 2023. \u00e9vi \u0151szi munkaterv\u00e9r\u0151l<\/a><br \/>\n<a href=\"https:\/\/semmelweis.hu\/jogigfoig\/files\/2023\/10\/74_2023_melleklet_2023.-oszi-munkaterv.pdf\">A Semmelweis Egyetem Szen\u00e1tus\u00e1nak 74\/2023. (X.5.) sz\u00e1m\u00fa hat\u00e1rozata a Szen\u00e1tus 2023. \u00e9vi \u0151szi munkaterv\u00e9r\u0151l &#8211; 1. sz\u00e1m\u00fa mell\u00e9klet<\/a><br \/>\n<a href=\"https:\/\/semmelweis.hu\/jogigfoig\/files\/2024\/12\/75_2023_-szamu-hatarozat-a-Semmelweis-Egyetem-2022-2026.-idoszakra-vonatkozo-Vagyongazdalkodasi-tervenek-2022-2030-periodusra-torteno-modositasarol.pdf\">A Semmelweis Egyetem Szen\u00e1tus\u00e1nak 75\/2023. (X.5.) sz\u00e1m\u00fa hat\u00e1rozata a Semmelweis Egyetem 2022-2026. id\u0151szakra vonatkoz\u00f3 Vagyongazd\u00e1lkod\u00e1si terv\u00e9nek 2022-2030 peri\u00f3dusra t\u00f6rt\u00e9n\u0151 m\u00f3dos\u00edt\u00e1s\u00e1r\u00f3l<\/a><br \/>\n<a href=\"https:\/\/semmelweis.hu\/jogigfoig\/files\/2023\/10\/75_2023_melleklet-1_SE_Vagyongazdalkodasi-terv_2022-2030.pdf\">A Semmelweis Egyetem Szen\u00e1tus\u00e1nak 75\/2023. (X.5.) sz\u00e1m\u00fa hat\u00e1rozata a Semmelweis Egyetem 2022-2026. id\u0151szakra vonatkoz\u00f3 Vagyongazd\u00e1lkod\u00e1si terv\u00e9nek 2022-2030 peri\u00f3dusra t\u00f6rt\u00e9n\u0151 m\u00f3dos\u00edt\u00e1s\u00e1r\u00f3l &#8211; 1. sz\u00e1m\u00fa mell\u00e9klet<\/a><br \/>\n<a href=\"https:\/\/semmelweis.hu\/jogigfoig\/files\/2023\/10\/75_2023_melleklet-2_melleklet-a-vagyongazdalkodasi-tervhez.pdf\">A Semmelweis Egyetem Szen\u00e1tus\u00e1nak 75\/2023. (X.5.) sz\u00e1m\u00fa hat\u00e1rozata a Semmelweis Egyetem 2022-2026. id\u0151szakra vonatkoz\u00f3 Vagyongazd\u00e1lkod\u00e1si terv\u00e9nek 2022-2030 peri\u00f3dusra t\u00f6rt\u00e9n\u0151 m\u00f3dos\u00edt\u00e1s\u00e1r\u00f3l &#8211; 2. sz\u00e1m\u00fa mell\u00e9klet<\/a><br \/>\n<a href=\"https:\/\/semmelweis.hu\/jogigfoig\/files\/2023\/10\/76_2023_KK-ugyrend-modositas.pdf\">A Semmelweis Egyetem\u00a0Szen\u00e1tus\u00e1nak\u00a076\/2023. (X.5.) sz\u00e1m\u00fa hat\u00e1rozata\u00a0a Klinikai K\u00f6zpont Szervezeti \u00dcgyrendj\u00e9nek m\u00f3dos\u00edt\u00e1s\u00e1r\u00f3l<\/a><br \/>\n<a href=\"https:\/\/semmelweis.hu\/jogigfoig\/files\/2023\/10\/77_2023_Scientific-Editor-online-tovabbkepzes.pdf\">A Semmelweis Egyetem\u00a0Szen\u00e1tus\u00e1nak\u00a077\/2023. (X.5.) sz\u00e1m\u00fa hat\u00e1rozata\u00a0az angol nyelv\u0171 SCIENTIFIC EDITOR (tudom\u00e1nyos szerkeszt\u0151)\u00a0online nemzetk\u00f6zi szakir\u00e1ny\u00fa tov\u00e1bbk\u00e9pz\u00e9s l\u00e9tes\u00edt\u00e9s\u00e9r\u0151l<\/a><br \/>\n<a href=\"https:\/\/semmelweis.hu\/jogigfoig\/files\/2023\/10\/78_2023_ETT-szemelyi-osszetetel.pdf\">A Semmelweis Egyetem\u00a0Szen\u00e1tus\u00e1nak\u00a078\/2023. (X.5.) sz\u00e1m\u00fa hat\u00e1rozata\u00a0az Egyetemi Tudom\u00e1nyos Tan\u00e1cs szem\u00e9lyi \u00f6sszet\u00e9tel\u00e9nek meg\u00faj\u00edt\u00e1s\u00e1r\u00f3l<\/a><br \/>\n<a href=\"https:\/\/semmelweis.hu\/jogigfoig\/files\/2023\/10\/79_2023_FB-szemelyi-osszetetel.pdf\">A Semmelweis Egyetem\u00a0Szen\u00e1tus\u00e1nak\u00a079\/2023. (X.5.) sz\u00e1m\u00fa hat\u00e1rozata\u00a0a Fel\u00fclb\u00edr\u00e1lati Bizotts\u00e1g szem\u00e9lyi \u00f6sszet\u00e9tel\u00e9nek v\u00e1ltoz\u00e1s\u00e1r\u00f3l<\/a><br \/>\n<a href=\"https:\/\/semmelweis.hu\/jogigfoig\/files\/2023\/10\/80_2023_MAB-szemelyi-osszetetel.pdf\">A Semmelweis Egyetem\u00a0Szen\u00e1tus\u00e1nak 80\/2023. (X.5.) sz\u00e1m\u00fa hat\u00e1rozata\u00a0a Munkahelyi \u00c1llatj\u00f3l\u00e9ti Bizotts\u00e1g szem\u00e9lyi \u00f6sszet\u00e9tel\u00e9nek meg\u00faj\u00edt\u00e1s\u00e1r\u00f3l<\/a><br \/>\n<a href=\"https:\/\/semmelweis.hu\/jogigfoig\/files\/2023\/10\/81_2023_Semmelweis-Ignac-jutalomdij.pdf\">A Semmelweis Egyetem\u00a0Szen\u00e1tus\u00e1nak\u00a081\/2023. (X.5.) sz\u00e1m\u00fa hat\u00e1rozata\u00a0a 2023. \u00e9vi Semmelweis Ign\u00e1c eml\u00e9k\u00e9rem \u00e9s jutalomd\u00edj adom\u00e1nyoz\u00e1s\u00e1r\u00f3l<\/a><br \/>\n<a href=\"https:\/\/semmelweis.hu\/jogigfoig\/files\/2023\/10\/82_2023_Richter-Gedeon-emlekerem-es-jutalomdij.pdf\">A Semmelweis Egyetem\u00a0Szen\u00e1tus\u00e1nak\u00a082\/2023. (X.25.) sz\u00e1m\u00fa hat\u00e1rozata\u00a0a 2023. \u00e9vi Richter Gedeon eml\u00e9k\u00e9rem \u00e9s jutalomd\u00edj adom\u00e1nyoz\u00e1s\u00e1r\u00f3l<\/a><br \/>\n<a href=\"https:\/\/semmelweis.hu\/jogigfoig\/files\/2023\/10\/83_2023_Hugonnai-Vilma-emlekerem-es-jutalomdij.pdf\">A Semmelweis Egyetem\u00a0Szen\u00e1tus\u00e1nak\u00a083\/2023. (X.5.) sz\u00e1m\u00fa hat\u00e1rozata\u00a0a 2023. \u00e9vi Hugonnai Vilma eml\u00e9k\u00e9rem \u00e9s jutalomd\u00edj adom\u00e1nyoz\u00e1s\u00e1r\u00f3l<\/a><br \/>\n<a href=\"https:\/\/semmelweis.hu\/jogigfoig\/files\/2023\/10\/84_2023_Huzella-Tivadar-emlekerem-es-jutalomdij.pdf\">A Semmelweis Egyetem\u00a0Szen\u00e1tus\u00e1nak\u00a084\/2023. (X.5.) sz\u00e1m\u00fa hat\u00e1rozata\u00a0a 2023. \u00e9vi Huzella Tivadar eml\u00e9k\u00e9rem \u00e9s jutalomd\u00edj adom\u00e1nyoz\u00e1s\u00e1r\u00f3l<\/a><br \/>\n<a href=\"https:\/\/semmelweis.hu\/jogigfoig\/files\/2023\/10\/85_2023_Jendrassik-Erno-emlekerem-es-jutalomdij.pdf\">A Semmelweis Egyetem\u00a0Szen\u00e1tus\u00e1nak\u00a085\/2023. (X.5.) sz\u00e1m\u00fa hat\u00e1rozata\u00a0a 2023. \u00e9vi Jendrassik Ern\u0151 eml\u00e9k\u00e9rem \u00e9s jutalomd\u00edj adom\u00e1nyoz\u00e1s\u00e1r\u00f3l<\/a><br \/>\n<a href=\"https:\/\/semmelweis.hu\/jogigfoig\/files\/2023\/10\/86_2023_Hari-Maria-emlekerem-es-jutalomdij.pdf\">A Semmelweis Egyetem\u00a0Szen\u00e1tus\u00e1nak\u00a086\/2023. (X.5.) sz\u00e1m\u00fa hat\u00e1rozata\u00a0a 2023. \u00e9vi H\u00e1ri M\u00e1ria eml\u00e9k\u00e9rem \u00e9s jutalomd\u00edj adom\u00e1nyoz\u00e1s\u00e1r\u00f3l<\/a><br \/>\n<a href=\"https:\/\/semmelweis.hu\/jogigfoig\/files\/2023\/10\/87_2023_Semmelweis-Budapest-Award.pdf\">A Semmelweis Egyetem\u00a0Szen\u00e1tus\u00e1nak\u00a087\/2023. (X.5.) sz\u00e1m\u00fa hat\u00e1rozata\u00a0a 2023. \u00e9vi Semmelweis Budapest Award adom\u00e1nyoz\u00e1s\u00e1r\u00f3l<\/a><br \/>\n<a href=\"https:\/\/semmelweis.hu\/jogigfoig\/files\/2023\/10\/88_2023_Semmelweis-Innovacios-Dij.pdf\">A Semmelweis Egyetem\u00a0Szen\u00e1tus\u00e1nak\u00a088\/2023. (X.5.) sz\u00e1m\u00fa hat\u00e1rozata\u00a0a 2023. \u00e9vi Semmelweis Innov\u00e1ci\u00f3s D\u00edj adom\u00e1nyoz\u00e1s\u00e1r\u00f3l<\/a><br \/>\n<a href=\"https:\/\/semmelweis.hu\/jogigfoig\/files\/2023\/10\/89_2023_SzMSz-modositas-I-es-II-Konyv.pdf\">A Semmelweis Egyetem\u00a0Szen\u00e1tus\u00e1nak\u00a089\/2023. (X.5.) sz\u00e1m\u00fa hat\u00e1rozata\u00a0a Szervezeti \u00e9s M\u0171k\u00f6d\u00e9si Szab\u00e1lyzat I. \u00e9s II. K\u00f6nyv egyes\u00a0rendelkez\u00e9seinek m\u00f3dos\u00edt\u00e1s\u00e1r\u00f3l<\/a><br \/>\n<a href=\"https:\/\/semmelweis.hu\/jogigfoig\/files\/2023\/10\/89_2023_melleklet_SzMSz-modositas-I-es-II-Konyv.pdf\">A Semmelweis Egyetem Szen\u00e1tus\u00e1nak 89\/2023. (X.5.) sz\u00e1m\u00fa hat\u00e1rozata a Szervezeti \u00e9s M\u0171k\u00f6d\u00e9si Szab\u00e1lyzat I. \u00e9s II. K\u00f6nyv egyes rendelkez\u00e9seinek m\u00f3dos\u00edt\u00e1s\u00e1r\u00f3l &#8211; 1. sz\u00e1m\u00fa mell\u00e9klet<\/a><br \/>\n<a href=\"https:\/\/semmelweis.hu\/jogigfoig\/files\/2023\/10\/90_2023_SZEB-ugyrend-modositas.pdf\">A Semmelweis Egyetem Szen\u00e1tus\u00e1nak 90\/2023. (X.5.) sz\u00e1m\u00fa hat\u00e1rozata a Hallgat\u00f3k Szoci\u00e1lis \u00e9s Es\u00e9lyegyenl\u0151s\u00e9gi \u00dcgyeivel Foglalkoz\u00f3 Bizotts\u00e1g \u00dcgyrendj\u00e9nek\u00a0 m\u00f3dos\u00edt\u00e1s\u00e1r\u00f3l<\/a><br \/>\n<a href=\"https:\/\/semmelweis.hu\/jogigfoig\/files\/2023\/10\/91_2023_2023-2024-tantargyi-kovetelmenyrendszer-modositas-AOK.pdf\">A Semmelweis Egyetem\u00a0Szen\u00e1tus\u00e1nak\u00a091\/2023. (X.5.) sz\u00e1m\u00fa hat\u00e1rozata\u00a0az \u00c1ltal\u00e1nos Orvostudom\u00e1nyi Karon a 2023\/2024-es tan\u00e9vre beny\u00fajtott tant\u00e1rgyi k\u00f6vetelm\u00e9nyrendszerek ut\u00f3lagos m\u00f3dos\u00edt\u00e1s\u00e1r\u00f3l<\/a><br \/>\n<a href=\"https:\/\/semmelweis.hu\/jogigfoig\/files\/2023\/10\/92_2023_uj-szervezeti-egyseg-letrehozasa-_Pankreasz-Betegsegek-Intezete.pdf\">A Semmelweis Egyetem\u00a0Szen\u00e1tus\u00e1nak 92\/2023. (X.5.) sz\u00e1m\u00fa hat\u00e1rozata\u00a0a Pancreas Betegs\u00e9gek Tansz\u00e9ki Csoport Pankre\u00e1sz Betegs\u00e9gek Int\u00e9zet\u00e9be t\u00f6rt\u00e9n\u0151 beolvad\u00e1s\u00e1val l\u00e9trej\u00f6v\u0151 \u00faj szervezeti egys\u00e9g l\u00e9trehoz\u00e1s\u00e1r\u00f3l<\/a><br \/>\n<a href=\"https:\/\/semmelweis.hu\/jogigfoig\/files\/2023\/10\/93_2023_Neonatologia-Tanszek-letrehozasa-a-Gyermekgyogyaszati-Klinikan-belul.pdf\">A Semmelweis Egyetem\u00a0Szen\u00e1tus\u00e1nak\u00a093\/2023. (X.5.) sz\u00e1m\u00fa hat\u00e1rozata\u00a0a Neonatol\u00f3gia Tansz\u00e9k l\u00e9trehoz\u00e1s\u00e1r\u00f3l 2023. november 1. napj\u00e1t\u00f3l a Gyermekgy\u00f3gy\u00e1szati Klinik\u00e1n bel\u00fcl<\/a><br \/>\n<a href=\"https:\/\/semmelweis.hu\/jogigfoig\/files\/2023\/11\/94_2023_szabadkai-konduktor-BA-kepzes.pdf\">A Semmelweis Egyetem\u00a0Szen\u00e1tus\u00e1nak\u00a094\/2023. (X.5.) sz\u00e1m\u00fa hat\u00e1rozata\u00a0a szabadkai konduktor BA k\u00e9pz\u00e9s ind\u00edt\u00e1s\u00e1nak t\u00e1mogat\u00e1s\u00e1r\u00f3l<\/a><br \/>\n<a href=\"https:\/\/semmelweis.hu\/jogigfoig\/files\/2023\/11\/94_2023_melleklet_NEOA-nyilatkozat.pdf\">A Semmelweis Egyetem Szen\u00e1tus\u00e1nak 94\/2023. (X.5.) sz\u00e1m\u00fa hat\u00e1rozata a szabadkai konduktor BA k\u00e9pz\u00e9s ind\u00edt\u00e1s\u00e1nak t\u00e1mogat\u00e1s\u00e1r\u00f3l &#8211; 1. sz\u00e1m\u00fa mell\u00e9klet<\/a><br \/>\n<a href=\"https:\/\/semmelweis.hu\/jogigfoig\/files\/2023\/10\/95_2023_SzMSz-modositas.pdf\">A Semmelweis Egyetem\u00a0Szen\u00e1tus\u00e1nak\u00a095\/2023. (X.5.) sz\u00e1m\u00fa hat\u00e1rozata\u00a0a Szervezeti \u00e9s M\u0171k\u00f6d\u00e9si Szab\u00e1lyzat m\u00f3dos\u00edt\u00e1s\u00e1r\u00f3l<\/a><br \/>\n<a href=\"https:\/\/semmelweis.hu\/jogigfoig\/files\/2023\/10\/95_2023_melleklet_SzMSz-modositas.pdf\">A Semmelweis Egyetem Szen\u00e1tus\u00e1nak 95\/2023. (X.5.) sz\u00e1m\u00fa hat\u00e1rozata a Szervezeti \u00e9s M\u0171k\u00f6d\u00e9si Szab\u00e1lyzat m\u00f3dos\u00edt\u00e1s\u00e1r\u00f3l &#8211; 1. sz\u00e1m\u00fa mell\u00e9klet<\/a><br \/>\n<a href=\"https:\/\/semmelweis.hu\/jogigfoig\/files\/2023\/10\/96_2023_Batthyany-Strattmann-Laszlo-dij.pdf\">A Semmelweis Egyetem\u00a0Szen\u00e1tus\u00e1nak\u00a096\/2023. (X.5.) sz\u00e1m\u00fa hat\u00e1rozata\u00a0a miniszteri szint\u0171 kit\u00fcntet\u00e9sre t\u00f6rt\u00e9n\u0151 felterjeszt\u00e9sr\u0151l<\/a><br \/>\n<a href=\"https:\/\/semmelweis.hu\/jogigfoig\/files\/2023\/10\/97_2023_HOK-Alapszabaly-modositas.pdf\">A Semmelweis Egyetem\u00a0Szen\u00e1tus\u00e1nak\u00a097\/2023. (X.5.) sz\u00e1m\u00fa hat\u00e1rozata\u00a0a Hallgat\u00f3i \u00d6nkorm\u00e1nyzat Alapszab\u00e1ly\u00e1nak m\u00f3dos\u00edt\u00e1s\u00e1r\u00f3l<\/a><br \/>\n\u00a0<\/p>\n","protected":false},"author":101467,"featured_media":0,"parent":86448,"menu_order":9,"comment_status":"closed","ping_status":"closed","template":"","meta":{"_acf_changed":false,"footnotes":""},"categories":[],"tags":[],"class_list":["post-88338","page","type-page","status-publish","hentry"],"acf":[],"_links":{"self":[{"href":"https:\/\/semmelweis.hu\/jogigfoig\/wp-json\/wp\/v2\/pages\/88338","targetHints":{"allow":["GET"]}}],"collection":[{"href":"https:\/\/semmelweis.hu\/jogigfoig\/wp-json\/wp\/v2\/pages"}],"about":[{"href":"https:\/\/semmelweis.hu\/jogigfoig\/wp-json\/wp\/v2\/types\/page"}],"author":[{"embeddable":true,"href":"https:\/\/semmelweis.hu\/jogigfoig\/wp-json\/wp\/v2\/users\/101467"}],"replies":[{"embeddable":true,"href":"https:\/\/semmelweis.hu\/jogigfoig\/wp-json\/wp\/v2\/comments?post=88338"}],"version-history":[{"count":8,"href":"https:\/\/semmelweis.hu\/jogigfoig\/wp-json\/wp\/v2\/pages\/88338\/revisions"}],"predecessor-version":[{"id":95116,"href":"https:\/\/semmelweis.hu\/jogigfoig\/wp-json\/wp\/v2\/pages\/88338\/revisions\/95116"}],"up":[{"embeddable":true,"href":"https:\/\/semmelweis.hu\/jogigfoig\/wp-json\/wp\/v2\/pages\/86448"}],"wp:attachment":[{"href":"https:\/\/semmelweis.hu\/jogigfoig\/wp-json\/wp\/v2\/media?parent=88338"}],"wp:term":[{"taxonomy":"category","embeddable":true,"href":"https:\/\/semmelweis.hu\/jogigfoig\/wp-json\/wp\/v2\/categories?post=88338"},{"taxonomy":"post_tag","embeddable":true,"href":"https:\/\/semmelweis.hu\/jogigfoig\/wp-json\/wp\/v2\/tags?post=88338"}],"curies":[{"name":"wp","href":"https:\/\/api.w.org\/{rel}","templated":true}]}}