{"id":87613,"date":"2023-06-01T13:10:30","date_gmt":"2023-06-01T11:10:30","guid":{"rendered":"https:\/\/semmelweis.hu\/jogigfoig\/?page_id=87613"},"modified":"2023-06-05T09:54:44","modified_gmt":"2023-06-05T07:54:44","slug":"2023-majus-25","status":"publish","type":"page","link":"https:\/\/semmelweis.hu\/jogigfoig\/testuletek\/szenatus\/2023-evi-szenatusi-hatarozatok\/2023-majus-25\/","title":{"rendered":"2023. m\u00e1jus 25."},"content":{"rendered":"<p style=\"text-align: justify\"><a href=\"https:\/\/semmelweis.hu\/jogigfoig\/files\/2023\/06\/N_3_2023_hatarozat.pdf\">A Semmelweis Egyetem\u00a0Szen\u00e1tus\u00e1nak\u00a0N-3.2023. (V.25.) sz\u00e1m\u00fa hat\u00e1rozata\u00a0a szen\u00e1tusi \u00fcl\u00e9s napirendj\u00e9r\u0151l<\/a><\/p>\n<p style=\"text-align: justify\"><a href=\"https:\/\/semmelweis.hu\/jogigfoig\/files\/2023\/06\/38_2023_2002-evi-beszamolo-elfogadasa.pdf\">A Semmelweis Egyetem\u00a0Szen\u00e1tus\u00e1nak\u00a038\/2023. (V.25.) sz\u00e1m\u00fa hat\u00e1rozata\u00a0a Semmelweis Egyetem sz\u00e1mviteli t\u00f6rv\u00e9ny szerinti \u00e9vi besz\u00e1mol\u00f3j\u00e1nak elfogad\u00e1s\u00e1r\u00f3l<\/a><\/p>\n<p style=\"text-align: justify\"><a href=\"https:\/\/semmelweis.hu\/jogigfoig\/files\/2023\/06\/39_2023_TVSZ-modositas.pdf\">A Semmelweis Egyetem\u00a0Szen\u00e1tus\u00e1nak\u00a039\/2023. (V.25.) sz\u00e1m\u00fa hat\u00e1rozata\u00a0a Tanulm\u00e1nyi \u00e9s Vizsgaszab\u00e1lyzat nemzeti fels\u0151oktat\u00e1sr\u00f3l sz\u00f3l\u00f3 t\u00f6rv\u00e9ny\u00a0m\u00f3dos\u00edt\u00e1saival \u00f6sszef\u00fcgg\u0151 m\u00f3dos\u00edt\u00e1s\u00e1r\u00f3l<\/a><\/p>\n<p style=\"text-align: justify\"><a href=\"https:\/\/semmelweis.hu\/jogigfoig\/files\/2023\/06\/39_2023_Melleklet_HOK-egyetertes.pdf\">A Semmelweis Egyetem Szen\u00e1tus\u00e1nak 39\/2023. (V.25.) sz\u00e1m\u00fa hat\u00e1rozata a Tanulm\u00e1nyi \u00e9s Vizsgaszab\u00e1lyzat nemzeti fels\u0151oktat\u00e1sr\u00f3l sz\u00f3l\u00f3 t\u00f6rv\u00e9ny m\u00f3dos\u00edt\u00e1saival \u00f6sszef\u00fcgg\u0151 m\u00f3dos\u00edt\u00e1s\u00e1r\u00f3l &#8211;\u00a0Hallgat\u00f3i \u00d6nkorm\u00e1nyzat egyet\u00e9rt\u00e9s<\/a><\/p>\n<p style=\"text-align: justify\"><a href=\"https:\/\/semmelweis.hu\/jogigfoig\/files\/2023\/06\/39_2023_melleklet.pdf\">A Semmelweis Egyetem Szen\u00e1tus\u00e1nak 39\/2023. (V.25.) sz\u00e1m\u00fa hat\u00e1rozata a Tanulm\u00e1nyi \u00e9s Vizsgaszab\u00e1lyzat nemzeti fels\u0151oktat\u00e1sr\u00f3l sz\u00f3l\u00f3 t\u00f6rv\u00e9ny m\u00f3dos\u00edt\u00e1saival \u00f6sszef\u00fcgg\u0151 m\u00f3dos\u00edt\u00e1s\u00e1r\u00f3l &#8211; 1. sz\u00e1m\u00fa mell\u00e9klet<\/a><\/p>\n<p style=\"text-align: justify\"><a href=\"https:\/\/semmelweis.hu\/jogigfoig\/files\/2023\/06\/40_2023_2024-ben-bevezetendo-uj-felveteli-eljarasi-rend.pdf\">A Semmelweis Egyetem\u00a0Szen\u00e1tus\u00e1nak\u00a040\/2023. (V.25.) sz\u00e1m\u00fa hat\u00e1rozata\u00a0a 2024-ben bevezetend\u0151 \u00faj felv\u00e9teli elj\u00e1r\u00e1si renddel \u00f6sszef\u00fcgg\u0151 feladatokr\u00f3l<\/a><\/p>\n<p style=\"text-align: justify\"><a href=\"https:\/\/semmelweis.hu\/jogigfoig\/files\/2023\/06\/41_2023_mintatanterv_modositas.pdf\">A Semmelweis Egyetem\u00a0Szen\u00e1tus\u00e1nak\u00a041\/2023. (V.25.) sz\u00e1m\u00fa hat\u00e1rozata\u00a0az egyes szakok mintatanterveinek az idegen nyelvi k\u00f6vetelm\u00e9nyek\u00a0v\u00e1ltoz\u00e1s\u00e1val \u00f6sszef\u00fcgg\u0151 m\u00f3dos\u00edt\u00e1s\u00e1r\u00f3l<\/a><\/p>\n<p style=\"text-align: justify\"><a href=\"https:\/\/semmelweis.hu\/jogigfoig\/files\/2023\/06\/42_2023_szabadon-valasztott-targykent-elismert-konferenciak.pdf\">A Semmelweis Egyetem\u00a0Szen\u00e1tus\u00e1nak\u00a042\/2023. (V.25.) sz\u00e1m\u00fa hat\u00e1rozata\u00a0a 2023\/24-es tan\u00e9v els\u0151 f\u00e9l\u00e9v\u00e9ben szabadon v\u00e1lasztott t\u00e1rgyk\u00e9nt elismert konferenci\u00e1k, tudom\u00e1nyos szakmai rendezv\u00e9nyek, tov\u00e1bb\u00e1 egy\u00e9b, tant\u00e1rgy helyettes\u00edt\u0151 \u00f6nk\u00e9ntes tev\u00e9kenys\u00e9gek k\u00f6r\u00e9nek meghat\u00e1roz\u00e1s\u00e1r\u00f3l<\/a><\/p>\n<p style=\"text-align: justify\"><a href=\"https:\/\/semmelweis.hu\/jogigfoig\/files\/2023\/06\/42_2023_Melleklet.pdf\">A Semmelweis Egyetem Szen\u00e1tus\u00e1nak 42\/2023. (V.25.) sz\u00e1m\u00fa hat\u00e1rozata a 2023\/24-es tan\u00e9v els\u0151 f\u00e9l\u00e9v\u00e9ben szabadon v\u00e1lasztott t\u00e1rgyk\u00e9nt elismert konferenci\u00e1k, tudom\u00e1nyos szakmai rendezv\u00e9nyek, tov\u00e1bb\u00e1 egy\u00e9b, tant\u00e1rgy helyettes\u00edt\u0151 \u00f6nk\u00e9ntes tev\u00e9kenys\u00e9gek k\u00f6r\u00e9nek meghat\u00e1roz\u00e1s\u00e1r\u00f3l &#8211; 1. sz\u00e1m\u00fa mell\u00e9klet<\/a><\/p>\n<p style=\"text-align: justify\"><a href=\"https:\/\/semmelweis.hu\/jogigfoig\/files\/2023\/06\/43_2023_Farmakologiai-es-Gyogyszerkutatas-fejlesztesi-Kozpont.pdf\">A Semmelweis Egyetem\u00a0Szen\u00e1tus\u00e1nak\u00a043\/2023. (V.25.) sz\u00e1m\u00fa hat\u00e1rozata\u00a0a Farmakol\u00f3giai \u00e9s Gy\u00f3gyszerkutat\u00e1s-fejleszt\u00e9si K\u00f6zpont l\u00e9trehoz\u00e1s\u00e1r\u00f3l<\/a><\/p>\n<p style=\"text-align: justify\"><a href=\"https:\/\/semmelweis.hu\/jogigfoig\/files\/2023\/06\/44_2023_SzMSz-modositas.pdf\">A Semmelweis Egyetem\u00a0Szen\u00e1tus\u00e1nak\u00a044\/2023. (V.25.) sz\u00e1m\u00fa hat\u00e1rozata\u00a0a Szervezeti \u00e9s M\u0171k\u00f6d\u00e9si Szab\u00e1lyzat egyes rendelkez\u00e9sek m\u00f3dos\u00edt\u00e1s\u00e1r\u00f3l<\/a><\/p>\n<p style=\"text-align: justify\"><a href=\"https:\/\/semmelweis.hu\/jogigfoig\/files\/2023\/06\/44_2023_Melleklet_1.pdf\">A Semmelweis Egyetem Szen\u00e1tus\u00e1nak 44\/2023. (V.25.) sz\u00e1m\u00fa hat\u00e1rozata a Szervezeti \u00e9s M\u0171k\u00f6d\u00e9si Szab\u00e1lyzat egyes rendelkez\u00e9sek m\u00f3dos\u00edt\u00e1s\u00e1r\u00f3l &#8211; 1. sz\u00e1m\u00fa mell\u00e9klet<\/a><\/p>\n<p style=\"text-align: justify\"><a href=\"https:\/\/semmelweis.hu\/jogigfoig\/files\/2023\/06\/44_2023_Melleklet_2a.pdf\">A Semmelweis Egyetem\u00a0Szen\u00e1tus\u00e1nak\u00a044\/2023. (V.25.) sz\u00e1m\u00fa hat\u00e1rozata\u00a0a Szervezeti \u00e9s M\u0171k\u00f6d\u00e9si Szab\u00e1lyzat egyes rendelkez\u00e9sek m\u00f3dos\u00edt\u00e1s\u00e1r\u00f3l &#8211; 2\/a. sz\u00e1m\u00fa mell\u00e9klet<\/a><\/p>\n<p style=\"text-align: justify\"><a href=\"https:\/\/semmelweis.hu\/jogigfoig\/files\/2023\/06\/44_2023_Melleklet_2b.pdf\">A Semmelweis Egyetem\u00a0Szen\u00e1tus\u00e1nak\u00a044\/2023. (V.25.) sz\u00e1m\u00fa hat\u00e1rozata\u00a0a Szervezeti \u00e9s M\u0171k\u00f6d\u00e9si Szab\u00e1lyzat egyes rendelkez\u00e9sek m\u00f3dos\u00edt\u00e1s\u00e1r\u00f3l &#8211; 2\/b. sz\u00e1m\u00fa mell\u00e9klet<\/a><\/p>\n<p style=\"text-align: justify\"><a href=\"https:\/\/semmelweis.hu\/jogigfoig\/files\/2023\/06\/44_2023_Melleklet_2c.pdf\">A Semmelweis Egyetem\u00a0Szen\u00e1tus\u00e1nak\u00a044\/2023. (V.25.) sz\u00e1m\u00fa hat\u00e1rozata\u00a0a Szervezeti \u00e9s M\u0171k\u00f6d\u00e9si Szab\u00e1lyzat egyes rendelkez\u00e9sek m\u00f3dos\u00edt\u00e1s\u00e1r\u00f3l &#8211; 2\/c. sz\u00e1m\u00fa mell\u00e9klet<\/a><\/p>\n<p style=\"text-align: justify\"><a href=\"https:\/\/semmelweis.hu\/jogigfoig\/files\/2023\/06\/44_2023_Melleklet_3.pdf\">A Semmelweis Egyetem\u00a0Szen\u00e1tus\u00e1nak\u00a044\/2023. (V.25.) sz\u00e1m\u00fa hat\u00e1rozata\u00a0a Szervezeti \u00e9s M\u0171k\u00f6d\u00e9si Szab\u00e1lyzat egyes rendelkez\u00e9sek m\u00f3dos\u00edt\u00e1s\u00e1r\u00f3l &#8211; 3. sz\u00e1m\u00fa mell\u00e9klet<\/a><\/p>\n<p style=\"text-align: justify\"><a href=\"https:\/\/semmelweis.hu\/jogigfoig\/files\/2023\/06\/45_2023_GYTK-Kreditatviteli-es-Oktatasi-Biz-ugyrend.pdf\">A Semmelweis Egyetem\u00a0Szen\u00e1tus\u00e1nak\u00a045\/2023. (V.25.) sz\u00e1m\u00fa hat\u00e1rozata\u00a0a Szen\u00e1tus \u00e1ltal l\u00e9trehozott \u00e9s a Gy\u00f3gyszer\u00e9sztudom\u00e1nyi Karon m\u0171k\u00f6d\u0151\u00a0Kredit\u00e1tviteli \u00e9s Oktat\u00e1si Bizotts\u00e1g \u00fcgyrendj\u00e9nek elfogad\u00e1s\u00e1r\u00f3l<\/a><\/p>\n<p style=\"text-align: justify\"><a href=\"https:\/\/semmelweis.hu\/jogigfoig\/files\/2023\/06\/45_2023_melleklet_GYTK-KAOB-ugyrend.pdf\">A Semmelweis Egyetem Szen\u00e1tus\u00e1nak 45\/2023. (V.25.) sz\u00e1m\u00fa hat\u00e1rozata a Szen\u00e1tus \u00e1ltal l\u00e9trehozott \u00e9s a Gy\u00f3gyszer\u00e9sztudom\u00e1nyi Karon m\u0171k\u00f6d\u0151 Kredit\u00e1tviteli \u00e9s Oktat\u00e1si Bizotts\u00e1g \u00fcgyrendj\u00e9nek elfogad\u00e1s\u00e1r\u00f3l &#8211; 1. sz\u00e1m\u00fa mell\u00e9klet<\/a><\/p>\n<p style=\"text-align: justify\"><a href=\"https:\/\/semmelweis.hu\/jogigfoig\/files\/2023\/06\/46_2023_EKK_EMK_egeszsegugyi_adattudomany_MSc_inditas.pdf\">A Semmelweis Egyetem\u00a0Szen\u00e1tus\u00e1nak\u00a046\/2023. (V.25.) sz\u00e1m\u00fa hat\u00e1rozata\u00a0az Eg\u00e9szs\u00e9g\u00fcgyi K\u00f6zszolg\u00e1lati Kar Eg\u00e9szs\u00e9g\u00fcgyi Menedzserk\u00e9pz\u0151 K\u00f6zpont\u00a0eg\u00e9szs\u00e9g\u00fcgyi adattudom\u00e1ny mesterk\u00e9pz\u00e9si szak ind\u00edt\u00e1s\u00e1r\u00f3l<\/a><\/p>\n<p style=\"text-align: justify\"><a href=\"https:\/\/semmelweis.hu\/jogigfoig\/files\/2023\/06\/46_2023_Melleklet.pdf\">A Semmelweis Egyetem Szen\u00e1tus\u00e1nak 46\/2023. (V.25.) sz\u00e1m\u00fa hat\u00e1rozata az Eg\u00e9szs\u00e9g\u00fcgyi K\u00f6zszolg\u00e1lati Kar Eg\u00e9szs\u00e9g\u00fcgyi Menedzserk\u00e9pz\u0151 K\u00f6zpont eg\u00e9szs\u00e9g\u00fcgyi adattudom\u00e1ny mesterk\u00e9pz\u00e9si szak ind\u00edt\u00e1s\u00e1r\u00f3l &#8211; 1. sz\u00e1m\u00fa mell\u00e9klet<\/a><\/p>\n<p style=\"text-align: justify\"><a href=\"https:\/\/semmelweis.hu\/jogigfoig\/files\/2023\/06\/47_2023_EKK_EMK_EMBM_MSc_inditas.pdf\">A Semmelweis Egyetem\u00a0Szen\u00e1tus\u00e1nak\u00a047\/2023. (V.25.) sz\u00e1m\u00fa hat\u00e1rozata\u00a0az Eg\u00e9szs\u00e9g\u00fcgyi K\u00f6zszolg\u00e1lati Kar Eg\u00e9szs\u00e9g\u00fcgyi Menedzserk\u00e9pz\u0151 K\u00f6zpont eg\u00e9szs\u00e9g\u00fcgyi-min\u0151s\u00e9g\u00fcgyi \u00e9s betegbiztons\u00e1gi menedzsment mesterk\u00e9pz\u00e9si szak ind\u00edt\u00e1s\u00e1r\u00f3l<\/a><\/p>\n<p style=\"text-align: justify\"><a href=\"https:\/\/semmelweis.hu\/jogigfoig\/files\/2023\/06\/47_2023_Melleklet.pdf\">A Semmelweis Egyetem Szen\u00e1tus\u00e1nak 47\/2023. (V.25.) sz\u00e1m\u00fa hat\u00e1rozata az Eg\u00e9szs\u00e9g\u00fcgyi K\u00f6zszolg\u00e1lati Kar Eg\u00e9szs\u00e9g\u00fcgyi Menedzserk\u00e9pz\u0151 K\u00f6zpont eg\u00e9szs\u00e9g\u00fcgyi-min\u0151s\u00e9g\u00fcgyi \u00e9s betegbiztons\u00e1gi menedzsment mesterk\u00e9pz\u00e9si szak ind\u00edt\u00e1s\u00e1r\u00f3l &#8211; 1. sz\u00e1m\u00fa mell\u00e9klet<\/a><\/p>\n<p style=\"text-align: justify\"><a href=\"https:\/\/semmelweis.hu\/jogigfoig\/files\/2023\/06\/48_2023_Doktori-Szabalyzat-es-mellekleteinek-modositasa_.pdf\">A Semmelweis Egyetem\u00a0Szen\u00e1tus\u00e1nak\u00a048\/2023. (V.25.) sz\u00e1m\u00fa hat\u00e1rozata\u00a0a Doktori Szab\u00e1lyzat \u00e9s mell\u00e9kleteinek m\u00f3dos\u00edt\u00e1s\u00e1r\u00f3l<\/a><\/p>\n<p style=\"text-align: justify\"><a href=\"https:\/\/semmelweis.hu\/jogigfoig\/files\/2023\/06\/48_2023_DOK-egyetertes_.pdf\">A Semmelweis Egyetem Szen\u00e1tus\u00e1nak 48\/2023. (V.25.) sz\u00e1m\u00fa hat\u00e1rozata a Doktori Szab\u00e1lyzat \u00e9s mell\u00e9kleteinek m\u00f3dos\u00edt\u00e1s\u00e1r\u00f3l &#8211; Doktorandusz \u00d6nkorm\u00e1nyzat egyet\u00e9rt\u00e9s<\/a><\/p>\n<p style=\"text-align: justify\"><a href=\"https:\/\/semmelweis.hu\/jogigfoig\/files\/2023\/06\/48_2023_1-sz-melleklet_.pdf\">A Semmelweis Egyetem Szen\u00e1tus\u00e1nak 48\/2023. (V.25.) sz\u00e1m\u00fa hat\u00e1rozata a Doktori Szab\u00e1lyzat \u00e9s mell\u00e9kleteinek m\u00f3dos\u00edt\u00e1s\u00e1r\u00f3l &#8211; 1. sz\u00e1m\u00fa mell\u00e9klet<\/a><\/p>\n<p style=\"text-align: justify\"><a href=\"https:\/\/semmelweis.hu\/jogigfoig\/files\/2023\/06\/48_2023_2a-melleklet_.pdf\">A Semmelweis Egyetem Szen\u00e1tus\u00e1nak 48\/2023. (V.25.) sz\u00e1m\u00fa hat\u00e1rozata a Doktori Szab\u00e1lyzat \u00e9s mell\u00e9kleteinek m\u00f3dos\u00edt\u00e1s\u00e1r\u00f3l &#8211; 2\/a. sz\u00e1m\u00fa mell\u00e9klet<\/a><\/p>\n<p style=\"text-align: justify\"><a href=\"https:\/\/semmelweis.hu\/jogigfoig\/files\/2023\/06\/48_2023_2b-melleklet_.pdf\">A Semmelweis Egyetem Szen\u00e1tus\u00e1nak 48\/2023. (V.25.) sz\u00e1m\u00fa hat\u00e1rozata a Doktori Szab\u00e1lyzat \u00e9s mell\u00e9kleteinek m\u00f3dos\u00edt\u00e1s\u00e1r\u00f3l &#8211; 2\/b. sz\u00e1m\u00fa mell\u00e9klet<\/a><\/p>\n<p style=\"text-align: justify\"><a href=\"https:\/\/semmelweis.hu\/jogigfoig\/files\/2023\/06\/49_2023_Prof-Emeritus-cim.pdf\">A Semmelweis Egyetem\u00a0Szen\u00e1tus\u00e1nak\u00a049\/2023. (V.25.) sz\u00e1m\u00fa hat\u00e1rozata\u00a0a Professor Emeritus c\u00edm oda\u00edt\u00e9l\u00e9s\u00e9r\u0151l<\/a><\/p>\n<p style=\"text-align: justify\"><a href=\"https:\/\/semmelweis.hu\/jogigfoig\/files\/2023\/06\/50_2023_arany-pecsetgyuru.pdf\">A Semmelweis Egyetem\u00a0Szen\u00e1tus\u00e1nak\u00a050\/2023. (V.25.) sz\u00e1m\u00fa hat\u00e1rozata\u00a0az Egyetem c\u00edmer\u00e9vel d\u00edsz\u00edtett arany pecs\u00e9tgy\u0171r\u0171 kit\u00fcntet\u00e9s adom\u00e1nyoz\u00e1s\u00e1r\u00f3l<\/a><\/p>\n<p style=\"text-align: justify\"><a href=\"https:\/\/semmelweis.hu\/jogigfoig\/files\/2023\/06\/51_2023_aktualis-vezetoi-palyazatok.pdf\">A Semmelweis Egyetem\u00a0Szen\u00e1tus\u00e1nak\u00a051\/2023. (V.25.) sz\u00e1m\u00fa hat\u00e1rozata\u00a0az aktu\u00e1lis vezet\u0151i p\u00e1ly\u00e1zatok v\u00e9lem\u00e9nyez\u00e9s\u00e9r\u0151l<\/a><\/p>\n","protected":false},"excerpt":{"rendered":"<p><a href=\"https:\/\/semmelweis.hu\/jogigfoig\/files\/2023\/06\/N_3_2023_hatarozat.pdf\">A Semmelweis Egyetem\u00a0Szen\u00e1tus\u00e1nak\u00a0N-3.2023. (V.25.) sz\u00e1m\u00fa hat\u00e1rozata\u00a0a szen\u00e1tusi \u00fcl\u00e9s napirendj\u00e9r\u0151l<\/a><br \/>\n<a href=\"https:\/\/semmelweis.hu\/jogigfoig\/files\/2023\/06\/38_2023_2002-evi-beszamolo-elfogadasa.pdf\">A Semmelweis Egyetem\u00a0Szen\u00e1tus\u00e1nak\u00a038\/2023. (V.25.) sz\u00e1m\u00fa hat\u00e1rozata\u00a0a Semmelweis Egyetem sz\u00e1mviteli t\u00f6rv\u00e9ny szerinti \u00e9vi besz\u00e1mol\u00f3j\u00e1nak elfogad\u00e1s\u00e1r\u00f3l<\/a><br \/>\n<a href=\"https:\/\/semmelweis.hu\/jogigfoig\/files\/2023\/06\/39_2023_TVSZ-modositas.pdf\">A Semmelweis Egyetem\u00a0Szen\u00e1tus\u00e1nak\u00a039\/2023. (V.25.) sz\u00e1m\u00fa hat\u00e1rozata\u00a0a Tanulm\u00e1nyi \u00e9s Vizsgaszab\u00e1lyzat nemzeti fels\u0151oktat\u00e1sr\u00f3l sz\u00f3l\u00f3 t\u00f6rv\u00e9ny\u00a0m\u00f3dos\u00edt\u00e1saival \u00f6sszef\u00fcgg\u0151 m\u00f3dos\u00edt\u00e1s\u00e1r\u00f3l<\/a><br \/>\n<a href=\"https:\/\/semmelweis.hu\/jogigfoig\/files\/2023\/06\/39_2023_Melleklet_HOK-egyetertes.pdf\">A Semmelweis Egyetem Szen\u00e1tus\u00e1nak 39\/2023. (V.25.) sz\u00e1m\u00fa hat\u00e1rozata a Tanulm\u00e1nyi \u00e9s Vizsgaszab\u00e1lyzat nemzeti fels\u0151oktat\u00e1sr\u00f3l sz\u00f3l\u00f3 t\u00f6rv\u00e9ny m\u00f3dos\u00edt\u00e1saival \u00f6sszef\u00fcgg\u0151 m\u00f3dos\u00edt\u00e1s\u00e1r\u00f3l &#8211;\u00a0Hallgat\u00f3i \u00d6nkorm\u00e1nyzat egyet\u00e9rt\u00e9s<\/a><br \/>\n<a href=\"https:\/\/semmelweis.hu\/jogigfoig\/files\/2023\/06\/39_2023_melleklet.pdf\">A Semmelweis Egyetem Szen\u00e1tus\u00e1nak 39\/2023. (V.25.) sz\u00e1m\u00fa hat\u00e1rozata a Tanulm\u00e1nyi \u00e9s Vizsgaszab\u00e1lyzat nemzeti fels\u0151oktat\u00e1sr\u00f3l sz\u00f3l\u00f3 t\u00f6rv\u00e9ny m\u00f3dos\u00edt\u00e1saival \u00f6sszef\u00fcgg\u0151 m\u00f3dos\u00edt\u00e1s\u00e1r\u00f3l &#8211; 1. sz\u00e1m\u00fa mell\u00e9klet<\/a><br \/>\n<a href=\"https:\/\/semmelweis.hu\/jogigfoig\/files\/2023\/06\/40_2023_2024-ben-bevezetendo-uj-felveteli-eljarasi-rend.pdf\">A Semmelweis Egyetem\u00a0Szen\u00e1tus\u00e1nak\u00a040\/2023. (V.25.) sz\u00e1m\u00fa hat\u00e1rozata\u00a0a 2024-ben bevezetend\u0151 \u00faj felv\u00e9teli elj\u00e1r\u00e1si renddel \u00f6sszef\u00fcgg\u0151 feladatokr\u00f3l<\/a><br \/>\n<a href=\"https:\/\/semmelweis.hu\/jogigfoig\/files\/2023\/06\/41_2023_mintatanterv_modositas.pdf\">A Semmelweis Egyetem\u00a0Szen\u00e1tus\u00e1nak\u00a041\/2023. (V.25.) sz\u00e1m\u00fa hat\u00e1rozata\u00a0az egyes szakok mintatanterveinek az idegen nyelvi k\u00f6vetelm\u00e9nyek\u00a0v\u00e1ltoz\u00e1s\u00e1val \u00f6sszef\u00fcgg\u0151 m\u00f3dos\u00edt\u00e1s\u00e1r\u00f3l<\/a><br \/>\n<a href=\"https:\/\/semmelweis.hu\/jogigfoig\/files\/2023\/06\/42_2023_szabadon-valasztott-targykent-elismert-konferenciak.pdf\">A Semmelweis Egyetem\u00a0Szen\u00e1tus\u00e1nak\u00a042\/2023. (V.25.) sz\u00e1m\u00fa hat\u00e1rozata\u00a0a 2023\/24-es tan\u00e9v els\u0151 f\u00e9l\u00e9v\u00e9ben szabadon v\u00e1lasztott t\u00e1rgyk\u00e9nt elismert konferenci\u00e1k, tudom\u00e1nyos szakmai rendezv\u00e9nyek, tov\u00e1bb\u00e1 egy\u00e9b, tant\u00e1rgy helyettes\u00edt\u0151 \u00f6nk\u00e9ntes tev\u00e9kenys\u00e9gek k\u00f6r\u00e9nek meghat\u00e1roz\u00e1s\u00e1r\u00f3l<\/a><br \/>\n<a href=\"https:\/\/semmelweis.hu\/jogigfoig\/files\/2023\/06\/42_2023_Melleklet.pdf\">A Semmelweis Egyetem Szen\u00e1tus\u00e1nak 42\/2023. (V.25.) sz\u00e1m\u00fa hat\u00e1rozata a 2023\/24-es tan\u00e9v els\u0151 f\u00e9l\u00e9v\u00e9ben szabadon v\u00e1lasztott t\u00e1rgyk\u00e9nt elismert konferenci\u00e1k, tudom\u00e1nyos szakmai rendezv\u00e9nyek, tov\u00e1bb\u00e1 egy\u00e9b, tant\u00e1rgy helyettes\u00edt\u0151 \u00f6nk\u00e9ntes tev\u00e9kenys\u00e9gek k\u00f6r\u00e9nek meghat\u00e1roz\u00e1s\u00e1r\u00f3l &#8211; 1. sz\u00e1m\u00fa mell\u00e9klet<\/a><br \/>\n<a href=\"https:\/\/semmelweis.hu\/jogigfoig\/files\/2023\/06\/43_2023_Farmakologiai-es-Gyogyszerkutatas-fejlesztesi-Kozpont.pdf\">A Semmelweis Egyetem\u00a0Szen\u00e1tus\u00e1nak\u00a043\/2023. (V.25.) sz\u00e1m\u00fa hat\u00e1rozata\u00a0a Farmakol\u00f3giai \u00e9s Gy\u00f3gyszerkutat\u00e1s-fejleszt\u00e9si K\u00f6zpont l\u00e9trehoz\u00e1s\u00e1r\u00f3l<\/a><br \/>\n<a href=\"https:\/\/semmelweis.hu\/jogigfoig\/files\/2023\/06\/44_2023_SzMSz-modositas.pdf\">A Semmelweis Egyetem\u00a0Szen\u00e1tus\u00e1nak\u00a044\/2023. (V.25.) sz\u00e1m\u00fa hat\u00e1rozata\u00a0a Szervezeti \u00e9s M\u0171k\u00f6d\u00e9si Szab\u00e1lyzat egyes rendelkez\u00e9sek m\u00f3dos\u00edt\u00e1s\u00e1r\u00f3l<\/a><br \/>\n<a href=\"https:\/\/semmelweis.hu\/jogigfoig\/files\/2023\/06\/44_2023_Melleklet_1.pdf\">A Semmelweis Egyetem Szen\u00e1tus\u00e1nak 44\/2023. (V.25.) sz\u00e1m\u00fa hat\u00e1rozata a Szervezeti \u00e9s M\u0171k\u00f6d\u00e9si Szab\u00e1lyzat egyes rendelkez\u00e9sek m\u00f3dos\u00edt\u00e1s\u00e1r\u00f3l &#8211; 1. sz\u00e1m\u00fa mell\u00e9klet<\/a><br \/>\n<a href=\"https:\/\/semmelweis.hu\/jogigfoig\/files\/2023\/06\/44_2023_Melleklet_2a.pdf\">A Semmelweis Egyetem\u00a0Szen\u00e1tus\u00e1nak\u00a044\/2023. (V.25.) sz\u00e1m\u00fa hat\u00e1rozata\u00a0a Szervezeti \u00e9s M\u0171k\u00f6d\u00e9si Szab\u00e1lyzat egyes rendelkez\u00e9sek m\u00f3dos\u00edt\u00e1s\u00e1r\u00f3l &#8211; 2\/a. sz\u00e1m\u00fa mell\u00e9klet<\/a><br \/>\n<a href=\"https:\/\/semmelweis.hu\/jogigfoig\/files\/2023\/06\/44_2023_Melleklet_2b.pdf\">A Semmelweis Egyetem\u00a0Szen\u00e1tus\u00e1nak\u00a044\/2023. (V.25.) sz\u00e1m\u00fa hat\u00e1rozata\u00a0a Szervezeti \u00e9s M\u0171k\u00f6d\u00e9si Szab\u00e1lyzat egyes rendelkez\u00e9sek m\u00f3dos\u00edt\u00e1s\u00e1r\u00f3l &#8211; 2\/b. sz\u00e1m\u00fa mell\u00e9klet<\/a><br \/>\n<a href=\"https:\/\/semmelweis.hu\/jogigfoig\/files\/2023\/06\/44_2023_Melleklet_2c.pdf\">A Semmelweis Egyetem\u00a0Szen\u00e1tus\u00e1nak\u00a044\/2023. (V.25.) sz\u00e1m\u00fa hat\u00e1rozata\u00a0a Szervezeti \u00e9s M\u0171k\u00f6d\u00e9si Szab\u00e1lyzat egyes rendelkez\u00e9sek m\u00f3dos\u00edt\u00e1s\u00e1r\u00f3l &#8211; 2\/c. sz\u00e1m\u00fa mell\u00e9klet<\/a><br \/>\n<a href=\"https:\/\/semmelweis.hu\/jogigfoig\/files\/2023\/06\/44_2023_Melleklet_3.pdf\">A Semmelweis Egyetem\u00a0Szen\u00e1tus\u00e1nak\u00a044\/2023. (V.25.) sz\u00e1m\u00fa hat\u00e1rozata\u00a0a Szervezeti \u00e9s M\u0171k\u00f6d\u00e9si Szab\u00e1lyzat egyes rendelkez\u00e9sek m\u00f3dos\u00edt\u00e1s\u00e1r\u00f3l &#8211; 3. sz\u00e1m\u00fa mell\u00e9klet<\/a><br \/>\n<a href=\"https:\/\/semmelweis.hu\/jogigfoig\/files\/2023\/06\/45_2023_GYTK-Kreditatviteli-es-Oktatasi-Biz-ugyrend.pdf\">A Semmelweis Egyetem\u00a0Szen\u00e1tus\u00e1nak\u00a045\/2023. (V.25.) sz\u00e1m\u00fa hat\u00e1rozata\u00a0a Szen\u00e1tus \u00e1ltal l\u00e9trehozott \u00e9s a Gy\u00f3gyszer\u00e9sztudom\u00e1nyi Karon m\u0171k\u00f6d\u0151\u00a0Kredit\u00e1tviteli \u00e9s Oktat\u00e1si Bizotts\u00e1g \u00fcgyrendj\u00e9nek elfogad\u00e1s\u00e1r\u00f3l<\/a><br \/>\n<a href=\"https:\/\/semmelweis.hu\/jogigfoig\/files\/2023\/06\/45_2023_melleklet_GYTK-KAOB-ugyrend.pdf\">A Semmelweis Egyetem Szen\u00e1tus\u00e1nak 45\/2023. (V.25.) sz\u00e1m\u00fa hat\u00e1rozata a Szen\u00e1tus \u00e1ltal l\u00e9trehozott \u00e9s a Gy\u00f3gyszer\u00e9sztudom\u00e1nyi Karon m\u0171k\u00f6d\u0151 Kredit\u00e1tviteli \u00e9s Oktat\u00e1si Bizotts\u00e1g \u00fcgyrendj\u00e9nek elfogad\u00e1s\u00e1r\u00f3l &#8211; 1. sz\u00e1m\u00fa mell\u00e9klet<\/a><br \/>\n<a href=\"https:\/\/semmelweis.hu\/jogigfoig\/files\/2023\/06\/46_2023_EKK_EMK_egeszsegugyi_adattudomany_MSc_inditas.pdf\">A Semmelweis Egyetem\u00a0Szen\u00e1tus\u00e1nak\u00a046\/2023. (V.25.) sz\u00e1m\u00fa hat\u00e1rozata\u00a0az Eg\u00e9szs\u00e9g\u00fcgyi K\u00f6zszolg\u00e1lati Kar Eg\u00e9szs\u00e9g\u00fcgyi Menedzserk\u00e9pz\u0151 K\u00f6zpont\u00a0eg\u00e9szs\u00e9g\u00fcgyi adattudom\u00e1ny mesterk\u00e9pz\u00e9si szak ind\u00edt\u00e1s\u00e1r\u00f3l<\/a><br \/>\n<a href=\"https:\/\/semmelweis.hu\/jogigfoig\/files\/2023\/06\/46_2023_Melleklet.pdf\">A Semmelweis Egyetem Szen\u00e1tus\u00e1nak 46\/2023. (V.25.) sz\u00e1m\u00fa hat\u00e1rozata az Eg\u00e9szs\u00e9g\u00fcgyi K\u00f6zszolg\u00e1lati Kar Eg\u00e9szs\u00e9g\u00fcgyi Menedzserk\u00e9pz\u0151 K\u00f6zpont eg\u00e9szs\u00e9g\u00fcgyi adattudom\u00e1ny mesterk\u00e9pz\u00e9si szak ind\u00edt\u00e1s\u00e1r\u00f3l &#8211; 1. sz\u00e1m\u00fa mell\u00e9klet<\/a><br \/>\n<a href=\"https:\/\/semmelweis.hu\/jogigfoig\/files\/2023\/06\/47_2023_EKK_EMK_EMBM_MSc_inditas.pdf\">A Semmelweis Egyetem\u00a0Szen\u00e1tus\u00e1nak\u00a047\/2023. (V.25.) sz\u00e1m\u00fa hat\u00e1rozata\u00a0az Eg\u00e9szs\u00e9g\u00fcgyi K\u00f6zszolg\u00e1lati Kar Eg\u00e9szs\u00e9g\u00fcgyi Menedzserk\u00e9pz\u0151 K\u00f6zpont eg\u00e9szs\u00e9g\u00fcgyi-min\u0151s\u00e9g\u00fcgyi \u00e9s betegbiztons\u00e1gi menedzsment mesterk\u00e9pz\u00e9si szak ind\u00edt\u00e1s\u00e1r\u00f3l<\/a><br \/>\n<a href=\"https:\/\/semmelweis.hu\/jogigfoig\/files\/2023\/06\/47_2023_Melleklet.pdf\">A Semmelweis Egyetem Szen\u00e1tus\u00e1nak 47\/2023. (V.25.) sz\u00e1m\u00fa hat\u00e1rozata az Eg\u00e9szs\u00e9g\u00fcgyi K\u00f6zszolg\u00e1lati Kar Eg\u00e9szs\u00e9g\u00fcgyi Menedzserk\u00e9pz\u0151 K\u00f6zpont eg\u00e9szs\u00e9g\u00fcgyi-min\u0151s\u00e9g\u00fcgyi \u00e9s betegbiztons\u00e1gi menedzsment mesterk\u00e9pz\u00e9si szak ind\u00edt\u00e1s\u00e1r\u00f3l &#8211; 1. sz\u00e1m\u00fa mell\u00e9klet<\/a><br \/>\n<a href=\"https:\/\/semmelweis.hu\/jogigfoig\/files\/2023\/06\/48_2023_Doktori-Szabalyzat-es-mellekleteinek-modositasa_.pdf\">A Semmelweis Egyetem\u00a0Szen\u00e1tus\u00e1nak\u00a048\/2023. (V.25.) sz\u00e1m\u00fa hat\u00e1rozata\u00a0a Doktori Szab\u00e1lyzat \u00e9s mell\u00e9kleteinek m\u00f3dos\u00edt\u00e1s\u00e1r\u00f3l<\/a><br \/>\n<a href=\"https:\/\/semmelweis.hu\/jogigfoig\/files\/2023\/06\/48_2023_DOK-egyetertes_.pdf\">A Semmelweis Egyetem Szen\u00e1tus\u00e1nak 48\/2023. (V.25.) sz\u00e1m\u00fa hat\u00e1rozata a Doktori Szab\u00e1lyzat \u00e9s mell\u00e9kleteinek m\u00f3dos\u00edt\u00e1s\u00e1r\u00f3l &#8211; Doktorandusz \u00d6nkorm\u00e1nyzat egyet\u00e9rt\u00e9s<\/a><br \/>\n<a href=\"https:\/\/semmelweis.hu\/jogigfoig\/files\/2023\/06\/48_2023_1-sz-melleklet_.pdf\">A Semmelweis Egyetem Szen\u00e1tus\u00e1nak 48\/2023. (V.25.) sz\u00e1m\u00fa hat\u00e1rozata a Doktori Szab\u00e1lyzat \u00e9s mell\u00e9kleteinek m\u00f3dos\u00edt\u00e1s\u00e1r\u00f3l &#8211; 1. sz\u00e1m\u00fa mell\u00e9klet<\/a><br \/>\n<a href=\"https:\/\/semmelweis.hu\/jogigfoig\/files\/2023\/06\/48_2023_2a-melleklet_.pdf\">A Semmelweis Egyetem Szen\u00e1tus\u00e1nak 48\/2023. (V.25.) sz\u00e1m\u00fa hat\u00e1rozata a Doktori Szab\u00e1lyzat \u00e9s mell\u00e9kleteinek m\u00f3dos\u00edt\u00e1s\u00e1r\u00f3l &#8211; 2\/a. sz\u00e1m\u00fa mell\u00e9klet<\/a><br \/>\n<a href=\"https:\/\/semmelweis.hu\/jogigfoig\/files\/2023\/06\/48_2023_2b-melleklet_.pdf\">A Semmelweis Egyetem Szen\u00e1tus\u00e1nak 48\/2023. (V.25.) sz\u00e1m\u00fa hat\u00e1rozata a Doktori Szab\u00e1lyzat \u00e9s mell\u00e9kleteinek m\u00f3dos\u00edt\u00e1s\u00e1r\u00f3l &#8211; 2\/b. sz\u00e1m\u00fa mell\u00e9klet<\/a><br \/>\n<a href=\"https:\/\/semmelweis.hu\/jogigfoig\/files\/2023\/06\/49_2023_Prof-Emeritus-cim.pdf\">A Semmelweis Egyetem\u00a0Szen\u00e1tus\u00e1nak\u00a049\/2023. (V.25.) sz\u00e1m\u00fa hat\u00e1rozata\u00a0a Professor Emeritus c\u00edm oda\u00edt\u00e9l\u00e9s\u00e9r\u0151l<\/a><br \/>\n<a href=\"https:\/\/semmelweis.hu\/jogigfoig\/files\/2023\/06\/50_2023_arany-pecsetgyuru.pdf\">A Semmelweis Egyetem\u00a0Szen\u00e1tus\u00e1nak\u00a050\/2023. (V.25.) sz\u00e1m\u00fa hat\u00e1rozata\u00a0az Egyetem c\u00edmer\u00e9vel d\u00edsz\u00edtett arany pecs\u00e9tgy\u0171r\u0171 kit\u00fcntet\u00e9s adom\u00e1nyoz\u00e1s\u00e1r\u00f3l<\/a><br \/>\n<a href=\"https:\/\/semmelweis.hu\/jogigfoig\/files\/2023\/06\/51_2023_aktualis-vezetoi-palyazatok.pdf\">A Semmelweis Egyetem\u00a0Szen\u00e1tus\u00e1nak\u00a051\/2023. (V.25.) sz\u00e1m\u00fa hat\u00e1rozata\u00a0az aktu\u00e1lis vezet\u0151i p\u00e1ly\u00e1zatok v\u00e9lem\u00e9nyez\u00e9s\u00e9r\u0151l<\/a><\/p>\n","protected":false},"author":101467,"featured_media":0,"parent":86448,"menu_order":5,"comment_status":"closed","ping_status":"closed","template":"","meta":{"_acf_changed":false,"footnotes":""},"categories":[],"tags":[],"class_list":["post-87613","page","type-page","status-publish","hentry"],"acf":[],"_links":{"self":[{"href":"https:\/\/semmelweis.hu\/jogigfoig\/wp-json\/wp\/v2\/pages\/87613","targetHints":{"allow":["GET"]}}],"collection":[{"href":"https:\/\/semmelweis.hu\/jogigfoig\/wp-json\/wp\/v2\/pages"}],"about":[{"href":"https:\/\/semmelweis.hu\/jogigfoig\/wp-json\/wp\/v2\/types\/page"}],"author":[{"embeddable":true,"href":"https:\/\/semmelweis.hu\/jogigfoig\/wp-json\/wp\/v2\/users\/101467"}],"replies":[{"embeddable":true,"href":"https:\/\/semmelweis.hu\/jogigfoig\/wp-json\/wp\/v2\/comments?post=87613"}],"version-history":[{"count":5,"href":"https:\/\/semmelweis.hu\/jogigfoig\/wp-json\/wp\/v2\/pages\/87613\/revisions"}],"predecessor-version":[{"id":87676,"href":"https:\/\/semmelweis.hu\/jogigfoig\/wp-json\/wp\/v2\/pages\/87613\/revisions\/87676"}],"up":[{"embeddable":true,"href":"https:\/\/semmelweis.hu\/jogigfoig\/wp-json\/wp\/v2\/pages\/86448"}],"wp:attachment":[{"href":"https:\/\/semmelweis.hu\/jogigfoig\/wp-json\/wp\/v2\/media?parent=87613"}],"wp:term":[{"taxonomy":"category","embeddable":true,"href":"https:\/\/semmelweis.hu\/jogigfoig\/wp-json\/wp\/v2\/categories?post=87613"},{"taxonomy":"post_tag","embeddable":true,"href":"https:\/\/semmelweis.hu\/jogigfoig\/wp-json\/wp\/v2\/tags?post=87613"}],"curies":[{"name":"wp","href":"https:\/\/api.w.org\/{rel}","templated":true}]}}